-- https://www.phpmyadmin.net/
--
-- Tempo de geração: 18-Dez-2025 às 18:51
-- Versão do servidor: 10.4.32-MariaDB
-- versão do PHP: 8.2.12

START TRANSACTION;



--
-- Banco de dados: `agencia`
--

-- --------------------------------------------------------

--
-- Estrutura da tabela `acessos`
--

CREATE TABLE `acessos` (
  `id` int(11) NOT NULL,
  `nome` varchar(50) NOT NULL,
  `chave` varchar(50) NOT NULL,
  `grupo` int(11) NOT NULL,
  `pagina` varchar(5) DEFAULT NULL
) ENGINE=InnoDB DEFAULT CHARSET=utf8 COLLATE=utf8_general_ci;

--
-- Extraindo dados da tabela `acessos`
--

INSERT INTO `acessos` (`id`, `nome`, `chave`, `grupo`, `pagina`) VALUES
(1, 'Home', 'home', 0, 'Sim'),
(2, 'Configurações', 'configuracoes', 0, 'Não'),
(3, 'Usuários', 'usuarios', 1, 'Sim'),
(4, 'Acessos', 'acessos', 2, 'Sim'),
(5, 'Grupos Acesso', 'grupo_acessos', 2, 'Sim'),
(8, 'Funcionários', 'funcionarios', 1, 'Sim'),
(9, 'Fornecedores', 'fornecedores', 1, 'Sim'),
(10, 'Formas de Pagamento', 'formas_pgto', 2, 'Sim'),
(11, 'Cargos', 'cargos', 2, 'Sim'),
(12, 'Frequências', 'frequencias', 2, 'Sim'),
(13, 'Contas à Receber', 'receber', 4, 'Sim'),
(14, 'Contas à Pagar', 'pagar', 4, 'Sim'),
(15, 'Clientes', 'clientes', 1, 'Sim'),
(16, 'Relatório Financeiro', 'rel_financeiro', 4, 'Não'),
(17, 'Relatório Sintético Despesas', 'rel_sintetico_despesas', 4, 'Não'),
(18, 'Relatório Sintético Receber', 'rel_sintetico_receber', 4, 'Não'),
(19, 'Relatório Balanço Anual', 'rel_balanco', 4, 'Não'),
(23, 'Caixas', 'caixas', 7, 'Sim'),
(24, 'Relatório De Caixas', 'rel_caixas', 7, 'Não'),
(25, 'Tarefas', 'tarefas', 32, 'Sim'),
(26, 'Lançar Tarefas', 'lancar_tarefas', 32, 'Não'),
(27, 'Relatório Inadimplentes', 'rel_inadimplementes', 4, 'Não'),
(37, 'Mensalidades', 'mensalidades', 0, 'Sim'),
(38, 'Dispositivos', 'dispositivos', 0, 'Sim'),
(39, 'Editar Baixa Conta', 'editar_conta_paga', 0, 'Não'),
(40, 'Marketing', 'marketing', 30, 'Sim'),
(41, 'Chamados', 'chamados', 0, 'Sim'),
(43, 'Modelos de Contratos', 'modelos_contratos', 29, 'Sim'),
(44, 'Gerar Contratos', 'rel_contratos', 29, 'Sim'),
(47, 'Serviços', 'servicos', 2, 'Sim'),
(59, 'Orçamentos', 'orcamentos', 31, 'Sim'),
(61, 'Comissões', 'comissoes', 4, 'Sim'),
(62, 'Minhas Comissões', 'minhas_comissoes', 4, 'Sim'),
(63, 'RH', 'rh', 0, 'Sim'),
(64, 'Dados do Site', 'site', 0, 'Sim'),
(66, 'Grupos disparos', 'grupos_disparos', 30, 'Sim'),
(67, 'Listar Contratos', 'listar_contratos', 29, 'Sim'),
(68, 'Orçamentos Pendentes', 'orcamentos_pendentes', 31, 'Sim'),
(69, 'Orçamentos Aprovados', 'orcamentos_aprovados', 31, 'Sim'),
(70, 'Orçamentos Vencidos', 'orcamentos_vencidos', 31, 'Sim'),
(71, 'Tarefas Clientes', 'tarefas_clientes', 32, 'Sim'),
(81, 'Pacotes / Viagens', 'pacotes', 2, 'Sim'),
(82, 'Viagens', 'viagens', 34, 'Sim'),
(83, 'Viagens Personalizadas', 'viagens_personalizadas', 34, 'Sim');

-- --------------------------------------------------------

--
-- Estrutura da tabela `acessos_sas`
--

CREATE TABLE `acessos_sas` (
  `id` int(11) NOT NULL,
  `nome` varchar(50) NOT NULL,
  `chave` varchar(50) NOT NULL,
  `grupo` int(11) NOT NULL,
  `pagina` varchar(5) DEFAULT NULL
) ENGINE=InnoDB DEFAULT CHARSET=utf8 COLLATE=utf8_general_ci;

--
-- Extraindo dados da tabela `acessos_sas`
--

INSERT INTO `acessos_sas` (`id`, `nome`, `chave`, `grupo`, `pagina`) VALUES
(1, 'Home', 'home', 0, 'Sim'),
(2, 'Configurações', 'configuracoes', 0, 'Não'),
(3, 'Usuários', 'usuarios', 1, 'Sim'),
(4, 'Acessos', 'acessos', 2, 'Sim'),
(5, 'Grupos Acesso', 'grupo_acessos', 2, 'Sim'),
(9, 'Fornecedores', 'fornecedores', 1, 'Sim'),
(10, 'Formas de Pagamento', 'formas_pgto', 2, 'Sim'),
(11, 'Cargos', 'cargos', 2, 'Sim'),
(12, 'Frequências', 'frequencias', 2, 'Sim'),
(13, 'Contas à Receber', 'receber', 4, 'Sim'),
(14, 'Contas à Pagar', 'pagar', 4, 'Sim'),
(15, 'Clientes', 'clientes', 1, 'Sim'),
(16, 'Relatório Financeiro', 'rel_financeiro', 4, 'Não'),
(17, 'Relatório Sintético Despesas', 'rel_sintetico_despesas', 4, 'Não'),
(18, 'Relatório Sintético Receber', 'rel_sintetico_receber', 4, 'Não'),
(19, 'Relatório Balanço Anual', 'rel_balanco', 4, 'Não'),
(23, 'Caixas', 'caixas', 7, 'Sim'),
(24, 'Relatório De Caixas', 'rel_caixas', 7, 'Não'),
(25, 'Tarefas', 'tarefas', 0, 'Sim'),
(26, 'Lançar Tarefas', 'lancar_tarefas', 0, 'Não'),
(27, 'Relatório Inadimplentes', 'rel_inadimplementes', 4, 'Não'),
(38, 'Dispositivos', 'dispositivos', 0, 'Sim'),
(39, 'Recursos Sistema', 'recursos', 2, 'Sim'),
(40, 'Planos', 'planos', 0, 'Sim'),
(41, 'Site', 'site', 0, 'Sim');

-- --------------------------------------------------------

--
-- Estrutura da tabela `anotacoes`
--

CREATE TABLE `anotacoes` (
  `id` int(11) NOT NULL,
  `titulo` varchar(250) NOT NULL,
  `msg` text NOT NULL,
  `usuario` int(11) NOT NULL,
  `data` date NOT NULL,
  `mostrar_home` varchar(5) NOT NULL,
  `privado` varchar(5) NOT NULL,
  `empresa` int(11) DEFAULT NULL
) ENGINE=InnoDB DEFAULT CHARSET=utf8mb4 COLLATE=utf8mb4_general_ci;

--
-- Extraindo dados da tabela `anotacoes`
--

INSERT INTO `anotacoes` (`id`, `titulo`, `msg`, `usuario`, `data`, `mostrar_home`, `privado`, `empresa`) VALUES
(1, 'Ligar para Cliente', '<p>Ligar para o Carlão e ver se ele vai viajar para o Egito</p>', 1, '2025-12-16', 'Sim ', 'Não', 1);

-- --------------------------------------------------------

--
-- Estrutura da tabela `arquivos`
--

CREATE TABLE `arquivos` (
  `id` int(11) NOT NULL,
  `nome` varchar(50) DEFAULT NULL,
  `descricao` varchar(100) DEFAULT NULL,
  `arquivo` varchar(100) DEFAULT NULL,
  `data_cad` date NOT NULL,
  `registro` varchar(50) DEFAULT NULL,
  `id_reg` int(11) NOT NULL,
  `usuario` int(11) NOT NULL
) ENGINE=InnoDB DEFAULT CHARSET=utf8 COLLATE=utf8_general_ci;

--
-- Extraindo dados da tabela `arquivos`
--

INSERT INTO `arquivos` (`id`, `nome`, `descricao`, `arquivo`, `data_cad`, `registro`, `id_reg`, `usuario`) VALUES
(5, 'fdsfds fdsafdas', NULL, '01-09-2025-18-33-28-20210813_143916.png', '2025-09-01', 'Conta à Pagar', 2, 1),
(8, 'Comprovante de Residência', NULL, '02-09-2025-18-02-53-passeio-de-quadriciclo-na-capadocia_219717-6190.png', '2025-09-02', 'Viagem Personalizada', 1, 1),
(9, 'Comprovante de Residência', NULL, '02-09-2025-18-02-53-passeio-de-quadriciclo-na-capadocia_219717-6190.png', '2025-09-02', 'Cliente', 1, 1),
(11, 'setetert', NULL, '02-09-2025-18-03-52-20210813_143916.jpg', '2025-09-02', 'Cliente', 1, 1);

-- --------------------------------------------------------

--
-- Estrutura da tabela `caixas`
--

CREATE TABLE `caixas` (
  `id` int(11) NOT NULL,
  `operador` int(11) NOT NULL,
  `data_abertura` date NOT NULL,
  `data_fechamento` date DEFAULT NULL,
  `valor_abertura` decimal(8,2) NOT NULL,
  `valor_fechamento` decimal(8,2) DEFAULT NULL,
  `quebra` decimal(8,2) DEFAULT NULL,
  `usuario_abertura` int(11) NOT NULL,
  `usuario_fechamento` int(11) DEFAULT NULL,
  `obs` varchar(255) DEFAULT NULL,
  `sangrias` decimal(8,2) DEFAULT NULL,
  `empresa` int(11) DEFAULT NULL
) ENGINE=InnoDB DEFAULT CHARSET=utf8 COLLATE=utf8_general_ci;

-- --------------------------------------------------------

--
-- Estrutura da tabela `cargos`
--

CREATE TABLE `cargos` (
  `id` int(11) NOT NULL,
  `nome` varchar(50) NOT NULL,
  `empresa` int(11) DEFAULT NULL
) ENGINE=InnoDB DEFAULT CHARSET=utf8 COLLATE=utf8_general_ci;

--
-- Extraindo dados da tabela `cargos`
--

INSERT INTO `cargos` (`id`, `nome`, `empresa`) VALUES
(1, 'Administrador', NULL),
(2, 'Comum', NULL),
(5, 'Faxineiro', NULL),
(56, 'Gerente', 1),
(58, 'Gerente', 2),
(59, 'Financeiro', 2),
(60, 'Administrador', 2),
(64, 'Gerente', 8),
(66, 'Técnico', 2),
(67, 'Técnico', 8),
(68, 'Técnico', 12),
(69, 'Técnico', 0),
(70, 'Técnico', 4),
(71, 'Técnico', 17),
(72, 'Técnico', 34),
(73, 'Técnico', 44),
(75, 'Administrador', 1),
(76, 'Vendedor', 1);

-- --------------------------------------------------------

--
-- Estrutura da tabela `chamados`
--

CREATE TABLE `chamados` (
  `id` int(11) NOT NULL,
  `empresa` int(11) NOT NULL,
  `data` date NOT NULL,
  `titulo` varchar(255) DEFAULT NULL,
  `texto` text DEFAULT NULL,
  `status` varchar(25) DEFAULT NULL,
  `respondido` varchar(5) DEFAULT NULL
) ENGINE=InnoDB DEFAULT CHARSET=utf8 COLLATE=utf8_general_ci;

-- --------------------------------------------------------

--
-- Estrutura da tabela `chamados_respostas`
--

CREATE TABLE `chamados_respostas` (
  `id` int(11) NOT NULL,
  `empresa` int(11) NOT NULL,
  `data` date NOT NULL,
  `hora` time NOT NULL,
  `usuario` int(11) NOT NULL,
  `texto` text NOT NULL,
  `chamado` int(11) NOT NULL
) ENGINE=InnoDB DEFAULT CHARSET=utf8 COLLATE=utf8_general_ci;

-- --------------------------------------------------------

--
-- Estrutura da tabela `clientes_recursos`
--

CREATE TABLE `clientes_recursos` (
  `id` int(11) NOT NULL,
  `empresa` int(11) DEFAULT NULL,
  `recurso` int(11) DEFAULT NULL
) ENGINE=InnoDB DEFAULT CHARSET=utf8 COLLATE=utf8_general_ci;

--
-- Extraindo dados da tabela `clientes_recursos`
--

INSERT INTO `clientes_recursos` (`id`, `empresa`, `recurso`) VALUES
(25, 8, 1),
(26, 8, 5),
(27, 8, 4),
(28, 8, 3),
(29, 8, 6),
(47, 1, 1),
(48, 1, 5),
(49, 1, 4),
(50, 1, 3),
(51, 1, 6),
(72, 21, 3),
(73, 21, 4),
(74, 21, 5),
(76, 26, 3),
(77, 27, 3),
(95, 1, 7),
(118, 44, 3),
(119, 44, 7);

-- --------------------------------------------------------

--
-- Estrutura da tabela `cobrancas`
--

CREATE TABLE `cobrancas` (
  `id` int(11) NOT NULL,
  `cliente` int(11) NOT NULL,
  `valor` decimal(8,2) NOT NULL,
  `juros` decimal(8,2) DEFAULT NULL,
  `multa` decimal(8,2) DEFAULT NULL,
  `data` date NOT NULL,
  `usuario` int(11) NOT NULL,
  `obs` varchar(255) DEFAULT NULL,
  `data_venc` date NOT NULL,
  `frequencia` varchar(25) NOT NULL,
  `valor_parcela` decimal(8,2) DEFAULT NULL,
  `descricao` varchar(50) DEFAULT NULL,
  `parcelas` int(11) DEFAULT NULL,
  `empresa` int(11) DEFAULT NULL,
  `api_pagamento_conta` varchar(50) DEFAULT NULL,
  `pgtos_aceitaveis` varchar(100) DEFAULT NULL
) ENGINE=InnoDB DEFAULT CHARSET=utf8 COLLATE=utf8_general_ci;

-- --------------------------------------------------------

--
-- Estrutura da tabela `contratos`
--

CREATE TABLE `contratos` (
  `id` int(11) NOT NULL,
  `modelo` varchar(50) NOT NULL,
  `texto` text NOT NULL,
  `mostrar_modelos` varchar(5) DEFAULT NULL,
  `empresa` int(11) DEFAULT NULL
) ENGINE=InnoDB DEFAULT CHARSET=utf8 COLLATE=utf8_general_ci;

--
-- Extraindo dados da tabela `contratos`
--

INSERT INTO `contratos` (`id`, `modelo`, `texto`, `mostrar_modelos`, `empresa`) VALUES
(3, 'Procuração', '<p class=\"\" \"\"\"msonormal\"\"\"\"\"=\"\" center\"\"=\"\" align=\"center\"><strong><span style=\"\" \"\"\"font-size:22.0pt;mso-bidi-font-size:11.0pt;line-height:115%\"\"\"\"\"=\"\"><font size=\"4\"><u>PROCURAÇÃO</u></font></span></strong></p><div><font size=\"2\"><strong>{{TEXTO DADOS}}</strong></font><strong> </strong><font size=\"2\">por este instrumento de mandato nomeia e constitui seu(ua) procurador(a) o(a) advogado(a) <strong>{{PROFISSIONAL}},</strong> para o fim de representar o(s) outorgante(s) perante qualquer Juízo, instância ouTribunal, conferindo-lhes poderes gerais da cláusula “ad judicia” e aindapoderes especiais para propor ações de qualquer natureza, inclusive penais, requerer, contestar, transigir, desistir, confessar, recorrer, representar,oferecer queixa-crime ou resposta à acusação, fazer arrazoados, requererjustificações, interpelações e/ou notificações cíveis e criminais, oferecerrepresentação criminal, produzir provas, acompanhar diligências, fazer acordosou compromissos, receber e dar quitação, requerer e levantar alvarás judiciais,indicar bens à penhora, requerer compensação tributária, nos limites previstosna legislação brasileira, podendo substabelecer com ou sem reservas de iguaispoderes, podendo, em seu nome, requerer gratuidade de justiça, tudo omais que se fizer necessário para o fiel desempenho do presente mandato, dandotudo por bom, firme e valioso.</font></div><div align=\"\" \"center\"\"\"=\"\"><br></div><div align=\"center\"><font size=\"2\">{{LOCAL}}, {{DATA}}.</font></div><div align=\"center\"><br></div><div align=\"center\"><br></div><div align=\"center\">{{ASSINATURA}}</div><div align=\"center\"><font size=\"2\">_________________________________________<br>{{NOME}}</font></div><div align=\"center\"><font size=\"2\">Outorgante</font><br></div>', NULL, 1),
(12, 'fdafsdaf', 'fdafdsafa', NULL, 0),
(16, 'Contrato emp 2', 'df fasd fdafaf <br>', NULL, 2),
(21, 'Modelo para Excursões', '<p data-start=\"224\" data-end=\"273\" style=\"text-align: center;\"><strong data-start=\"224\" data-end=\"273\">CONTRATO DE PRESTAÇÃO DE SERVIÇOS DE EXCURSÃO</strong></p><p data-start=\"275\" data-end=\"637\"><span style=\"font-size: x-small;\">Pelo presente instrumento particular de contrato de prestação de serviços turísticos, de um lado, <strong data-start=\"373\" data-end=\"393\">{{NOME EMPRESA}}</strong>, inscrita no CNPJ sob o nº <strong data-start=\"421\" data-end=\"441\">{{CNPJ EMPRESA}}</strong>, com sede à <strong data-start=\"454\" data-end=\"478\">{{ENDERECO EMPRESA}}</strong>, doravante denominada <strong data-start=\"501\" data-end=\"515\">CONTRATADA</strong>, e de outro lado, <strong data-start=\"534\" data-end=\"553\">{{TEXTO DADOS}}</strong>, doravante denominado <strong data-start=\"576\" data-end=\"591\">CONTRATANTE</strong>, têm entre si, justo e contratado o seguinte:</span></p><h3 data-start=\"644\" data-end=\"657\"><span style=\"font-size: small;\">1. OBJETO</span></h3><p data-start=\"659\" data-end=\"844\"><span style=\"font-size: x-small;\">O presente contrato tem por objeto a prestação de serviços turísticos pela CONTRATADA ao CONTRATANTE, consistindo na organização e execução da excursão com as seguintes características:</span></p><ul><li data-start=\"659\" data-end=\"844\"><span style=\"font-size: x-small;\"><strong>Destino:</strong> {{DESTINO}}&nbsp;&nbsp;</span></li><li data-start=\"659\" data-end=\"844\"><span style=\"font-size: x-small;\"><strong>Data de Início:</strong> {{DATA_INICIO}}&nbsp;&nbsp;</span></li><li data-start=\"659\" data-end=\"844\"><span style=\"font-size: x-small;\"><strong>Data de Retorno:</strong> {{DATA_FIM}}&nbsp;&nbsp;</span></li><li data-start=\"659\" data-end=\"844\"><span style=\"font-size: x-small;\"><strong>Valor Total:</strong> {{VALOR_VIAGEM}}&nbsp;&nbsp;</span></li><li data-start=\"659\" data-end=\"844\"><span style=\"font-size: x-small;\"><strong>Número de Participantes:</strong> {{PESSOAS}}</span><span style=\"font-size: x-small;\"><br><br></span></li></ul><h3 data-start=\"1035\" data-end=\"1073\"><span style=\"font-size: small;\">2. RESPONSABILIDADES DA CONTRATADA</span></h3><p data-start=\"1075\" data-end=\"1168\"><span style=\"font-size: x-small;\">2.1. Fornecer transporte adequado e regularizado para o passeio, conforme legislação vigente.</span></p><p data-start=\"1170\" data-end=\"1249\"><span style=\"font-size: x-small;\">2.2. Oferecer acompanhamento durante todo o trajeto por profissional designado.</span></p><p data-start=\"1251\" data-end=\"1356\"><span style=\"font-size: x-small;\">2.3. Informar com antecedência qualquer alteração no roteiro, horário de embarque ou estrutura da viagem.</span></p><p></p><hr data-start=\"1358\" data-end=\"1361\"><p></p><h3 data-start=\"1363\" data-end=\"1402\"><span style=\"font-size: small;\">3. RESPONSABILIDADES DO CONTRATANTE</span></h3><p data-start=\"1404\" data-end=\"1477\"><span style=\"font-size: x-small;\">3.1. Cumprir com os horários e orientações estabelecidas pela CONTRATADA.</span></p><p data-start=\"1479\" data-end=\"1592\"><span style=\"font-size: x-small;\">3.2. Apresentar-se no local de embarque munido de documentos pessoais e, se for o caso, comprovante de pagamento.</span></p><p data-start=\"1594\" data-end=\"1693\"><span style=\"font-size: x-small;\">3.3. Zelar pela boa convivência, respeitando os demais participantes e os profissionais envolvidos.</span></p><p></p><hr data-start=\"1695\" data-end=\"1698\"><p></p><h3 data-start=\"1700\" data-end=\"1716\"><span style=\"font-size: small;\">4. PAGAMENTO</span></h3><p data-start=\"1718\" data-end=\"1870\"><span style=\"font-size: x-small;\">O valor acordado de <strong data-start=\"1738\" data-end=\"1758\">{{VALOR_VIAGEM}}</strong> deverá ser pago até a data estabelecida previamente, podendo ser parcelado conforme negociação entre as partes.</span></p><p></p><hr data-start=\"1872\" data-end=\"1875\"><p></p><h3 data-start=\"1877\" data-end=\"1910\"><span style=\"font-size: small;\">5. CANCELAMENTO E DESISTÊNCIA</span></h3><p data-start=\"1912\" data-end=\"2034\"><span style=\"font-size: x-small;\">5.1. Em caso de desistência por parte do CONTRATANTE, será aplicada multa conforme política de cancelamento da CONTRATADA.</span></p><p data-start=\"2036\" data-end=\"2182\"><span style=\"font-size: x-small;\">5.2. Caso a excursão não atinja o número mínimo de participantes, a CONTRATADA poderá cancelar o evento, com devolução integral dos valores pagos.</span></p><p></p><hr data-start=\"2184\" data-end=\"2187\"><p></p><h3 data-start=\"2189\" data-end=\"2214\"><span style=\"font-size: small;\">6. DISPOSIÇÕES GERAIS</span></h3><p data-start=\"2216\" data-end=\"2343\"><span style=\"font-size: x-small;\">6.1. As partes elegem o foro da comarca de <strong data-start=\"2259\" data-end=\"2272\">{{LOCAL}}</strong> para dirimir eventuais dúvidas ou litígios decorrentes deste contrato.</span></p><p data-start=\"2345\" data-end=\"2454\"><span style=\"font-size: x-small;\">E por estarem justos e contratados, firmam o presente em duas vias de igual teor, juntamente com testemunhas.</span></p><p></p><hr data-start=\"2456\" data-end=\"2459\"><p></p><h3 data-start=\"2461\" data-end=\"2477\" style=\"text-align: center;\"><strong data-start=\"2465\" data-end=\"2477\"><span style=\"font-size: medium;\">{{DATA}}</span></strong></h3><p data-start=\"2489\" data-end=\"2534\" style=\"text-align: center;\"><strong><br></strong></p><p data-start=\"2489\" data-end=\"2534\" style=\"text-align: center;\"><strong>{{ASSINATURA}}</strong></p><p data-start=\"2489\" data-end=\"2534\" style=\"text-align: center;\"><strong style=\"font-family: Arial, Helvetica, sans-serif;\">______________________________________________________</strong></p><p data-start=\"2489\" data-end=\"2534\" style=\"text-align: center;\"><strong data-start=\"2489\" data-end=\"2501\">{{NOME}}</strong><br data-start=\"2501\" data-end=\"2504\">(Contratante)</p><br><p data-start=\"2546\" data-end=\"2581\" style=\"text-align: center;\"><strong data-start=\"2546\" data-end=\"2566\">{{NOME EMPRESA}}</strong><br data-start=\"2566\" data-end=\"2569\">(Contratada)</p><p><br></p>', NULL, 1),
(22, 'Modelo para Passeios', '<p data-start=\"467\" data-end=\"525\" style=\"text-align: center;\"><strong data-start=\"467\" data-end=\"525\">CONTRATO DE PRESTAÇÃO DE SERVIÇOS DE PASSEIO TURÍSTICO</strong></p><p data-start=\"527\" data-end=\"846\">Pelo presente instrumento particular, de um lado, {{NOME EMPRESA}}, inscrita no CNPJ sob o nº {{CNPJ EMPRESA}}, com sede à {{ENDERECO EMPRESA}}, doravante denominada CONTRATADA, e de outro lado, {{TEXTO DADOS}}, doravante denominado CONTRATANTE, ajustam entre si o presente contrato de prestação de serviços turísticos.</p><ol data-start=\"848\" data-end=\"857\"><li data-start=\"848\" data-end=\"857\"><p data-start=\"851\" data-end=\"857\"><strong>OBJETO</strong></p></li></ol><p data-start=\"859\" data-end=\"985\">A CONTRATADA compromete-se a fornecer ao CONTRATANTE o passeio denominado \"{{NOME_PACOTE}}\", com as seguintes características:</p><p data-start=\"859\" data-end=\"985\"><strong></strong></p><p><li data-start=\"659\" data-end=\"844\"><span style=\"font-size: small;\"><strong><span style=\"font-weight: normal;\"><strong>Destino</strong>: {{DESTINO}}&nbsp;&nbsp;</span></strong></span></li><li data-start=\"659\" data-end=\"844\"><span style=\"font-size: small;\"><strong><span style=\"font-weight: normal;\"><strong>Data de Início</strong>: {{DATA_INICIO}}&nbsp;&nbsp;</span></strong></span></li><li data-start=\"659\" data-end=\"844\"><span style=\"font-size: small;\"><strong><span style=\"font-weight: normal;\"><strong>Data de Retorno</strong>: {{DATA_FIM}}&nbsp;&nbsp;</span></strong></span></li><li data-start=\"659\" data-end=\"844\"><span style=\"font-size: small;\"><strong><span style=\"font-weight: normal;\"><strong>Valor Total</strong>: {{VALOR_VIAGEM}}&nbsp;&nbsp;</span></strong></span></li><li data-start=\"659\" data-end=\"844\"><span style=\"font-size: small;\"><strong><span style=\"font-weight: normal;\"><strong>Número de Participantes</strong>: {{PESSOAS}}</span></strong></span></li></p><p data-start=\"1115\" data-end=\"1136\"><strong>&nbsp; &nbsp; &nbsp; &nbsp;</strong>2<strong>. SERVIÇOS INCLUÍDOS</strong></p><p data-start=\"1138\" data-end=\"1362\">2.1. Acompanhamento por profissional responsável durante o passeio.<br data-start=\"1205\" data-end=\"1208\">2.2. Fornecimento dos equipamentos e estrutura necessária para a realização da atividade.<br data-start=\"1297\" data-end=\"1300\">2.3. Explicações prévias sobre o percurso, regras e segurança.</p><ol start=\"3\" data-start=\"1364\" data-end=\"1399\"><li data-start=\"1364\" data-end=\"1399\"><p data-start=\"1367\" data-end=\"1399\"><strong>RESPONSABILIDADES DO CONTRATANTE</strong></p></li></ol><p data-start=\"1401\" data-end=\"1633\">3.1. Comparecer ao local de embarque ou início do passeio no horário agendado.<br data-start=\"1479\" data-end=\"1482\">3.2. Utilizar os equipamentos de forma responsável, conforme instruções.<br data-start=\"1554\" data-end=\"1557\">3.3. Declarar-se em condições físicas adequadas para a atividade contratada.</p><ol start=\"4\" data-start=\"1635\" data-end=\"1647\"><li data-start=\"1635\" data-end=\"1647\"><p data-start=\"1638\" data-end=\"1647\"><strong>PAGAMENTO</strong></p></li></ol><p data-start=\"1649\" data-end=\"1780\">O valor do passeio, conforme item 1, deverá ser quitado antes do início da atividade, podendo ser parcelado mediante acordo prévio.</p><ol start=\"5\" data-start=\"1782\" data-end=\"1797\"><li data-start=\"1782\" data-end=\"1797\"><p data-start=\"1785\" data-end=\"1797\"><strong>CANCELAMENTO</strong></p></li></ol><p data-start=\"1799\" data-end=\"2151\">5.1. Cancelamentos realizados com até 48 horas de antecedência terão devolução integral do valor pago.<br data-start=\"1901\" data-end=\"1904\">5.2. Cancelamentos após esse prazo ou não comparecimento implicam perda do valor pago, salvo acordo diferente com a CONTRATADA.<br data-start=\"2031\" data-end=\"2034\">5.3. Em caso de más condições climáticas ou impedimentos operacionais, o passeio poderá ser remarcado ou reembolsado.</p><ol start=\"6\" data-start=\"2153\" data-end=\"2174\"><li data-start=\"2153\" data-end=\"2174\"><p data-start=\"2156\" data-end=\"2174\"><strong>DISPOSIÇÕES FINAIS</strong></p></li></ol><p data-start=\"2176\" data-end=\"2336\">As partes elegem o foro da comarca de {{LOCAL}} para dirimir eventuais dúvidas oriundas deste contrato. As observações específicas sobre o passeio estão abaixo:</p><p data-start=\"2338\" data-end=\"2352\">{{OBS_VIAGEM}}</p><p data-start=\"2354\" data-end=\"2430\">E por estarem de comum acordo, firmam o presente em duas vias de igual teor.</p><p data-start=\"2432\" data-end=\"2440\" style=\"text-align: center;\">{{DATA}}</p><p data-start=\"2442\" data-end=\"2456\" style=\"text-align: center;\">{{ASSINATURA}}</p><p data-start=\"2442\" data-end=\"2456\" style=\"text-align: center;\"><span style=\"font-family: Arial, Helvetica, sans-serif;\">__________________________________________</span></p><p><hr data-start=\"2458\" data-end=\"2514\" style=\"margin-left: auto; margin-right: auto;\"></p><p data-start=\"2515\" data-end=\"2539\" style=\"text-align: center;\">{{NOME}}<br data-start=\"2523\" data-end=\"2526\">(Contratante)</p><p data-start=\"2541\" data-end=\"2572\" style=\"text-align: center;\">{{NOME EMPRESA}}<br data-start=\"2557\" data-end=\"2560\">(Contratada)</p><p><br></p>', NULL, 1),
(23, 'Modelo para contrato de viagem', '<p data-start=\"180\" data-end=\"222\" style=\"text-align: center;\"><span style=\"font-size: small; font-family: Arial, Helvetica, sans-serif;\"><strong>CONTRATO DE VENDA DE PASSEIO TURÍSTICO</strong></span></p><p data-start=\"224\" data-end=\"513\"><span style=\"font-size: small; font-family: Arial, Helvetica, sans-serif;\">Pelo presente instrumento particular, de um lado, {{NOME EMPRESA}}, inscrita no CNPJ sob o nº {{CNPJ EMPRESA}}, com sede à {{ENDERECO EMPRESA}}, doravante denominada CONTRATADA, e de outro lado, {{TEXTO DADOS}}, doravante denominado CONTRATANTE, têm entre si justo e contratado o seguinte:</span></p><ol data-start=\"515\" data-end=\"536\"><li data-start=\"515\" data-end=\"536\"><p data-start=\"518\" data-end=\"536\"><span style=\"font-size: small; font-family: Arial, Helvetica, sans-serif;\"><strong>OBJETO DO CONTRATO</strong></span></p></li></ol><p data-start=\"538\" data-end=\"657\"><span style=\"font-size: small; font-family: Arial, Helvetica, sans-serif;\">A CONTRATADA prestará ao CONTRATANTE os serviços referentes à venda de passeio turístico, conforme as condições abaixo:</span></p><p data-start=\"659\" data-end=\"831\"><span style=\"font-size: small; font-family: Arial, Helvetica, sans-serif;\"><strong>Destino</strong>: {{DESTINO}}<br data-start=\"705\" data-end=\"708\"><strong>Data da Viagem</strong>: {{DATA_INICIO}}<br data-start=\"740\" data-end=\"743\"><strong>Valor Total</strong>: {{VALOR_VIAGEM}}<br data-start=\"772\" data-end=\"775\"><strong>Participantes</strong>: {{PESSOAS}}<br data-start=\"801\" data-end=\"804\"><strong>Observações</strong>: {{OBS_VIAGEM}}</span></p><ol start=\"2\" data-start=\"833\" data-end=\"867\"><li data-start=\"833\" data-end=\"867\"><p data-start=\"836\" data-end=\"867\"><span style=\"font-size: small; font-family: Arial, Helvetica, sans-serif;\"><strong>RESPONSABILIDADES DA CONTRATADA</strong></span></p></li></ol><p data-start=\"869\" data-end=\"1117\"><span style=\"font-size: small; font-family: Arial, Helvetica, sans-serif;\">2.1. Fornecer transporte (quando incluso) e condução adequada conforme descrito no pacote.<br data-start=\"959\" data-end=\"962\">2.2. Garantir a realização do passeio na data e horário combinados.<br data-start=\"1029\" data-end=\"1032\">2.3. Prestar suporte ao CONTRATANTE em caso de necessidade antes e durante o passeio.</span></p><ol start=\"3\" data-start=\"1119\" data-end=\"1154\"><li data-start=\"1119\" data-end=\"1154\"><p data-start=\"1122\" data-end=\"1154\"><span style=\"font-size: small; font-family: Arial, Helvetica, sans-serif;\"><strong>RESPONSABILIDADES DO CONTRATANTE</strong></span></p></li></ol><p data-start=\"1156\" data-end=\"1412\"><span style=\"font-size: small; font-family: Arial, Helvetica, sans-serif;\">3.1. Comparecer no local de saída no horário determinado, com documento de identificação.<br data-start=\"1245\" data-end=\"1248\">3.2. Seguir as orientações da equipe responsável durante o passeio.<br data-start=\"1315\" data-end=\"1318\">3.3. Assumir responsabilidade por condutas impróprias ou que comprometam a segurança do grupo.</span></p><ol start=\"4\" data-start=\"1414\" data-end=\"1426\"><li data-start=\"1414\" data-end=\"1426\"><p data-start=\"1417\" data-end=\"1426\"><span style=\"font-size: small; font-family: Arial, Helvetica, sans-serif;\"><strong>PAGAMENTO</strong></span></p></li></ol><p data-start=\"1428\" data-end=\"1624\"><span style=\"font-size: small; font-family: Arial, Helvetica, sans-serif;\">O CONTRATANTE se compromete a efetuar o pagamento do valor de {{VALOR_VIAGEM}} nas condições acordadas no ato da reserva. O não pagamento poderá acarretar no cancelamento da reserva sem reembolso.</span></p><ol start=\"5\" data-start=\"1626\" data-end=\"1641\"><li data-start=\"1626\" data-end=\"1641\"><p data-start=\"1629\" data-end=\"1641\"><span style=\"font-size: small; font-family: Arial, Helvetica, sans-serif;\"><strong>CANCELAMENTO</strong></span></p></li></ol><p data-start=\"1643\" data-end=\"1857\"><span style=\"font-size: small; font-family: Arial, Helvetica, sans-serif;\">5.1. Cancelamentos com até 48 horas de antecedência terão devolução parcial conforme política interna da CONTRATADA.<br data-start=\"1759\" data-end=\"1762\">5.2. Cancelamentos após esse prazo ou ausência no dia do passeio não geram direito a reembolso.</span></p><ol start=\"6\" data-start=\"1859\" data-end=\"1878\"><li data-start=\"1859\" data-end=\"1878\"><p data-start=\"1862\" data-end=\"1878\"><span style=\"font-size: small; font-family: Arial, Helvetica, sans-serif;\"><strong>CONDIÇÕES GERAIS</strong></span></p></li></ol><p data-start=\"1880\" data-end=\"2165\"><span style=\"font-size: small; font-family: Arial, Helvetica, sans-serif;\">6.1. A CONTRATADA não se responsabiliza por atrasos causados por fatores externos como trânsito, clima ou imprevistos.<br data-start=\"1998\" data-end=\"2001\">6.2. O CONTRATANTE declara estar ciente das informações do passeio, inclusive tempo de duração, regras de segurança e orientações físicas mínimas, quando aplicável.</span></p><ol start=\"7\" data-start=\"2167\" data-end=\"2174\"><li data-start=\"2167\" data-end=\"2174\"><p data-start=\"2170\" data-end=\"2174\"><span style=\"font-size: small; font-family: Arial, Helvetica, sans-serif;\"><strong>FORO</strong></span></p></li></ol><p data-start=\"2176\" data-end=\"2306\"><span style=\"font-size: small; font-family: Arial, Helvetica, sans-serif;\">Para dirimir quaisquer dúvidas oriundas deste contrato, fica eleito o foro da comarca de {{LOCAL}}, com renúncia a qualquer outro.</span></p><p data-start=\"2308\" data-end=\"2367\"><span style=\"font-size: small; font-family: Arial, Helvetica, sans-serif;\">E, por estarem de pleno acordo, firmam o presente contrato.</span></p><p data-start=\"2369\" data-end=\"2377\" style=\"text-align: center;\"><span style=\"font-size: small; font-family: Arial, Helvetica, sans-serif;\">{{DATA}}</span></p><p data-start=\"2379\" data-end=\"2393\" style=\"text-align: center;\"><span style=\"font-size: small; font-family: Arial, Helvetica, sans-serif;\">{{ASSINATURA}}</span></p><p data-start=\"2379\" data-end=\"2393\" style=\"text-align: center;\"><span style=\"font-size: small; font-family: Arial, Helvetica, sans-serif;\">___________________________________________</span></p><p></p><hr data-start=\"2395\" data-end=\"2451\" style=\"margin-left: auto; margin-right: auto;\"><p></p><p data-start=\"2452\" data-end=\"2476\" style=\"text-align: center;\"><span style=\"font-size: small; font-family: Arial, Helvetica, sans-serif;\">{{NOME}}<br data-start=\"2460\" data-end=\"2463\">(Contratante)</span></p><p data-start=\"2478\" data-end=\"2509\" style=\"text-align: center;\"><span style=\"font-size: small; font-family: Arial, Helvetica, sans-serif;\">{{NOME EMPRESA}}<br data-start=\"2494\" data-end=\"2497\">(Contratada)</span></p><p><br></p>', NULL, 1);

-- --------------------------------------------------------

--
-- Estrutura da tabela `disparos`
--

CREATE TABLE `disparos` (
  `id` int(11) NOT NULL,
  `campanha` int(11) NOT NULL,
  `cliente` int(11) NOT NULL,
  `nome` varchar(50) DEFAULT NULL,
  `telefone` varchar(25) DEFAULT NULL,
  `hora` time DEFAULT NULL,
  `empresa` int(11) DEFAULT NULL,
  `data_disparo` date DEFAULT NULL
) ENGINE=InnoDB DEFAULT CHARSET=utf8 COLLATE=utf8_general_ci;

--
-- Extraindo dados da tabela `disparos`
--

INSERT INTO `disparos` (`id`, `campanha`, `cliente`, `nome`, `telefone`, `hora`, `empresa`, `data_disparo`) VALUES
(12, 13, 1, 'Cliente 1', '(31) 99534-8118', '21:14:17', 1, '1969-12-31'),
(13, 13, 2, 'Cliente 2', '(03) 0000-0202', '21:13:27', 1, '1969-12-31'),
(14, 13, 3, 'Cliente 3', '(02) 0000-0000', '21:15:24', 1, '1969-12-31');

-- --------------------------------------------------------

--
-- Estrutura da tabela `empresas`
--

CREATE TABLE `empresas` (
  `id` int(11) NOT NULL,
  `nome` varchar(50) NOT NULL,
  `cpf` varchar(25) DEFAULT NULL,
  `telefone` varchar(20) DEFAULT NULL,
  `email` varchar(50) DEFAULT NULL,
  `endereco` varchar(100) DEFAULT NULL,
  `numero` varchar(10) DEFAULT NULL,
  `bairro` varchar(50) DEFAULT NULL,
  `cidade` varchar(50) DEFAULT NULL,
  `estado` varchar(50) DEFAULT NULL,
  `cep` varchar(20) DEFAULT NULL,
  `tipo_pessoa` varchar(15) DEFAULT NULL,
  `data_cad` date NOT NULL,
  `data_nasc` date DEFAULT NULL,
  `usuario` int(11) DEFAULT NULL,
  `complemento` varchar(100) DEFAULT NULL,
  `dias_teste` int(11) DEFAULT NULL,
  `mensalidade` decimal(8,2) DEFAULT NULL,
  `data_teste` date DEFAULT NULL,
  `ativo` varchar(5) DEFAULT NULL,
  `plano` int(11) DEFAULT NULL,
  `url_site` varchar(100) DEFAULT NULL,
  `frequencia` int(11) DEFAULT NULL,
  `dispositivos` int(11) DEFAULT NULL
) ENGINE=InnoDB DEFAULT CHARSET=utf8 COLLATE=utf8_general_ci;

--
-- Extraindo dados da tabela `empresas`
--

INSERT INTO `empresas` (`id`, `nome`, `cpf`, `telefone`, `email`, `endereco`, `numero`, `bairro`, `cidade`, `estado`, `cep`, `tipo_pessoa`, `data_cad`, `data_nasc`, `usuario`, `complemento`, `dias_teste`, `mensalidade`, `data_teste`, `ativo`, `plano`, `url_site`, `frequencia`, `dispositivos`) VALUES
(1, 'Mapin Tour', '', '(11) 99843-6728', 'empresa1@hotmail.com', 'AV. ELZA PEÇANHA DE GODOY', '61', 'VILA ELZA', 'Piracaia', 'SP', '12970-000', 'Jurídica', '2025-02-03', '1968-09-30', 1, 'CASA', 0, 180.00, NULL, 'Sim', 4, 'emp1', 30, 2);

-- --------------------------------------------------------

--
-- Estrutura da tabela `formas_pgto`
--

CREATE TABLE `formas_pgto` (
  `id` int(11) NOT NULL,
  `nome` varchar(50) NOT NULL,
  `taxa` int(11) DEFAULT NULL,
  `empresa` int(11) DEFAULT NULL
) ENGINE=InnoDB DEFAULT CHARSET=utf8 COLLATE=utf8_general_ci;

--
-- Extraindo dados da tabela `formas_pgto`
--

INSERT INTO `formas_pgto` (`id`, `nome`, `taxa`, `empresa`) VALUES
(1, 'Dinheiro', 0, NULL),
(2, 'Pix', 0, NULL),
(30, 'Cartão de Crédito 3x', 3, NULL),
(31, 'Cartão de Crédito 6x', 6, NULL),
(32, 'Cartão de Crédito 10x', 10, NULL),
(34, 'Cartão', 0, 1),
(35, 'Boleto', 0, 1),
(36, 'Pix', 0, 1),
(37, 'Dinheiro', 0, 1),
(38, 'Dinheiro', 0, 2),
(39, 'Cartão', 0, 2),
(40, 'Pix', 0, 2),
(41, 'Boleto', 0, 2),
(43, 'Cartão de Débito', 0, 0),
(44, 'Cartão de Crédito', 0, 1),
(45, 'Cartão de Débito', 0, 1),
(46, 'Cartão de Crédito', 0, 2),
(47, 'Cartão de Débito', 0, 2),
(48, 'Pix', 0, 5),
(49, 'Boleto', 0, 5),
(50, 'Cartão de Crédito', 0, 5),
(51, 'Cartão de Débito', 0, 5),
(52, 'Pix', 0, 7),
(53, 'Boleto', 0, 7),
(54, 'Cartão de Crédito', 0, 7),
(55, 'Cartão de Débito', 0, 7),
(56, 'Pix', 0, 4),
(57, 'Boleto', 0, 4),
(58, 'Cartão de Crédito', 0, 4),
(59, 'Cartão de Débito', 0, 4),
(60, 'Pix', 0, 8),
(61, 'Boleto', 0, 8),
(62, 'Cartão de Crédito', 0, 8),
(63, 'Cartão de Débito', 0, 8),
(65, 'Boleto', 0, 0),
(66, 'Cartão de Crédito', 0, 0),
(67, 'Pix', 0, 12),
(68, 'Boleto', 0, 12),
(69, 'Cartão de Crédito', 0, 12),
(70, 'Cartão de Débito', 0, 12),
(71, 'Pix', 0, 17),
(72, 'Boleto', 0, 17),
(73, 'Cartão de Crédito', 0, 17),
(74, 'Cartão de Débito', 0, 17),
(75, 'Pix', 0, 34),
(76, 'Boleto', 0, 34),
(77, 'Cartão de Crédito', 0, 34),
(78, 'Cartão de Débito', 0, 34),
(79, 'Pix', 0, 44),
(80, 'Boleto', 0, 44),
(81, 'Cartão de Crédito', 0, 44),
(82, 'Cartão de Débito', 0, 44);

-- --------------------------------------------------------

--
-- Estrutura da tabela `fornecedores`
--

CREATE TABLE `fornecedores` (
  `id` int(11) NOT NULL,
  `nome` varchar(50) NOT NULL,
  `telefone` varchar(50) NOT NULL,
  `email` varchar(50) DEFAULT NULL,
  `endereco` varchar(100) DEFAULT NULL,
  `pix` varchar(50) DEFAULT NULL,
  `data` date NOT NULL,
  `numero` varchar(10) DEFAULT NULL,
  `bairro` varchar(50) DEFAULT NULL,
  `cidade` varchar(50) DEFAULT NULL,
  `estado` varchar(50) DEFAULT NULL,
  `cep` varchar(20) DEFAULT NULL,
  `cnpj` varchar(20) DEFAULT NULL,
  `complemento` varchar(255) DEFAULT NULL,
  `tipo_chave` varchar(100) DEFAULT NULL,
  `usuario` int(11) DEFAULT NULL,
  `empresa` int(11) DEFAULT NULL
) ENGINE=InnoDB DEFAULT CHARSET=utf8 COLLATE=utf8_general_ci;

--
-- Extraindo dados da tabela `fornecedores`
--

INSERT INTO `fornecedores` (`id`, `nome`, `telefone`, `email`, `endereco`, `pix`, `data`, `numero`, `bairro`, `cidade`, `estado`, `cep`, `cnpj`, `complemento`, `tipo_chave`, `usuario`, `empresa`) VALUES
(1, 'Empresa X Bus (Buzios)', '(02) 0000-0000', 'empresax@hotmail.com', '', '', '2025-08-25', '', '', '', '', '', '', '', '', NULL, 1);

-- --------------------------------------------------------

--
-- Estrutura da tabela `frequencias`
--

CREATE TABLE `frequencias` (
  `id` int(11) NOT NULL,
  `frequencia` varchar(25) NOT NULL,
  `dias` int(11) NOT NULL,
  `empresa` int(11) DEFAULT NULL
) ENGINE=InnoDB DEFAULT CHARSET=utf8 COLLATE=utf8_general_ci;

--
-- Extraindo dados da tabela `frequencias`
--

INSERT INTO `frequencias` (`id`, `frequencia`, `dias`, `empresa`) VALUES
(2, 'Diária', 1, NULL),
(3, 'Semanal', 7, NULL),
(4, 'Mensal', 30, NULL),
(5, 'Trimestral', 90, NULL),
(6, 'Semestral', 180, NULL),
(7, 'Anual', 365, NULL),
(23, 'Diária', 1, 0),
(24, 'Diária', 1, 1),
(25, 'Semanal', 7, 1),
(26, 'Mensal', 30, 1),
(27, 'Semestral', 180, 1),
(28, 'Anual', 365, 1),
(29, 'Anual', 365, 2),
(30, 'Semestral', 180, 2),
(31, 'Mensal', 30, 2),
(32, 'Diária', 1, 2);

-- --------------------------------------------------------

--
-- Estrutura da tabela `grupos_clientes`
--

CREATE TABLE `grupos_clientes` (
  `id` int(11) NOT NULL,
  `empresa` int(11) DEFAULT NULL,
  `grupo` int(11) DEFAULT NULL,
  `cliente` int(11) DEFAULT NULL
) ENGINE=InnoDB DEFAULT CHARSET=utf8 COLLATE=utf8_general_ci;

--
-- Extraindo dados da tabela `grupos_clientes`
--

INSERT INTO `grupos_clientes` (`id`, `empresa`, `grupo`, `cliente`) VALUES
(1, 1, 1, 1),
(2, 1, 1, 3);

-- --------------------------------------------------------

--
-- Estrutura da tabela `grupos_disparos`
--

CREATE TABLE `grupos_disparos` (
  `id` int(11) NOT NULL,
  `empresa` int(11) DEFAULT NULL,
  `ativo` varchar(5) DEFAULT NULL,
  `nome` varchar(100) DEFAULT NULL
) ENGINE=InnoDB DEFAULT CHARSET=utf8 COLLATE=utf8_general_ci;

--
-- Extraindo dados da tabela `grupos_disparos`
--

INSERT INTO `grupos_disparos` (`id`, `empresa`, `ativo`, `nome`) VALUES
(1, 1, 'Sim', 'Melhores Clientes');

-- --------------------------------------------------------

--
-- Estrutura da tabela `grupo_acessos`
--

CREATE TABLE `grupo_acessos` (
  `id` int(11) NOT NULL,
  `nome` varchar(50) NOT NULL
) ENGINE=InnoDB DEFAULT CHARSET=utf8 COLLATE=utf8_general_ci;

--
-- Extraindo dados da tabela `grupo_acessos`
--

INSERT INTO `grupo_acessos` (`id`, `nome`) VALUES
(1, 'Pessoas'),
(2, 'Cadastros'),
(4, 'Financeiro'),
(7, 'Caixas'),
(29, 'Contratos'),
(30, 'Marketing'),
(31, 'Orçamentos'),
(32, 'Tarefas / Agendas / Lembretes'),
(34, 'Viagens');

-- --------------------------------------------------------

--
-- Estrutura da tabela `grupo_acessos_sas`
--

CREATE TABLE `grupo_acessos_sas` (
  `id` int(11) NOT NULL,
  `nome` varchar(25) NOT NULL
) ENGINE=InnoDB DEFAULT CHARSET=utf8 COLLATE=utf8_general_ci;

--
-- Extraindo dados da tabela `grupo_acessos_sas`
--

INSERT INTO `grupo_acessos_sas` (`id`, `nome`) VALUES
(1, 'Pessoas'),
(2, 'Cadastros'),
(4, 'Financeiro'),
(7, 'Caixas');

-- --------------------------------------------------------

--
-- Estrutura da tabela `jornada`
--

CREATE TABLE `jornada` (
  `id` int(11) NOT NULL,
  `funcionario` int(11) NOT NULL,
  `data` date NOT NULL,
  `entrada` time NOT NULL,
  `entrada_almoco` time NOT NULL,
  `saida_almoco` time NOT NULL,
  `saida` time NOT NULL,
  `total_horas` time NOT NULL,
  `intervalo` time NOT NULL,
  `hora_extra` time NOT NULL,
  `folga` varchar(5) NOT NULL,
  `feriado` varchar(5) NOT NULL,
  `falta` varchar(5) NOT NULL,
  `data_lanc` date NOT NULL,
  `usuario_lanc` int(11) NOT NULL,
  `empresa` int(11) DEFAULT NULL
) ENGINE=InnoDB DEFAULT CHARSET=utf8 COLLATE=utf8_general_ci;

-- --------------------------------------------------------

--
-- Estrutura da tabela `marketing`
--

CREATE TABLE `marketing` (
  `id` int(11) NOT NULL,
  `data` date NOT NULL,
  `data_envio` date DEFAULT NULL,
  `envios` int(11) DEFAULT NULL,
  `titulo` varchar(100) DEFAULT NULL,
  `mensagem2` text DEFAULT NULL,
  `mensagem` text DEFAULT NULL,
  `arquivo` varchar(100) DEFAULT NULL,
  `audio` varchar(100) DEFAULT NULL,
  `forma_envio` varchar(50) DEFAULT NULL,
  `documento` varchar(100) DEFAULT NULL,
  `ultimo_registro` int(11) DEFAULT NULL,
  `empresa` int(11) DEFAULT NULL,
  `dispositivo` varchar(35) DEFAULT NULL,
  `total_disparos` int(11) DEFAULT NULL
) ENGINE=InnoDB DEFAULT CHARSET=utf8mb4 COLLATE=utf8mb4_unicode_ci;

--
-- Extraindo dados da tabela `marketing`
--

INSERT INTO `marketing` (`id`, `data`, `data_envio`, `envios`, `titulo`, `mensagem2`, `mensagem`, `arquivo`, `audio`, `forma_envio`, `documento`, `ultimo_registro`, `empresa`, `dispositivo`, `total_disparos`) VALUES
(6, '2025-04-04', NULL, NULL, '📺🔥 PROMOÇÃO EXCLUSIVA 🔥📺', '📺🔥 *PROMOÇÃO EXCLUSIVA 2*🔥📺\r\n\r\n✅ Mais de 10.000 canais (incluindo esportes, filmes e séries)\r\n✅ Canais em HD, Full HD e 4K\r\n✅ Acesso a conteúdos exclusivos\r\n✅ Funciona em Smart TV, TV Box, Celular, PC e Tablet\r\n✅ Suporte rápido e garantia de estabilidade\r\n\r\n🎁 *OFERTA ESPECIAL: * Assinando agora, você mantém o preço atual e ainda ganha dias extras grátis!\r\n\r\n⚡ *TESTE GRÁTIS DISPONÍVEL!* Quer testar antes de assinar? Chame no WhatsApp e peça seu teste grátis!\r\n\r\n📲💬 Me chama no WhatsApp agora mesmo e garanta o seu\r\n\r\n\r\n🚀 _Vagas limitadas! Aproveite antes que acabe!_', '📺🔥 *PROMOÇÃO EXCLUSIVA – IPTV ILIMITADO!*🔥📺\r\n\r\n✅ Mais de 10.000 canais (incluindo esportes, filmes e séries)\r\n✅ Canais em HD, Full HD e 4K\r\n✅ Acesso a conteúdos exclusivos\r\n✅ Funciona em Smart TV, TV Box, Celular, PC e Tablet\r\n✅ Suporte rápido e garantia de estabilidade\r\n\r\n🎁 *OFERTA ESPECIAL: * Assinando agora, você mantém o preço atual e ainda ganha dias extras grátis!\r\n\r\n⚡ *TESTE GRÁTIS DISPONÍVEL!* Quer testar antes de assinar? Chame no WhatsApp e peça seu teste grátis!\r\n\r\n📲💬 Me chama no WhatsApp agora mesmo e garanta o seu\r\n\r\n\r\n🚀 _Vagas limitadas! Aproveite antes que acabe!_', '21-04-2025-11-36-31-04-03-2025-12-29-00-eupng.png', '21-04-2025-11-36-31-04-03-2025-12-29-00-13-07-2023-18-52-36-WhatsApp-Ptt-2023-07-13-at-18.34.03.ogg', NULL, '21-04-2025-11-36-31-04-03-2025-12-29-14-rel_teste_pdf.pdf', NULL, 1, NULL, 0),
(13, '2025-04-04', NULL, NULL, '🚌🌴 Passeio Incrível à Terceira Praia - Vagas Limitadas! 🌴🚌', '🚌🌴 Passeio Incrível à Terceira Praia - Vagas Limitadas! 🌴🚌\r\n\r\nOlá {cliente}, bora dar uma pausa na rotina e curtir um dia inesquecível com a gente? 😍☀️\r\nPreparamos um passeio especial pra você e sua família!\r\n\r\n📅 Data: 22/09/2025\r\n📍 Destino: Terceira Praia\r\n🕘 Saída: 09:00 | ⏰ Retorno: 15:00\r\n💵 Valor Promocional: R$ 150,00\r\n\r\nO que está incluso?\r\n✅ Transporte confortável ida e volta\r\n✅ Guia especializado\r\n✅ Fotos profissionais\r\n✅ Brinde surpresa 🎁\r\n✅ Diversão garantida!\r\n\r\n🚨 Vagas limitadas! Garanta já a sua e convide seus amigos — formando grupo, todos ganham desconto especial! 😎🎉\r\n\r\n📲 Fale com a gente agora e reserve seu lugar:', '🚌🌴 Passeio Incrível à Terceira Praia - Vagas Limitadas! 🌴🚌\r\n\r\nOlá {cliente}, bora dar uma pausa na rotina e curtir um dia inesquecível com a gente? 😍☀️\r\nPreparamos um passeio especial pra você e sua família!\r\n\r\n📅 Data: 22/09/2025\r\n📍 Destino: Terceira Praia\r\n🕘 Saída: 09:00 | ⏰ Retorno: 15:00\r\n💵 Valor Promocional: R$ 150,00\r\n\r\nO que está incluso?\r\n✅ Transporte confortável ida e volta\r\n✅ Guia especializado\r\n✅ Fotos profissionais\r\n✅ Brinde surpresa 🎁\r\n✅ Diversão garantida!\r\n\r\n🚨 Vagas limitadas! Garanta já a sua e convide seus amigos — formando grupo, todos ganham desconto especial! 😎🎉\r\n\r\n📲 Fale com a gente agora e reserve seu lugar:', '01-09-2025-20-22-41-20210813_143916.png', '01-09-2025-20-22-41-04-03-2025-12-29-00-13-07-2023-18-52-36-WhatsApp-Ptt-2023-07-13-at-18.34.03.ogg', 'Aniversariantes Dia', '01-09-2025-20-22-41-04-03-2025-12-29-14-rel_teste_pdf.pdf', NULL, 1, '', 3),
(17, '2025-04-21', NULL, NULL, 'fdafadsfdas ', 'fdafasdfdsa fasd fdsafasd fas👍fads😊😊a👋', 'fdafasdfdsa fasd fdsafasd fas👍fads😊😊a👋', 'sem-foto.png', '', NULL, 'sem-foto.png', NULL, 2, NULL, NULL);

-- --------------------------------------------------------

--
-- Estrutura da tabela `pacotes`
--

CREATE TABLE `pacotes` (
  `id` int(11) NOT NULL,
  `nome` varchar(100) NOT NULL,
  `destino` varchar(100) NOT NULL,
  `descricao_curta` varchar(255) DEFAULT NULL,
  `descricao_longa` text DEFAULT NULL,
  `foto` varchar(100) DEFAULT NULL,
  `incluir_hospedagem` varchar(5) DEFAULT 'Sim',
  `incluir_transporte` varchar(5) DEFAULT 'Sim',
  `incluir_alimentacao` varchar(5) DEFAULT 'Não',
  `incluir_passeios` varchar(5) DEFAULT 'Não',
  `incluir_guia` varchar(5) DEFAULT 'Sim',
  `politicas_cancelamento` text DEFAULT NULL,
  `observacoes` text DEFAULT NULL,
  `mostrar_site` varchar(5) DEFAULT 'Sim',
  `data_cad` date NOT NULL,
  `empresa` int(11) DEFAULT NULL,
  `ativo` varchar(5) DEFAULT 'Sim',
  `valor` decimal(10,2) DEFAULT NULL
) ENGINE=InnoDB DEFAULT CHARSET=utf8 COLLATE=utf8_general_ci;

--
-- Extraindo dados da tabela `pacotes`
--

INSERT INTO `pacotes` (`id`, `nome`, `destino`, `descricao_curta`, `descricao_longa`, `foto`, `incluir_hospedagem`, `incluir_transporte`, `incluir_alimentacao`, `incluir_passeios`, `incluir_guia`, `politicas_cancelamento`, `observacoes`, `mostrar_site`, `data_cad`, `empresa`, `ativo`, `valor`) VALUES
(1, '12 Dias no Nordeste', 'Nordeste Brasileiro', 'Viva 12 dias inesquecíveis pelas praias e paisagens encantadoras do Nordeste! Um pacote completo com hospedagem, passeios, guia e muita diversão.', '<p data-start=\"466\" data-end=\"685\">Prepare-se para uma jornada incrível pelos cenários mais deslumbrantes do Nordeste brasileiro. Em 12 dias, você irá conhecer cidades encantadoras, praias paradisíacas, culinária típica e uma cultura rica em cada parada.</p>\r\n<p data-start=\"690\" data-end=\"873\">O pacote inclui hospedagem em hotéis selecionados, traslados com conforto e segurança, passeios guiados por pontos turísticos emblemáticos e tempo livre para aproveitar como preferir.</p>\r\n<p data-start=\"878\" data-end=\"1080\">Nossos destinos incluem paradas em locais como Natal (RN), João Pessoa (PB), Porto de Galinhas (PE), Recife (PE) e Maceió (AL), entre outros — sempre com suporte de guias experientes e equipe preparada.</p>\r\n<p data-start=\"1085\" data-end=\"1159\">Venha viver o melhor do Nordeste com quem entende de excursões memoráveis!</p><p><br></p>', '25-08-2025-19-52-24-nordeste.jpg', 'Sim', 'Sim', 'Sim', 'Sim', 'Sim', '<p>\r\n\r\n</p><p><li data-start=\"1476\" data-end=\"1540\"><p data-start=\"1478\" data-end=\"1540\">Cancelamentos até 30 dias antes da viagem: reembolso integral.</p>\r\n</li><li data-start=\"1541\" data-end=\"1623\">\r\n<p data-start=\"1543\" data-end=\"1623\">Cancelamentos entre 29 e 15 dias antes da viagem: retenção de 30% do valor pago.</p>\r\n</li><li data-start=\"1624\" data-end=\"1691\">\r\n<p data-start=\"1626\" data-end=\"1691\">Cancelamentos entre 14 e 7 dias antes da viagem: retenção de 50%.</p>\r\n</li>\r\n<li data-start=\"1692\" data-end=\"1755\">\r\n<p data-start=\"1694\" data-end=\"1755\">Cancelamentos com menos de 7 dias do embarque: sem reembolso.</p>\r\n</li>\r\n<li data-start=\"1756\" data-end=\"1839\">\r\n<p data-start=\"1758\" data-end=\"1839\">Em caso de desistência durante a excursão, não haverá reembolso de valores pagos.</p></li></p>', '<p>\r\n\r\n</p><p><li data-start=\"1189\" data-end=\"1231\"><p data-start=\"1191\" data-end=\"1231\">Valores por pessoa em apartamento duplo.</p>\r\n</li><li data-start=\"1232\" data-end=\"1303\">\r\n<p data-start=\"1234\" data-end=\"1303\">É necessário apresentar documento de identidade original no embarque.</p>\r\n</li><li data-start=\"1304\" data-end=\"1377\">\r\n<p data-start=\"1306\" data-end=\"1377\">Recomendado levar roupas leves, protetor solar e acessórios para praia.</p>\r\n</li>\r\n<li data-start=\"1378\" data-end=\"1433\">\r\n<p data-start=\"1380\" data-end=\"1433\">Sujeito à formação de grupo mínimo de 30 passageiros.</p></li></p>', 'Sim', '2025-08-25', 1, 'Sim', 12000.00),
(3, 'Caldas Novas', 'Caldas Novas Goiás', '6 Dias no Hotel Diroma', '', '26-08-2025-15-57-35-caldas.jpg', 'Sim', 'Sim', 'Não', 'Não', 'Sim', '', '', 'Sim', '2025-08-26', 1, 'Sim', 1600.00),
(4, 'Quadriciclo Ilha', 'Morro de São Paulo', '6 Horas de Passeio', '', '01-09-2025-12-47-49-passeio-de-quadriciclo-na-capadocia_219717-6190.png', 'Não', 'Sim', 'Não', 'Sim', 'Sim', '', '', 'Sim', '2025-09-01', 1, 'Sim', 450.00);

-- --------------------------------------------------------

--
-- Estrutura da tabela `perguntas_site`
--

CREATE TABLE `perguntas_site` (
  `id` int(11) NOT NULL,
  `titulo_pergunta` varchar(150) DEFAULT NULL,
  `descricao_pergunta` text DEFAULT NULL,
  `empresa` int(11) NOT NULL,
  `posicao_pergunta` int(11) DEFAULT NULL
) ENGINE=InnoDB DEFAULT CHARSET=utf8 COLLATE=utf8_general_ci;

--
-- Extraindo dados da tabela `perguntas_site`
--

INSERT INTO `perguntas_site` (`id`, `titulo_pergunta`, `descricao_pergunta`, `empresa`, `posicao_pergunta`) VALUES
(1, 'O que é o Getor ERP SAAS?', 'O Gestor ERP SAAS, é um sistema ERP (Enterprise Resource Planning) completo, 100% online, desenvolvido para simplificar a gestão de empresas de todos os portes. Ele integra vendas, estoque, financeiro, atendimento ao cliente e muito mais em uma única plat', 0, 1),
(3, 'Como funciona a assinatura?', 'Após escolher seu plano, você será redirecionado para o processo de pagamento. Assim que confirmado, você receberá acesso imediato ao sistema com todas as funcionalidades do pl Assim que confirmado, você receberá acesso imediato ao sistema com todas as fu', 0, 2),
(4, 'Preciso instalar algum software?', 'Não! O Gestor ERP SAAS é 100% baseado na nuvem. Você só precisa de um navegador e conexão com a internet para acessar o sistema de qualquer dispositivo, seja computador, tablet ou smartphone. ', 0, 3),
(5, 'Como funciona a integração com WhatsAppp?', 'Você conecta seu WhatsApp diretamente no sistema através de um simples QR Code. Com isso, você pode realizar campanhas de marketing com envio de disparos em massa, incluindo arquivos, textos e até mesmo áudios personalizados. Além disso, tudo que é gerado', 0, 4),
(7, 'fsdffdf', 'fdafdafaf fdf afa', 0, 5),
(8, 'Como faço para reservar uma excursão?', 'Você pode reservar sua excursão diretamente pelo site, pelo WhatsApp ou presencialmente em nosso ponto de atendimento. Após a reserva, será enviado o contrato e as formas de pagamento.', 1, 1),
(9, 'Quais formas de pagamento são aceitas?', 'Aceitamos pagamentos via PIX, boleto, transferência bancária e cartão de crédito (com parcelamento). Consulte as condições no momento da compra.', 1, 2),
(10, 'É possível parcelar o valor da viagem?', 'Sim! Você pode parcelar em até 10x sem juros no cartão ou optar por boleto com entrada. As condições podem variar por pacote.', 1, 3),
(11, 'E se eu quiser cancelar a excursão?', 'Você pode solicitar o cancelamento conforme nossa política. Cancelamentos com mais de 30 dias de antecedência garantem reembolso integral. Consulte as condições detalhadas na política de cancelamento.', 1, 4),
(12, 'As excursões têm acompanhamento de guia?', 'Sim, todos os nossos pacotes incluem guia acompanhante experiente, que acompanha o grupo desde o embarque até o retorno.', 1, 5),
(13, 'O que está incluso no valor da excursão?', 'Cada pacote tem sua especificação, mas geralmente inclui transporte executivo, hospedagem, passeios e guia. Consulte a descrição completa no pacote desejado.', 1, 6);

-- --------------------------------------------------------

--
-- Estrutura da tabela `planos`
--

CREATE TABLE `planos` (
  `id` int(11) NOT NULL,
  `nome` varchar(255) DEFAULT NULL,
  `valor` decimal(10,2) DEFAULT NULL,
  `ativo` varchar(5) DEFAULT NULL,
  `clientes` int(11) DEFAULT NULL,
  `usuarios` int(11) DEFAULT NULL,
  `dispositivos` int(11) DEFAULT NULL
) ENGINE=InnoDB DEFAULT CHARSET=utf8 COLLATE=utf8_general_ci;

--
-- Extraindo dados da tabela `planos`
--

INSERT INTO `planos` (`id`, `nome`, `valor`, `ativo`, `clientes`, `usuarios`, `dispositivos`) VALUES
(1, 'Plano Bronze', 120.00, 'Sim', 1, 1, 1),
(2, 'Plano Prata', 140.00, 'Sim', 3, 3, 2),
(3, 'Plano Ouro', 160.00, 'Sim', 7, 7, 5),
(4, 'Plano Diamante', 180.00, 'Sim', 0, 0, 10);

-- --------------------------------------------------------

--
-- Estrutura da tabela `planos_itens`
--

CREATE TABLE `planos_itens` (
  `id` int(11) NOT NULL,
  `plano` int(11) DEFAULT NULL,
  `nome` varchar(100) DEFAULT NULL
) ENGINE=InnoDB DEFAULT CHARSET=utf8 COLLATE=utf8_general_ci;

--
-- Extraindo dados da tabela `planos_itens`
--

INSERT INTO `planos_itens` (`id`, `plano`, `nome`) VALUES
(9, 1, 'Vendas, Estoque e Produtos'),
(11, 1, 'Abertura de Chamados'),
(13, 1, 'Contas à Pagar e Receber'),
(15, 1, 'Gestão de RH'),
(17, 1, 'Api do Whatsapp'),
(18, 1, 'Apis de Pagamentos'),
(20, 1, 'Painel do Cliente'),
(22, 1, 'Assinatura Digital'),
(23, 2, 'Vendas, Estoque e Produtos'),
(25, 2, 'Abertura de Chamados'),
(27, 2, 'Contas à Pagar e Receber'),
(29, 2, 'Gestão de RH'),
(31, 2, 'Api do Whatsapp'),
(32, 2, 'Api de Pagamentos'),
(34, 2, 'Painel do Cliente'),
(36, 2, 'Assinatura Digital'),
(37, 2, 'Cobranças Recorrentes'),
(38, 3, 'Vendas, Estoque e Produtos'),
(40, 3, 'Abertura de Chamados'),
(41, 3, 'Vídeo Tutoriais'),
(42, 3, 'Contas à Pagar e Receber'),
(44, 3, 'Gestão de RH'),
(46, 3, 'Api do Whatsapp'),
(47, 3, 'Api de Pagamentos'),
(49, 3, 'Painel do Cliente'),
(51, 3, 'Assinatura Digital'),
(52, 3, 'Cobranças Recorrentes'),
(53, 3, 'Gestão de Contratos'),
(54, 3, 'Orçamentos'),
(55, 4, 'Vendas, Estoque e Produtos'),
(57, 4, 'Abertura de Chamados'),
(59, 4, 'Contas à Pagar e Receber'),
(61, 4, 'Gestão de RH'),
(63, 4, 'Api do Whatsapp'),
(64, 4, 'Api de Pagamentos'),
(66, 4, 'Painel do Cliente'),
(68, 4, 'Assinatura Digital'),
(69, 4, 'Cobranças Recorrentes'),
(70, 4, 'Gestão de Contratos'),
(71, 4, 'Orçamentos'),
(72, 4, 'Ordem de Serviços'),
(73, 4, 'Marketing Whatsapp'),
(74, 1, 'Limite de 1 Cliente'),
(75, 1, 'Limite de 1 Usuário'),
(76, 2, 'Limite de 3 Clientes'),
(77, 2, 'Limite de 3 Usuários'),
(80, 4, 'Clientes Ilimitados'),
(81, 4, 'Usuários Ilimitados'),
(82, 3, 'Limite de 7 Usuários'),
(83, 3, 'Limite de 7 Clientes'),
(85, 4, '10 Dispositivos Whatsapp'),
(86, 3, '5 Dispositivos Whatsapp'),
(87, 2, '2 Dispositivos Whatsapp'),
(88, 1, '1 Dispositivos Whatsapp'),
(89, 4, 'Site'),
(90, 3, 'Site'),
(91, 2, 'Site');

-- --------------------------------------------------------

--
-- Estrutura da tabela `planos_recursos`
--

CREATE TABLE `planos_recursos` (
  `id` int(11) NOT NULL,
  `plano` int(11) DEFAULT NULL,
  `recurso` int(11) DEFAULT NULL
) ENGINE=InnoDB DEFAULT CHARSET=utf8 COLLATE=utf8_general_ci;

--
-- Extraindo dados da tabela `planos_recursos`
--

INSERT INTO `planos_recursos` (`id`, `plano`, `recurso`) VALUES
(1, 4, 1),
(5, 2, 3),
(6, 3, 3),
(7, 3, 4),
(8, 3, 5),
(9, 4, 5),
(10, 4, 4),
(11, 4, 3),
(12, 4, 6),
(13, 4, 7),
(14, 3, 7),
(15, 2, 7);

-- --------------------------------------------------------

--
-- Estrutura da tabela `plano_contas`
--

CREATE TABLE `plano_contas` (
  `id` int(11) NOT NULL,
  `nome` varchar(150) DEFAULT NULL,
  `empresa` int(11) DEFAULT NULL
) ENGINE=InnoDB DEFAULT CHARSET=utf8 COLLATE=utf8_general_ci;

--
-- Extraindo dados da tabela `plano_contas`
--

INSERT INTO `plano_contas` (`id`, `nome`, `empresa`) VALUES
(1, 'Despesas Pessoais', 1),
(2, 'Despesas Residenciais', 1),
(3, 'Despesas Empresariais', 1);

-- --------------------------------------------------------

--
-- Estrutura da tabela `prelista`
--

CREATE TABLE `prelista` (
  `id` int(11) NOT NULL,
  `empresa` int(11) DEFAULT NULL,
  `viagem` int(11) DEFAULT NULL,
  `nome` varchar(100) DEFAULT NULL,
  `telefone` varchar(30) DEFAULT NULL,
  `data` date DEFAULT NULL
) ENGINE=InnoDB DEFAULT CHARSET=utf8 COLLATE=utf8_general_ci;

--
-- Extraindo dados da tabela `prelista`
--

INSERT INTO `prelista` (`id`, `empresa`, `viagem`, `nome`, `telefone`, `data`) VALUES
(1, 1, 2, 'Hugo', '(00) 2000-0000', '2025-08-26'),
(2, 1, 2, 'Pedro', '(10) 2000-0000', '2025-08-26'),
(3, 1, 2, 'João', '(13) 0000-0000', '2025-08-26'),
(4, 1, 1, 'Marcos', '(02) 0000-0000', '2025-08-26'),
(5, 1, 1, 'Paulo', '(01) 0000-0000', '2025-08-26'),
(8, 1, 4, 'Marcos da mercearia', '(00) 0000-0000', '2025-08-27');

-- --------------------------------------------------------

--
-- Estrutura da tabela `produtos_orc`
--

CREATE TABLE `produtos_orc` (
  `id` int(11) NOT NULL,
  `produto` int(11) NOT NULL,
  `orcamento` int(11) DEFAULT NULL,
  `funcionario` int(11) NOT NULL,
  `quantidade` int(11) NOT NULL,
  `valor` decimal(8,2) NOT NULL,
  `total` decimal(8,2) NOT NULL,
  `os` int(11) DEFAULT NULL
) ENGINE=InnoDB DEFAULT CHARSET=utf8 COLLATE=utf8_general_ci;

-- --------------------------------------------------------

--
-- Estrutura da tabela `recursos`
--

CREATE TABLE `recursos` (
  `id` int(11) NOT NULL,
  `nome` varchar(50) DEFAULT NULL,
  `chave` varchar(50) DEFAULT NULL
) ENGINE=InnoDB DEFAULT CHARSET=utf8 COLLATE=utf8_general_ci;

--
-- Extraindo dados da tabela `recursos`
--

INSERT INTO `recursos` (`id`, `nome`, `chave`) VALUES
(1, 'Marketing Whatsapp', 'marketing_whats'),
(3, 'Cobranças Recorrentes', 'cobrancas_rec'),
(4, 'Gestão de Contratos', 'gestao_contratos'),
(5, 'Orçamentos', 'orcamentos_rec'),
(6, 'OS Ordens de Serviços', 'os_rec'),
(7, 'Site', 'site');

-- --------------------------------------------------------

--
-- Estrutura da tabela `recursos_site`
--

CREATE TABLE `recursos_site` (
  `id` int(11) NOT NULL,
  `titulo_recurso` varchar(150) DEFAULT NULL,
  `icone_recurso` varchar(100) DEFAULT NULL,
  `descricao_recurso` varchar(255) DEFAULT NULL,
  `empresa` int(11) NOT NULL,
  `posicao_recurso` int(11) DEFAULT NULL
) ENGINE=InnoDB DEFAULT CHARSET=utf8 COLLATE=utf8_general_ci;

--
-- Extraindo dados da tabela `recursos_site`
--

INSERT INTO `recursos_site` (`id`, `titulo_recurso`, `icone_recurso`, `descricao_recurso`, `empresa`, `posicao_recurso`) VALUES
(3, 'Aumente suas Vendas', 'fas fa-chart-line', 'Controle completo do processo de vendas, desde o orçamento até a entrega, com relatórios detalhados para tomar as melhores decisões.', 0, 1),
(4, 'Controle Financeiro', 'fas fa-coins', 'Gerencie contas a pagar e receber, fluxo de caixa, conciliação bancária e muito mais, tudo em um só lugar.', 0, 2),
(5, 'Estoque Inteligente', 'fas fa-boxes', 'Controle de estoque em tempo real, com alertas de estoque mínimo, gestão de fornecedores e controle de validade.', 0, 3),
(6, 'Atendimento ao Cliente', 'fas fa-headset', 'Integração com WhatsApp, gestão de chamados e histórico completo de interações para um atendimento personalizado.', 0, 4),
(7, 'Gestão de Equipe', 'fas fa-users-cog', 'Controle de produtividade, metas, comissões e muito mais para maximizar o desempenho da sua equipe.', 0, 5),
(8, 'Contratos e Serviços', 'fas fa-file-contract', 'Gestão completa de contratos, ordens de serviço e agendamentos para otimizar seus processos.', 0, 6),
(12, 'Roteiros Exclusivos', 'fas fa-map-marked-alt', 'Oferecemos roteiros personalizados e exclusivos para grupos e famílias.', 1, 1),
(13, 'Parcelamento Facilitado', 'fas fa-credit-card', 'Você pode parcelar sua excursão em até 10x sem juros.', 1, 2),
(14, 'Guia Acompanhante', 'fas fa-user-friends', 'Todos os nossos pacotes contam com guia acompanhante experiente.', 1, 3),
(15, 'Ônibus Executivo', 'fas fa-bus-alt', 'Conforto e segurança em veículos novos, com ar-condicionado, banheiro e Wi-Fi.', 1, 4),
(16, 'Reservas Online', 'fas fa-globe', 'Você pode reservar sua excursão diretamente pelo site, de forma prática e rápida.', 1, 5),
(17, 'Atendimento Humanizado', 'fas fa-headset', 'Suporte por telefone e WhatsApp com atendentes especializados.', 1, 6);

-- --------------------------------------------------------

--
-- Estrutura da tabela `sangrias`
--

CREATE TABLE `sangrias` (
  `id` int(11) NOT NULL,
  `usuario` int(11) NOT NULL,
  `valor` decimal(8,2) NOT NULL,
  `data` date NOT NULL,
  `hora` time NOT NULL,
  `caixa` int(11) NOT NULL
) ENGINE=InnoDB DEFAULT CHARSET=utf8 COLLATE=utf8_general_ci;

-- --------------------------------------------------------

--
-- Estrutura da tabela `servicos`
--

CREATE TABLE `servicos` (
  `id` int(11) NOT NULL,
  `nome` varchar(50) NOT NULL,
  `valor` decimal(8,2) NOT NULL,
  `comissao` int(11) DEFAULT NULL,
  `dias` int(11) NOT NULL,
  `ativo` varchar(5) NOT NULL,
  `empresa` int(11) DEFAULT NULL,
  `foto` varchar(100) DEFAULT NULL,
  `mostrar_site` varchar(5) DEFAULT NULL,
  `descricao` text DEFAULT NULL
) ENGINE=InnoDB DEFAULT CHARSET=utf8 COLLATE=utf8_general_ci;

--
-- Extraindo dados da tabela `servicos`
--

INSERT INTO `servicos` (`id`, `nome`, `valor`, `comissao`, `dias`, `ativo`, `empresa`, `foto`, `mostrar_site`, `descricao`) VALUES
(1, 'Excursão', 0.00, 10, 0, 'Sim', 1, '', 'Não', 'Serviço padrão usado em pacotes de excursão'),
(2, 'Passagem', 0.00, 5, 0, 'Sim', 1, '', 'Não', 'Venda de passagens rodoviárias ou aéreas avulsas'),
(3, 'Traslado', 0.00, 8, 0, 'Sim', 1, '', 'Não', 'Serviço de transporte entre pontos da viagem'),
(4, 'Hospedagem', 0.00, 7, 0, 'Sim', 1, '', 'Não', 'Hospedagem avulsa para clientes sem pacote completo'),
(5, 'City Tour', 0.00, 12, 0, 'Sim', 1, '', 'Não', 'Passeio turístico dentro do pacote ou avulso');

-- --------------------------------------------------------

--
-- Estrutura da tabela `servicos_orc`
--

CREATE TABLE `servicos_orc` (
  `id` int(11) NOT NULL,
  `servico` int(11) NOT NULL,
  `orcamento` int(11) DEFAULT NULL,
  `funcionario` int(11) NOT NULL,
  `quantidade` int(11) NOT NULL,
  `valor` decimal(8,2) NOT NULL,
  `total` decimal(8,2) NOT NULL,
  `os` int(11) DEFAULT NULL,
  `cliente` int(11) DEFAULT NULL,
  `data` date DEFAULT NULL,
  `equipamento` varchar(100) DEFAULT NULL,
  `modelo` varchar(100) DEFAULT NULL,
  `subtotal` decimal(8,2) DEFAULT NULL,
  `nome_servico` varchar(255) DEFAULT NULL
) ENGINE=InnoDB DEFAULT CHARSET=utf8 COLLATE=utf8_general_ci;

--
-- Extraindo dados da tabela `servicos_orc`
--

INSERT INTO `servicos_orc` (`id`, `servico`, `orcamento`, `funcionario`, `quantidade`, `valor`, `total`, `os`, `cliente`, `data`, `equipamento`, `modelo`, `subtotal`, `nome_servico`) VALUES
(1, 2, 1, 1, 1, 1450.00, 1450.00, NULL, NULL, NULL, NULL, NULL, NULL, 'Passagem Aéria Gol Confis x Salvador'),
(2, 3, 1, 1, 1, 260.00, 260.00, NULL, NULL, NULL, NULL, NULL, NULL, 'Traslado Aeroporto Hotel'),
(3, 4, 1, 1, 1, 1600.00, 1600.00, NULL, NULL, NULL, NULL, NULL, NULL, '4 Diárias Hotel 3 Estrelas (Agape Hotel)'),
(4, 5, 1, 1, 1, 260.00, 260.00, NULL, NULL, NULL, NULL, NULL, NULL, 'City Tour'),
(5, 2, 1, 1, 1, 1200.00, 1200.00, NULL, NULL, NULL, NULL, NULL, NULL, 'Passagem Área Gol Salvador x Confins'),
(6, 2, 2, 1, 2, 1800.00, 3600.00, NULL, NULL, NULL, NULL, NULL, NULL, 'Passagem'),
(7, 4, 2, 1, 1, 2000.00, 2000.00, NULL, NULL, NULL, NULL, NULL, NULL, 'Hospedagem'),
(8, 2, 3, 1, 1, 1000.00, 1000.00, NULL, NULL, NULL, NULL, NULL, NULL, 'Passagem'),
(9, 4, 3, 1, 1, 1000.00, 1000.00, NULL, NULL, NULL, NULL, NULL, NULL, 'Hospedagem'),
(10, 2, 4, 1, 2, 1100.00, 2200.00, NULL, NULL, NULL, NULL, NULL, NULL, 'Passagem Confins x Navegantes - Azul'),
(11, 3, 4, 1, 1, 300.00, 300.00, NULL, NULL, NULL, NULL, NULL, NULL, 'Traslado Aeropor Hotel e Hotel Aeroporto'),
(12, 4, 4, 1, 1, 2500.00, 2500.00, NULL, NULL, NULL, NULL, NULL, NULL, 'Hotél Balneário X - 4 Diárias com café da manhã');

-- --------------------------------------------------------

--
-- Estrutura da tabela `servicos_viagens`
--

CREATE TABLE `servicos_viagens` (
  `id` int(11) NOT NULL,
  `servico` int(11) NOT NULL,
  `viagem` int(11) DEFAULT NULL,
  `funcionario` int(11) NOT NULL,
  `quantidade` int(11) NOT NULL,
  `valor` decimal(8,2) NOT NULL,
  `total` decimal(8,2) NOT NULL,
  `cliente` int(11) DEFAULT NULL,
  `data` date DEFAULT NULL,
  `subtotal` decimal(8,2) DEFAULT NULL,
  `nome_servico` varchar(255) DEFAULT NULL
) ENGINE=InnoDB DEFAULT CHARSET=utf8 COLLATE=utf8_general_ci;

--
-- Extraindo dados da tabela `servicos_viagens`
--

INSERT INTO `servicos_viagens` (`id`, `servico`, `viagem`, `funcionario`, `quantidade`, `valor`, `total`, `cliente`, `data`, `subtotal`, `nome_servico`) VALUES
(1, 2, 1, 72, 1, 1450.00, 1450.00, 1, '2025-09-02', 0.00, 'Passagem Aéria Gol Confis x Salvador'),
(2, 3, 1, 72, 1, 260.00, 260.00, 1, '2025-09-02', 0.00, 'Traslado Aeroporto Hotel'),
(3, 4, 1, 72, 1, 1600.00, 1600.00, 1, '2025-09-02', 0.00, '4 Diárias Hotel 3 Estrelas (Agape Hotel)'),
(4, 5, 1, 72, 1, 260.00, 260.00, 1, '2025-09-02', 0.00, 'City Tour'),
(5, 2, 1, 72, 1, 1200.00, 1200.00, 1, '2025-09-02', 0.00, 'Passagem Área Gol Salvador x Confins'),
(6, 2, 2, 1, 2, 1800.00, 3600.00, NULL, NULL, NULL, 'Passagem Ida e Volta Azul (Confins x Recife) '),
(7, 3, 2, 1, 2, 200.00, 400.00, NULL, NULL, NULL, 'Traslado Aeroporto Hotel ida e volta'),
(9, 4, 2, 1, 1, 2600.00, 2600.00, NULL, NULL, NULL, 'Hotel 3 Estrelas Frente Mar (Hotel Mariza 4 noites e 5 Dias)'),
(10, 4, 3, 1, 1, 400.00, 400.00, NULL, NULL, NULL, 'Hospedagem'),
(11, 2, 7, 1, 2, 1800.00, 3600.00, 1, '2025-09-02', 0.00, 'Passagem'),
(12, 4, 7, 1, 1, 2000.00, 2000.00, 1, '2025-09-02', 0.00, 'Hospedagem'),
(13, 2, 8, 1, 1, 1000.00, 1000.00, 4, '2025-09-02', 0.00, 'Passagem'),
(14, 4, 8, 1, 1, 1000.00, 1000.00, 4, '2025-09-02', 0.00, 'Hospedagem'),
(15, 2, 9, 1, 2, 1100.00, 2200.00, 2, '2025-09-02', 0.00, 'Passagem Confins x Navegantes - Azul'),
(16, 3, 9, 1, 1, 300.00, 300.00, 2, '2025-09-02', 0.00, 'Traslado Aeropor Hotel e Hotel Aeroporto'),
(17, 4, 9, 1, 1, 2500.00, 2500.00, 2, '2025-09-02', 0.00, 'Hotél Balneário X - 4 Diárias com café da manhã');

-- --------------------------------------------------------

--
-- Estrutura da tabela `site`
--

CREATE TABLE `site` (
  `id` int(11) NOT NULL,
  `empresa` int(11) DEFAULT NULL,
  `logo` varchar(100) DEFAULT NULL,
  `titulo` varchar(255) DEFAULT NULL,
  `subtitulo` varchar(255) DEFAULT NULL,
  `botao1` varchar(80) DEFAULT NULL,
  `botao2` varchar(80) DEFAULT NULL,
  `botao3` varchar(80) DEFAULT NULL,
  `item1` varchar(100) DEFAULT NULL,
  `item2` varchar(100) DEFAULT NULL,
  `item3` varchar(100) DEFAULT NULL,
  `titulo_recursos` varchar(255) DEFAULT NULL,
  `titulo_perguntas` varchar(255) DEFAULT NULL,
  `titulo_rodape` varchar(255) DEFAULT NULL,
  `descricao_rodape` text DEFAULT NULL,
  `botao_rodape` varchar(100) DEFAULT NULL,
  `link_rodape` varchar(255) DEFAULT NULL,
  `logo_topo` varchar(5) DEFAULT NULL,
  `fundo_topo` varchar(100) DEFAULT NULL,
  `fundo_topo_mobile` varchar(100) DEFAULT NULL,
  `descricao_site` text DEFAULT NULL,
  `video_site` varchar(255) DEFAULT NULL
) ENGINE=InnoDB DEFAULT CHARSET=utf8 COLLATE=utf8_general_ci;

--
-- Extraindo dados da tabela `site`
--

INSERT INTO `site` (`id`, `empresa`, `logo`, `titulo`, `subtitulo`, `botao1`, `botao2`, `botao3`, `item1`, `item2`, `item3`, `titulo_recursos`, `titulo_perguntas`, `titulo_rodape`, `descricao_rodape`, `botao_rodape`, `link_rodape`, `logo_topo`, `fundo_topo`, `fundo_topo_mobile`, `descricao_site`, `video_site`) VALUES
(1, 0, '28-03-2025-15-23-57-03.png', 'Transforme a Gestão do Seu Negócio HOJE MESMO!', 'O Gestor ERP SAAS é a solução completa que você precisa para controlar vendas, estoque, financeiro e muito mais em um único sistema intuitivo e poderoso.', 'Começar Agora', 'Saiba Mais', 'Acessar Painel', 'Comece a usar em minutos', 'Pagamento seguro', 'Suporte dedicado', 'Por Que Escolher o Gestor ERP SAAS?', 'Perguntas Frequentes', 'Pronto para Revolucionar a Gestão do Seu Negócio?', 'Não perca mais tempo com processos manuais e desorganizados. O Gestor ERP SAAS oferece tudo que você precisa para crescer com eficiência e controle total. ', 'Começar Agora', '#plans', 'Sim', '21-04-2025-21-06-44-erp_fundo_op.png', '22-04-2025-11-11-44-erp_fundo_mobile.jpg', NULL, NULL),
(2, 1, '16-12-2025-18-05-13-Design-sem-nome-(65).png', '', '', 'Nossos Pacotes', 'Saiba Mais', 'Painel Cliente', 'Melhores Preços', 'Guias Especializados', 'Cuidado Especial', '', 'TItulo da área perguntas', 'Melhores Preços e Melhores Pacotes de Viagens', 'Somos uma agência especializada em excursões e pacotes de viagens, oferecendo experiências completas com transporte, hospedagem e passeios inclusos. Viaje com conforto, segurança e organização.', 'Confira Nossos Pacotes', '#faq-produtos', 'Não', '16-12-2025-16-56-27-Back_Pedrinhas.png', '26-08-2025-11-04-24-banner-_via.png', '<p data-start=\"232\" data-end=\"280\"><strong data-start=\"232\" data-end=\"280\">Há mais de 20 anos tornando sonhos realidade.</strong></p><p data-start=\"232\" data-end=\"280\"><strong data-start=\"232\" data-end=\"280\"><br></strong></p>\r\n<p data-start=\"282\" data-end=\"596\"><span style=\"font-weight: normal;\">Somos uma agência especializada em excursões e roteiros personalizados pelo Brasil, com foco em conforto, segurança e experiências inesquecíveis. Trabalhamos com grupos fechados, passeios culturais, viagens de lazer e roteiros sob medida, sempre com atenção total aos detalhes e à satisfação de nossos passageiros.</span></p><p><span style=\"font-weight: normal;\">\r\n</span></p><p data-start=\"598\" data-end=\"824\"><span style=\"font-weight: normal;\">Nossa equipe é formada por profissionais apaixonados por viagens, que acompanham de perto cada etapa do processo — do atendimento à execução da excursão — garantindo qualidade, comprometimento e boas memórias para toda a vida.</span></p><p><span style=\"font-weight: normal;\">\r\n</span></p><p data-start=\"826\" data-end=\"908\"><span style=\"font-weight: normal;\">Seja para descansar, explorar ou celebrar, temos o roteiro ideal para você.&nbsp;</span></p>', 'https://www.youtube.com/embed/vsvIi2j98ZE?si=iS-stCuyd-leVkY3'),
(3, 2, '01-04-2025-22-30-31-fundo_adv.jpg', 'Teste emp 2', 'dASSFDSA ', 'AFDFA ', 'DFAFAS', 'FA F', 'FDA FA', 'FDAF', 'FDAFA', '', '', '', '', '', '', NULL, NULL, NULL, NULL, NULL),
(4, 8, 'sem-foto.png', '', '', '', '', '', '', '', '', '', '', '', '', '', '', NULL, NULL, NULL, NULL, NULL);

-- --------------------------------------------------------

--
-- Estrutura da tabela `temp_texto`
--

CREATE TABLE `temp_texto` (
  `id` int(11) NOT NULL,
  `texto` text NOT NULL,
  `empresa` int(11) DEFAULT NULL,
  `cabecalho` varchar(5) DEFAULT NULL,
  `cliente` int(11) DEFAULT NULL,
  `ip` varchar(35) DEFAULT NULL,
  `data` date DEFAULT NULL,
  `hora` time DEFAULT NULL,
  `modelo` varchar(100) DEFAULT NULL,
  `assinatura` varchar(30) DEFAULT NULL,
  `conta` int(11) DEFAULT NULL
) ENGINE=InnoDB DEFAULT CHARSET=utf8 COLLATE=utf8_general_ci;

--
-- Extraindo dados da tabela `temp_texto`
--

INSERT INTO `temp_texto` (`id`, `texto`, `empresa`, `cabecalho`, `cliente`, `ip`, `data`, `hora`, `modelo`, `assinatura`, `conta`) VALUES
(1, '<h3 data-start=\"158\" data-end=\"222\"><strong data-start=\"165\" data-end=\"222\">Modelo de Contrato de Prestação de Serviço - Excursão</strong></h3><p data-start=\"224\" data-end=\"273\"><strong data-start=\"224\" data-end=\"273\">CONTRATO DE PRESTAÇÃO DE SERVIÇOS DE EXCURSÃO</strong></p><p data-start=\"275\" data-end=\"637\">Pelo presente instrumento particular de contrato de prestação de serviços turísticos, de um lado, <strong data-start=\"373\" data-end=\"393\">Empresa 1 Teste</strong>, inscrita no CNPJ sob o nº <strong data-start=\"421\" data-end=\"441\">20.000.000/0000-00</strong>, com sede à <strong data-start=\"454\" data-end=\"478\">Rua X Número 150 Bairro Teste X</strong>, doravante denominada <strong data-start=\"501\" data-end=\"515\">CONTRATADA</strong>, e de outro lado, <strong data-start=\"534\" data-end=\"553\">{{TEXTO DADOS}}</strong>, doravante denominado <strong data-start=\"576\" data-end=\"591\">CONTRATANTE</strong>, têm entre si, justo e contratado o seguinte:</p><p></p><hr data-start=\"639\" data-end=\"642\"><p></p><h3 data-start=\"644\" data-end=\"657\">1. OBJETO</h3><p data-start=\"659\" data-end=\"844\">O presente contrato tem por objeto a prestação de serviços turísticos pela CONTRATADA ao CONTRATANTE, consistindo na organização e execução da excursão com as seguintes características:</p><ul data-start=\"846\" data-end=\"1028\"><li data-start=\"846\" data-end=\"875\"><p data-start=\"848\" data-end=\"875\"><strong data-start=\"848\" data-end=\"859\">Destino</strong>: {{DESTINO}}</p></li><li data-start=\"876\" data-end=\"913\"><p data-start=\"878\" data-end=\"913\"><strong data-start=\"878\" data-end=\"896\">Data de Início</strong>: 22/09/2025</p></li><li data-start=\"914\" data-end=\"949\"><p data-start=\"916\" data-end=\"949\"><strong data-start=\"916\" data-end=\"935\">Data de Retorno</strong>: 22/09/2025</p></li><li data-start=\"950\" data-end=\"985\"><p data-start=\"952\" data-end=\"985\"><strong data-start=\"952\" data-end=\"967\">Valor Total</strong>: R$ 450,00</p></li><li data-start=\"986\" data-end=\"1028\"><p data-start=\"988\" data-end=\"1028\"><strong data-start=\"988\" data-end=\"1015\">Número de Participantes</strong>: 15</p></li></ul><p></p><hr data-start=\"1030\" data-end=\"1033\"><p></p><h3 data-start=\"1035\" data-end=\"1073\">2. RESPONSABILIDADES DA CONTRATADA</h3><p data-start=\"1075\" data-end=\"1168\">2.1. Fornecer transporte adequado e regularizado para o passeio, conforme legislação vigente.</p><p data-start=\"1170\" data-end=\"1249\">2.2. Oferecer acompanhamento durante todo o trajeto por profissional designado.</p><p data-start=\"1251\" data-end=\"1356\">2.3. Informar com antecedência qualquer alteração no roteiro, horário de embarque ou estrutura da viagem.</p><p></p><hr data-start=\"1358\" data-end=\"1361\"><p></p><h3 data-start=\"1363\" data-end=\"1402\">3. RESPONSABILIDADES DO CONTRATANTE</h3><p data-start=\"1404\" data-end=\"1477\">3.1. Cumprir com os horários e orientações estabelecidas pela CONTRATADA.</p><p data-start=\"1479\" data-end=\"1592\">3.2. Apresentar-se no local de embarque munido de documentos pessoais e, se for o caso, comprovante de pagamento.</p><p data-start=\"1594\" data-end=\"1693\">3.3. Zelar pela boa convivência, respeitando os demais participantes e os profissionais envolvidos.</p><p></p><hr data-start=\"1695\" data-end=\"1698\"><p></p><h3 data-start=\"1700\" data-end=\"1716\">4. PAGAMENTO</h3><p data-start=\"1718\" data-end=\"1870\">O valor acordado de <strong data-start=\"1738\" data-end=\"1758\">R$ 450,00</strong> deverá ser pago até a data estabelecida previamente, podendo ser parcelado conforme negociação entre as partes.</p><p></p><hr data-start=\"1872\" data-end=\"1875\"><p></p><h3 data-start=\"1877\" data-end=\"1910\">5. CANCELAMENTO E DESISTÊNCIA</h3><p data-start=\"1912\" data-end=\"2034\">5.1. Em caso de desistência por parte do CONTRATANTE, será aplicada multa conforme política de cancelamento da CONTRATADA.</p><p data-start=\"2036\" data-end=\"2182\">5.2. Caso a excursão não atinja o número mínimo de participantes, a CONTRATADA poderá cancelar o evento, com devolução integral dos valores pagos.</p><p></p><hr data-start=\"2184\" data-end=\"2187\"><p></p><h3 data-start=\"2189\" data-end=\"2214\">6. DISPOSIÇÕES GERAIS</h3><p data-start=\"2216\" data-end=\"2343\">6.1. As partes elegem o foro da comarca de <strong data-start=\"2259\" data-end=\"2272\">Belo Horizonte</strong> para dirimir eventuais dúvidas ou litígios decorrentes deste contrato.</p><p data-start=\"2345\" data-end=\"2454\">E por estarem justos e contratados, firmam o presente em duas vias de igual teor, juntamente com testemunhas.</p><p></p><hr data-start=\"2456\" data-end=\"2459\"><p></p><h3 data-start=\"2461\" data-end=\"2477\"><strong data-start=\"2465\" data-end=\"2477\">Segunda-Feira, 01 de Setembro de 2025</strong></h3><p data-start=\"2479\" data-end=\"2487\"><br><br></p><p data-start=\"2489\" data-end=\"2534\"><strong data-start=\"2489\" data-end=\"2501\">{{NOME}}</strong><br data-start=\"2501\" data-end=\"2504\">(Contratante)<br data-start=\"2517\" data-end=\"2520\"><img src=\"http://localhost/agencia/painel/images/assinaturas/.png\" alt=\"Imagem da Assinatura\"></p><p data-start=\"2536\" data-end=\"2544\"><br></p><p data-start=\"2546\" data-end=\"2581\"><strong data-start=\"2546\" data-end=\"2566\">Empresa 1 Teste</strong><br data-start=\"2566\" data-end=\"2569\">(Contratada)</p><p><br></p>', 1, 'Sim', 0, NULL, NULL, NULL, '21', '', 0),
(2, '<h3 data-start=\"158\" data-end=\"222\"><strong data-start=\"165\" data-end=\"222\">Modelo de Contrato de Prestação de Serviço - Excursão</strong></h3><p data-start=\"224\" data-end=\"273\"><strong data-start=\"224\" data-end=\"273\">CONTRATO DE PRESTAÇÃO DE SERVIÇOS DE EXCURSÃO</strong></p><p data-start=\"275\" data-end=\"637\">Pelo presente instrumento particular de contrato de prestação de serviços turísticos, de um lado, <strong data-start=\"373\" data-end=\"393\">Empresa 1 Teste</strong>, inscrita no CNPJ sob o nº <strong data-start=\"421\" data-end=\"441\">20.000.000/0000-00</strong>, com sede à <strong data-start=\"454\" data-end=\"478\">Rua X Número 150 Bairro Teste X</strong>, doravante denominada <strong data-start=\"501\" data-end=\"515\">CONTRATADA</strong>, e de outro lado, <strong data-start=\"534\" data-end=\"553\">Cliente 1, , , , nascido(a) em 27/03/1994, inscrito(a) no CPF sob o n.º , sob identidade n.º , filho de  e , residente e domiciliado(a) à , , bairro , município de  – – CEP: , email: cliente1@hotmail.com, telefone: (31) 99534-8118</strong>, doravante denominado <strong data-start=\"576\" data-end=\"591\">CONTRATANTE</strong>, têm entre si, justo e contratado o seguinte:</p><p></p><hr data-start=\"639\" data-end=\"642\"><p></p><h3 data-start=\"644\" data-end=\"657\">1. OBJETO</h3><p data-start=\"659\" data-end=\"844\">O presente contrato tem por objeto a prestação de serviços turísticos pela CONTRATADA ao CONTRATANTE, consistindo na organização e execução da excursão com as seguintes características:</p><ul data-start=\"846\" data-end=\"1028\"><li data-start=\"846\" data-end=\"875\"><p data-start=\"848\" data-end=\"875\"><strong data-start=\"848\" data-end=\"859\">Destino</strong>: Nordeste Brasileiro</p></li><li data-start=\"876\" data-end=\"913\"><p data-start=\"878\" data-end=\"913\"><strong data-start=\"878\" data-end=\"896\">Data de Início</strong>: 10/10/2025</p></li><li data-start=\"914\" data-end=\"949\"><p data-start=\"916\" data-end=\"949\"><strong data-start=\"916\" data-end=\"935\">Data de Retorno</strong>: 16/10/2025</p></li><li data-start=\"950\" data-end=\"985\"><p data-start=\"952\" data-end=\"985\"><strong data-start=\"952\" data-end=\"967\">Valor Total</strong>: R$ 12.000,00</p></li><li data-start=\"986\" data-end=\"1028\"><p data-start=\"988\" data-end=\"1028\"><strong data-start=\"988\" data-end=\"1015\">Número de Participantes</strong>: 25</p></li></ul><p></p><hr data-start=\"1030\" data-end=\"1033\"><p></p><h3 data-start=\"1035\" data-end=\"1073\">2. RESPONSABILIDADES DA CONTRATADA</h3><p data-start=\"1075\" data-end=\"1168\">2.1. Fornecer transporte adequado e regularizado para o passeio, conforme legislação vigente.</p><p data-start=\"1170\" data-end=\"1249\">2.2. Oferecer acompanhamento durante todo o trajeto por profissional designado.</p><p data-start=\"1251\" data-end=\"1356\">2.3. Informar com antecedência qualquer alteração no roteiro, horário de embarque ou estrutura da viagem.</p><p></p><hr data-start=\"1358\" data-end=\"1361\"><p></p><h3 data-start=\"1363\" data-end=\"1402\">3. RESPONSABILIDADES DO CONTRATANTE</h3><p data-start=\"1404\" data-end=\"1477\">3.1. Cumprir com os horários e orientações estabelecidas pela CONTRATADA.</p><p data-start=\"1479\" data-end=\"1592\">3.2. Apresentar-se no local de embarque munido de documentos pessoais e, se for o caso, comprovante de pagamento.</p><p data-start=\"1594\" data-end=\"1693\">3.3. Zelar pela boa convivência, respeitando os demais participantes e os profissionais envolvidos.</p><p></p><hr data-start=\"1695\" data-end=\"1698\"><p></p><h3 data-start=\"1700\" data-end=\"1716\">4. PAGAMENTO</h3><p data-start=\"1718\" data-end=\"1870\">O valor acordado de <strong data-start=\"1738\" data-end=\"1758\">R$ 12.000,00</strong> deverá ser pago até a data estabelecida previamente, podendo ser parcelado conforme negociação entre as partes.</p><p></p><hr data-start=\"1872\" data-end=\"1875\"><p></p><h3 data-start=\"1877\" data-end=\"1910\">5. CANCELAMENTO E DESISTÊNCIA</h3><p data-start=\"1912\" data-end=\"2034\">5.1. Em caso de desistência por parte do CONTRATANTE, será aplicada multa conforme política de cancelamento da CONTRATADA.</p><p data-start=\"2036\" data-end=\"2182\">5.2. Caso a excursão não atinja o número mínimo de participantes, a CONTRATADA poderá cancelar o evento, com devolução integral dos valores pagos.</p><p></p><hr data-start=\"2184\" data-end=\"2187\"><p></p><h3 data-start=\"2189\" data-end=\"2214\">6. DISPOSIÇÕES GERAIS</h3><p data-start=\"2216\" data-end=\"2343\">6.1. As partes elegem o foro da comarca de <strong data-start=\"2259\" data-end=\"2272\">Belo Horizonte</strong> para dirimir eventuais dúvidas ou litígios decorrentes deste contrato.</p><p data-start=\"2345\" data-end=\"2454\">E por estarem justos e contratados, firmam o presente em duas vias de igual teor, juntamente com testemunhas.</p><p></p><hr data-start=\"2456\" data-end=\"2459\"><p></p><h3 data-start=\"2461\" data-end=\"2477\" style=\"text-align: center;\"><strong data-start=\"2465\" data-end=\"2477\">Segunda-Feira, 01 de Setembro de 2025</strong></h3><p data-start=\"2479\" data-end=\"2487\" style=\"text-align: center;\"><br><strong></strong></p><p data-start=\"2489\" data-end=\"2534\" style=\"text-align: center;\"><strong><br></strong></p><p data-start=\"2489\" data-end=\"2534\" style=\"text-align: center;\"><strong><img src=\"http://localhost/agencia/painel/images/assinaturas/1.png\" alt=\"Imagem da Assinatura\"></strong></p><p data-start=\"2489\" data-end=\"2534\" style=\"text-align: center;\"><strong style=\"font-family: Arial, Helvetica, sans-serif;\">______________________________________________________</strong></p><p data-start=\"2489\" data-end=\"2534\" style=\"text-align: center;\"><strong data-start=\"2489\" data-end=\"2501\">Cliente 1</strong><br data-start=\"2501\" data-end=\"2504\">(Contratante)</p><br><p data-start=\"2536\" data-end=\"2544\" style=\"text-align: center;\"><br></p><p data-start=\"2546\" data-end=\"2581\" style=\"text-align: center;\"><strong data-start=\"2546\" data-end=\"2566\">Empresa 1 Teste</strong><br data-start=\"2566\" data-end=\"2569\">(Contratada)</p><p><br></p>', 1, 'Sim', 1, NULL, NULL, NULL, '21', '', 0),
(3, '<p data-start=\"224\" data-end=\"273\" style=\"text-align: center;\"><strong data-start=\"224\" data-end=\"273\">CONTRATO DE PRESTAÇÃO DE SERVIÇOS DE EXCURSÃO</strong></p><p data-start=\"275\" data-end=\"637\">Pelo presente instrumento particular de contrato de prestação de serviços turísticos, de um lado, <strong data-start=\"373\" data-end=\"393\">Empresa 1 Teste</strong>, inscrita no CNPJ sob o nº <strong data-start=\"421\" data-end=\"441\">20.000.000/0000-00</strong>, com sede à <strong data-start=\"454\" data-end=\"478\">Rua X Número 150 Bairro Teste X</strong>, doravante denominada <strong data-start=\"501\" data-end=\"515\">CONTRATADA</strong>, e de outro lado, <strong data-start=\"534\" data-end=\"553\">Cliente 1, , , , nascido(a) em 27/03/1994, inscrito(a) no CPF sob o n.º , sob identidade n.º , filho de  e , residente e domiciliado(a) à , , bairro , município de  – – CEP: , email: cliente1@hotmail.com, telefone: (31) 99534-8118</strong>, doravante denominado <strong data-start=\"576\" data-end=\"591\">CONTRATANTE</strong>, têm entre si, justo e contratado o seguinte:</p><p></p><hr data-start=\"639\" data-end=\"642\"><p></p><h3 data-start=\"644\" data-end=\"657\"><span style=\"font-size: large;\">1. OBJETO</span></h3><p data-start=\"659\" data-end=\"844\">O presente contrato tem por objeto a prestação de serviços turísticos pela CONTRATADA ao CONTRATANTE, consistindo na organização e execução da excursão com as seguintes características:</p><ul data-start=\"846\" data-end=\"1028\"><li data-start=\"846\" data-end=\"875\"><p data-start=\"848\" data-end=\"875\"><strong data-start=\"848\" data-end=\"859\">Destino</strong>: Nordeste Brasileiro</p></li><li data-start=\"846\" data-end=\"875\"><p data-start=\"848\" data-end=\"875\"><strong data-start=\"878\" data-end=\"896\">Data de Início</strong>: 10/10/2025</p></li><li data-start=\"914\" data-end=\"949\"><p data-start=\"916\" data-end=\"949\"><strong data-start=\"916\" data-end=\"935\">Data de Retorno</strong>: 16/10/2025</p></li><li data-start=\"950\" data-end=\"985\"><p data-start=\"952\" data-end=\"985\"><strong data-start=\"952\" data-end=\"967\">Valor Total</strong>: R$ 12.000,00</p></li><li data-start=\"986\" data-end=\"1028\"><p data-start=\"988\" data-end=\"1028\"><strong data-start=\"988\" data-end=\"1015\">Número de Participantes</strong>: 25</p></li></ul><p></p><hr data-start=\"1030\" data-end=\"1033\"><p></p><h3 data-start=\"1035\" data-end=\"1073\"><span style=\"font-size: large;\">2. RESPONSABILIDADES DA CONTRATADA</span></h3><p data-start=\"1075\" data-end=\"1168\">2.1. Fornecer transporte adequado e regularizado para o passeio, conforme legislação vigente.</p><p data-start=\"1170\" data-end=\"1249\">2.2. Oferecer acompanhamento durante todo o trajeto por profissional designado.</p><p data-start=\"1251\" data-end=\"1356\">2.3. Informar com antecedência qualquer alteração no roteiro, horário de embarque ou estrutura da viagem.</p><p></p><hr data-start=\"1358\" data-end=\"1361\"><p></p><h3 data-start=\"1363\" data-end=\"1402\"><span style=\"font-size: large;\">3. RESPONSABILIDADES DO CONTRATANTE</span></h3><p data-start=\"1404\" data-end=\"1477\">3.1. Cumprir com os horários e orientações estabelecidas pela CONTRATADA.</p><p data-start=\"1479\" data-end=\"1592\">3.2. Apresentar-se no local de embarque munido de documentos pessoais e, se for o caso, comprovante de pagamento.</p><p data-start=\"1594\" data-end=\"1693\">3.3. Zelar pela boa convivência, respeitando os demais participantes e os profissionais envolvidos.</p><p></p><hr data-start=\"1695\" data-end=\"1698\"><p></p><h3 data-start=\"1700\" data-end=\"1716\"><span style=\"font-size: large;\">4. PAGAMENTO</span></h3><p data-start=\"1718\" data-end=\"1870\">O valor acordado de <strong data-start=\"1738\" data-end=\"1758\">R$ 12.000,00</strong> deverá ser pago até a data estabelecida previamente, podendo ser parcelado conforme negociação entre as partes.</p><p></p><hr data-start=\"1872\" data-end=\"1875\"><p></p><h3 data-start=\"1877\" data-end=\"1910\"><span style=\"font-size: large;\">5. CANCELAMENTO E DESISTÊNCIA</span></h3><p data-start=\"1912\" data-end=\"2034\">5.1. Em caso de desistência por parte do CONTRATANTE, será aplicada multa conforme política de cancelamento da CONTRATADA.</p><p data-start=\"2036\" data-end=\"2182\">5.2. Caso a excursão não atinja o número mínimo de participantes, a CONTRATADA poderá cancelar o evento, com devolução integral dos valores pagos.</p><p></p><hr data-start=\"2184\" data-end=\"2187\"><p></p><h3 data-start=\"2189\" data-end=\"2214\"><span style=\"font-size: large;\">6. DISPOSIÇÕES GERAIS</span></h3><p data-start=\"2216\" data-end=\"2343\">6.1. As partes elegem o foro da comarca de <strong data-start=\"2259\" data-end=\"2272\">Belo Horizonte</strong> para dirimir eventuais dúvidas ou litígios decorrentes deste contrato.</p><p data-start=\"2345\" data-end=\"2454\">E por estarem justos e contratados, firmam o presente em duas vias de igual teor, juntamente com testemunhas.</p><p></p><hr data-start=\"2456\" data-end=\"2459\"><p></p><h3 data-start=\"2461\" data-end=\"2477\" style=\"text-align: center;\"><strong data-start=\"2465\" data-end=\"2477\"><span style=\"font-size: large;\">Segunda-Feira, 01 de Setembro de 2025</span></strong></h3><p data-start=\"2479\" data-end=\"2487\" style=\"text-align: center;\"><br><strong></strong></p><p data-start=\"2489\" data-end=\"2534\" style=\"text-align: center;\"><strong><br></strong></p><p data-start=\"2489\" data-end=\"2534\" style=\"text-align: center;\"><strong><img src=\"http://localhost/agencia/painel/images/assinaturas/1.png\" alt=\"Imagem da Assinatura\"></strong></p><p data-start=\"2489\" data-end=\"2534\" style=\"text-align: center;\"><strong style=\"font-family: Arial, Helvetica, sans-serif;\">______________________________________________________</strong></p><p data-start=\"2489\" data-end=\"2534\" style=\"text-align: center;\"><strong data-start=\"2489\" data-end=\"2501\">Cliente 1</strong><br data-start=\"2501\" data-end=\"2504\">(Contratante)</p><br><p data-start=\"2536\" data-end=\"2544\" style=\"text-align: center;\"><br></p><p data-start=\"2546\" data-end=\"2581\" style=\"text-align: center;\"><strong data-start=\"2546\" data-end=\"2566\">Empresa 1 Teste</strong><br data-start=\"2566\" data-end=\"2569\">(Contratada)</p><p><br></p>', 1, 'Sim', 1, NULL, NULL, NULL, '21', '', 0),
(4, '<p data-start=\"224\" data-end=\"273\" style=\"text-align: center;\"><strong data-start=\"224\" data-end=\"273\">CONTRATO DE PRESTAÇÃO DE SERVIÇOS DE EXCURSÃO</strong></p><p data-start=\"275\" data-end=\"637\"><span style=\"font-size: x-small;\">Pelo presente instrumento particular de contrato de prestação de serviços turísticos, de um lado, <strong data-start=\"373\" data-end=\"393\">Empresa 1 Teste</strong>, inscrita no CNPJ sob o nº <strong data-start=\"421\" data-end=\"441\">20.000.000/0000-00</strong>, com sede à <strong data-start=\"454\" data-end=\"478\">Rua X Número 150 Bairro Teste X</strong>, doravante denominada <strong data-start=\"501\" data-end=\"515\">CONTRATADA</strong>, e de outro lado, <strong data-start=\"534\" data-end=\"553\">Cliente 1, , , , nascido(a) em 27/03/1994, inscrito(a) no CPF sob o n.º , sob identidade n.º , filho de  e , residente e domiciliado(a) à , , bairro , município de  – – CEP: , email: cliente1@hotmail.com, telefone: (31) 99534-8118</strong>, doravante denominado <strong data-start=\"576\" data-end=\"591\">CONTRATANTE</strong>, têm entre si, justo e contratado o seguinte:</span></p><h3 data-start=\"644\" data-end=\"657\"><span style=\"font-size: small;\">1. OBJETO</span></h3><p data-start=\"659\" data-end=\"844\"><span style=\"font-size: x-small;\">O presente contrato tem por objeto a prestação de serviços turísticos pela CONTRATADA ao CONTRATANTE, consistindo na organização e execução da excursão com as seguintes características:</span></p><ul data-start=\"846\" data-end=\"1028\"><li data-start=\"846\" data-end=\"875\"><p data-start=\"848\" data-end=\"875\"><span style=\"font-size: x-small;\"><strong data-start=\"848\" data-end=\"859\">Destino</strong>: Nordeste Brasileiro</span></p></li><li data-start=\"846\" data-end=\"875\"><p data-start=\"848\" data-end=\"875\"><span style=\"font-size: x-small;\"><strong data-start=\"878\" data-end=\"896\">Data de Início</strong>: 10/10/2025</span></p></li><li data-start=\"914\" data-end=\"949\"><p data-start=\"916\" data-end=\"949\"><span style=\"font-size: x-small;\"><strong data-start=\"916\" data-end=\"935\">Data de Retorno</strong>: 16/10/2025</span></p></li><li data-start=\"950\" data-end=\"985\"><p data-start=\"952\" data-end=\"985\"><span style=\"font-size: x-small;\"><strong data-start=\"952\" data-end=\"967\">Valor Total</strong>: R$ 12.000,00</span></p></li><li data-start=\"986\" data-end=\"1028\"><p data-start=\"988\" data-end=\"1028\"><span style=\"font-size: x-small;\"><strong data-start=\"988\" data-end=\"1015\">Número de Participantes</strong>: 25</span></p></li></ul><h3 data-start=\"1035\" data-end=\"1073\"><span style=\"font-size: small;\">2. RESPONSABILIDADES DA CONTRATADA</span></h3><p data-start=\"1075\" data-end=\"1168\"><span style=\"font-size: x-small;\">2.1. Fornecer transporte adequado e regularizado para o passeio, conforme legislação vigente.</span></p><p data-start=\"1170\" data-end=\"1249\"><span style=\"font-size: x-small;\">2.2. Oferecer acompanhamento durante todo o trajeto por profissional designado.</span></p><p data-start=\"1251\" data-end=\"1356\"><span style=\"font-size: x-small;\">2.3. Informar com antecedência qualquer alteração no roteiro, horário de embarque ou estrutura da viagem.</span></p><p></p><hr data-start=\"1358\" data-end=\"1361\"><p></p><h3 data-start=\"1363\" data-end=\"1402\"><span style=\"font-size: small;\">3. RESPONSABILIDADES DO CONTRATANTE</span></h3><p data-start=\"1404\" data-end=\"1477\"><span style=\"font-size: x-small;\">3.1. Cumprir com os horários e orientações estabelecidas pela CONTRATADA.</span></p><p data-start=\"1479\" data-end=\"1592\"><span style=\"font-size: x-small;\">3.2. Apresentar-se no local de embarque munido de documentos pessoais e, se for o caso, comprovante de pagamento.</span></p><p data-start=\"1594\" data-end=\"1693\"><span style=\"font-size: x-small;\">3.3. Zelar pela boa convivência, respeitando os demais participantes e os profissionais envolvidos.</span></p><p></p><hr data-start=\"1695\" data-end=\"1698\"><p></p><h3 data-start=\"1700\" data-end=\"1716\"><span style=\"font-size: small;\">4. PAGAMENTO</span></h3><p data-start=\"1718\" data-end=\"1870\"><span style=\"font-size: x-small;\">O valor acordado de <strong data-start=\"1738\" data-end=\"1758\">R$ 12.000,00</strong> deverá ser pago até a data estabelecida previamente, podendo ser parcelado conforme negociação entre as partes.</span></p><p></p><hr data-start=\"1872\" data-end=\"1875\"><p></p><h3 data-start=\"1877\" data-end=\"1910\"><span style=\"font-size: small;\">5. CANCELAMENTO E DESISTÊNCIA</span></h3><p data-start=\"1912\" data-end=\"2034\"><span style=\"font-size: x-small;\">5.1. Em caso de desistência por parte do CONTRATANTE, será aplicada multa conforme política de cancelamento da CONTRATADA.</span></p><p data-start=\"2036\" data-end=\"2182\"><span style=\"font-size: x-small;\">5.2. Caso a excursão não atinja o número mínimo de participantes, a CONTRATADA poderá cancelar o evento, com devolução integral dos valores pagos.</span></p><p></p><hr data-start=\"2184\" data-end=\"2187\"><p></p><h3 data-start=\"2189\" data-end=\"2214\"><span style=\"font-size: small;\">6. DISPOSIÇÕES GERAIS</span></h3><p data-start=\"2216\" data-end=\"2343\"><span style=\"font-size: x-small;\">6.1. As partes elegem o foro da comarca de <strong data-start=\"2259\" data-end=\"2272\">Belo Horizonte</strong> para dirimir eventuais dúvidas ou litígios decorrentes deste contrato.</span></p><p data-start=\"2345\" data-end=\"2454\"><span style=\"font-size: x-small;\">E por estarem justos e contratados, firmam o presente em duas vias de igual teor, juntamente com testemunhas.</span></p><p></p><hr data-start=\"2456\" data-end=\"2459\"><p></p><h3 data-start=\"2461\" data-end=\"2477\" style=\"text-align: center;\"><strong data-start=\"2465\" data-end=\"2477\"><span style=\"font-size: medium;\">Segunda-Feira, 01 de Setembro de 2025</span></strong></h3><p data-start=\"2479\" data-end=\"2487\" style=\"text-align: center;\"><br><strong></strong></p><p data-start=\"2489\" data-end=\"2534\" style=\"text-align: center;\"><strong><br></strong></p><p data-start=\"2489\" data-end=\"2534\" style=\"text-align: center;\"><strong><img src=\"http://localhost/agencia/painel/images/assinaturas/1.png\" alt=\"Imagem da Assinatura\"></strong></p><p data-start=\"2489\" data-end=\"2534\" style=\"text-align: center;\"><strong style=\"font-family: Arial, Helvetica, sans-serif;\">______________________________________________________</strong></p><p data-start=\"2489\" data-end=\"2534\" style=\"text-align: center;\"><strong data-start=\"2489\" data-end=\"2501\">Cliente 1</strong><br data-start=\"2501\" data-end=\"2504\">(Contratante)</p><br><p data-start=\"2536\" data-end=\"2544\" style=\"text-align: center;\"><br></p><p data-start=\"2546\" data-end=\"2581\" style=\"text-align: center;\"><strong data-start=\"2546\" data-end=\"2566\">Empresa 1 Teste</strong><br data-start=\"2566\" data-end=\"2569\">(Contratada)</p><p><br></p>', 1, 'Sim', 1, NULL, NULL, NULL, '21', '', 0),
(5, '<p data-start=\"224\" data-end=\"273\" style=\"text-align: center;\"><strong data-start=\"224\" data-end=\"273\">CONTRATO DE PRESTAÇÃO DE SERVIÇOS DE EXCURSÃO</strong></p><p data-start=\"275\" data-end=\"637\"><span style=\"font-size: x-small;\">Pelo presente instrumento particular de contrato de prestação de serviços turísticos, de um lado, <strong data-start=\"373\" data-end=\"393\">Empresa 1 Teste</strong>, inscrita no CNPJ sob o nº <strong data-start=\"421\" data-end=\"441\">20.000.000/0000-00</strong>, com sede à <strong data-start=\"454\" data-end=\"478\">Rua X Número 150 Bairro Teste X</strong>, doravante denominada <strong data-start=\"501\" data-end=\"515\">CONTRATADA</strong>, e de outro lado, <strong data-start=\"534\" data-end=\"553\">Cliente 1, , , , nascido(a) em 27/03/1994, inscrito(a) no CPF sob o n.º , sob identidade n.º , filho de  e , residente e domiciliado(a) à , , bairro , município de  – – CEP: , email: cliente1@hotmail.com, telefone: (31) 99534-8118</strong>, doravante denominado <strong data-start=\"576\" data-end=\"591\">CONTRATANTE</strong>, têm entre si, justo e contratado o seguinte:</span></p><h3 data-start=\"644\" data-end=\"657\"><span style=\"font-size: small;\">1. OBJETO</span></h3><p data-start=\"659\" data-end=\"844\"><span style=\"font-size: x-small;\">O presente contrato tem por objeto a prestação de serviços turísticos pela CONTRATADA ao CONTRATANTE, consistindo na organização e execução da excursão com as seguintes características:</span></p><ul><li data-start=\"659\" data-end=\"844\"><span style=\"font-size: x-small;\"><strong>Destino:</strong> Nordeste Brasileiro&nbsp;&nbsp;</span></li><li data-start=\"659\" data-end=\"844\"><span style=\"font-size: x-small;\"><strong>Data de Início:</strong> 10/10/2025&nbsp;&nbsp;</span></li><li data-start=\"659\" data-end=\"844\"><span style=\"font-size: x-small;\"><strong>Data de Retorno:</strong> 16/10/2025&nbsp;&nbsp;</span></li><li data-start=\"659\" data-end=\"844\"><span style=\"font-size: x-small;\"><strong>Valor Total:</strong> R$ 12.000,00&nbsp;&nbsp;</span></li><li data-start=\"659\" data-end=\"844\"><span style=\"font-size: x-small;\"><strong>Número de Participantes:</strong> 25</span><span style=\"font-size: x-small;\"><br><br></span></li></ul><h3 data-start=\"1035\" data-end=\"1073\"><span style=\"font-size: small;\">2. RESPONSABILIDADES DA CONTRATADA</span></h3><p data-start=\"1075\" data-end=\"1168\"><span style=\"font-size: x-small;\">2.1. Fornecer transporte adequado e regularizado para o passeio, conforme legislação vigente.</span></p><p data-start=\"1170\" data-end=\"1249\"><span style=\"font-size: x-small;\">2.2. Oferecer acompanhamento durante todo o trajeto por profissional designado.</span></p><p data-start=\"1251\" data-end=\"1356\"><span style=\"font-size: x-small;\">2.3. Informar com antecedência qualquer alteração no roteiro, horário de embarque ou estrutura da viagem.</span></p><p></p><hr data-start=\"1358\" data-end=\"1361\"><p></p><h3 data-start=\"1363\" data-end=\"1402\"><span style=\"font-size: small;\">3. RESPONSABILIDADES DO CONTRATANTE</span></h3><p data-start=\"1404\" data-end=\"1477\"><span style=\"font-size: x-small;\">3.1. Cumprir com os horários e orientações estabelecidas pela CONTRATADA.</span></p><p data-start=\"1479\" data-end=\"1592\"><span style=\"font-size: x-small;\">3.2. Apresentar-se no local de embarque munido de documentos pessoais e, se for o caso, comprovante de pagamento.</span></p><p data-start=\"1594\" data-end=\"1693\"><span style=\"font-size: x-small;\">3.3. Zelar pela boa convivência, respeitando os demais participantes e os profissionais envolvidos.</span></p><p></p><hr data-start=\"1695\" data-end=\"1698\"><p></p><h3 data-start=\"1700\" data-end=\"1716\"><span style=\"font-size: small;\">4. PAGAMENTO</span></h3><p data-start=\"1718\" data-end=\"1870\"><span style=\"font-size: x-small;\">O valor acordado de <strong data-start=\"1738\" data-end=\"1758\">R$ 12.000,00</strong> deverá ser pago até a data estabelecida previamente, podendo ser parcelado conforme negociação entre as partes.</span></p><p></p><hr data-start=\"1872\" data-end=\"1875\"><p></p><h3 data-start=\"1877\" data-end=\"1910\"><span style=\"font-size: small;\">5. CANCELAMENTO E DESISTÊNCIA</span></h3><p data-start=\"1912\" data-end=\"2034\"><span style=\"font-size: x-small;\">5.1. Em caso de desistência por parte do CONTRATANTE, será aplicada multa conforme política de cancelamento da CONTRATADA.</span></p><p data-start=\"2036\" data-end=\"2182\"><span style=\"font-size: x-small;\">5.2. Caso a excursão não atinja o número mínimo de participantes, a CONTRATADA poderá cancelar o evento, com devolução integral dos valores pagos.</span></p><p></p><hr data-start=\"2184\" data-end=\"2187\"><p></p><h3 data-start=\"2189\" data-end=\"2214\"><span style=\"font-size: small;\">6. DISPOSIÇÕES GERAIS</span></h3><p data-start=\"2216\" data-end=\"2343\"><span style=\"font-size: x-small;\">6.1. As partes elegem o foro da comarca de <strong data-start=\"2259\" data-end=\"2272\">Belo Horizonte</strong> para dirimir eventuais dúvidas ou litígios decorrentes deste contrato.</span></p><p data-start=\"2345\" data-end=\"2454\"><span style=\"font-size: x-small;\">E por estarem justos e contratados, firmam o presente em duas vias de igual teor, juntamente com testemunhas.</span></p><p></p><hr data-start=\"2456\" data-end=\"2459\"><p></p><h3 data-start=\"2461\" data-end=\"2477\" style=\"text-align: center;\"><strong data-start=\"2465\" data-end=\"2477\"><span style=\"font-size: medium;\">Segunda-Feira, 01 de Setembro de 2025</span></strong></h3><p data-start=\"2479\" data-end=\"2487\" style=\"text-align: center;\"><br><strong></strong></p><p data-start=\"2489\" data-end=\"2534\" style=\"text-align: center;\"><strong><br></strong></p><p data-start=\"2489\" data-end=\"2534\" style=\"text-align: center;\"><strong><img src=\"http://localhost/agencia/painel/images/assinaturas/1.png\" alt=\"Imagem da Assinatura\"></strong></p><p data-start=\"2489\" data-end=\"2534\" style=\"text-align: center;\"><strong style=\"font-family: Arial, Helvetica, sans-serif;\">______________________________________________________</strong></p><p data-start=\"2489\" data-end=\"2534\" style=\"text-align: center;\"><strong data-start=\"2489\" data-end=\"2501\">Cliente 1</strong><br data-start=\"2501\" data-end=\"2504\">(Contratante)</p><br><p data-start=\"2536\" data-end=\"2544\" style=\"text-align: center;\"><br></p><p data-start=\"2546\" data-end=\"2581\" style=\"text-align: center;\"><strong data-start=\"2546\" data-end=\"2566\">Empresa 1 Teste</strong><br data-start=\"2566\" data-end=\"2569\">(Contratada)</p><p><br></p>', 1, 'Sim', 1, NULL, NULL, NULL, '21', '', 0),
(6, '<p data-start=\"224\" data-end=\"273\" style=\"text-align: center;\"><strong data-start=\"224\" data-end=\"273\">CONTRATO DE PRESTAÇÃO DE SERVIÇOS DE EXCURSÃO</strong></p><p data-start=\"275\" data-end=\"637\"><span style=\"font-size: x-small;\">Pelo presente instrumento particular de contrato de prestação de serviços turísticos, de um lado, <strong data-start=\"373\" data-end=\"393\">Empresa 1 Teste</strong>, inscrita no CNPJ sob o nº <strong data-start=\"421\" data-end=\"441\">20.000.000/0000-00</strong>, com sede à <strong data-start=\"454\" data-end=\"478\">Rua X Número 150 Bairro Teste X</strong>, doravante denominada <strong data-start=\"501\" data-end=\"515\">CONTRATADA</strong>, e de outro lado, <strong data-start=\"534\" data-end=\"553\">Cliente 1, , , , nascido(a) em 27/03/1994, inscrito(a) no CPF sob o n.º , sob identidade n.º , filho de  e , residente e domiciliado(a) à , , bairro , município de  – – CEP: , email: cliente1@hotmail.com, telefone: (31) 99534-8118</strong>, doravante denominado <strong data-start=\"576\" data-end=\"591\">CONTRATANTE</strong>, têm entre si, justo e contratado o seguinte:</span></p><h3 data-start=\"644\" data-end=\"657\"><span style=\"font-size: small;\">1. OBJETO</span></h3><p data-start=\"659\" data-end=\"844\"><span style=\"font-size: x-small;\">O presente contrato tem por objeto a prestação de serviços turísticos pela CONTRATADA ao CONTRATANTE, consistindo na organização e execução da excursão com as seguintes características:</span></p><ul><li data-start=\"659\" data-end=\"844\"><span style=\"font-size: x-small;\"><strong>Destino:</strong> Nordeste Brasileiro&nbsp;&nbsp;</span></li><li data-start=\"659\" data-end=\"844\"><span style=\"font-size: x-small;\"><strong>Data de Início:</strong> 10/10/2025&nbsp;&nbsp;</span></li><li data-start=\"659\" data-end=\"844\"><span style=\"font-size: x-small;\"><strong>Data de Retorno:</strong> 16/10/2025&nbsp;&nbsp;</span></li><li data-start=\"659\" data-end=\"844\"><span style=\"font-size: x-small;\"><strong>Valor Total:</strong> R$ 12.000,00&nbsp;&nbsp;</span></li><li data-start=\"659\" data-end=\"844\"><span style=\"font-size: x-small;\"><strong>Número de Participantes:</strong> 25</span><span style=\"font-size: x-small;\"><br><br></span></li></ul><h3 data-start=\"1035\" data-end=\"1073\"><span style=\"font-size: small;\">2. RESPONSABILIDADES DA CONTRATADA</span></h3><p data-start=\"1075\" data-end=\"1168\"><span style=\"font-size: x-small;\">2.1. Fornecer transporte adequado e regularizado para o passeio, conforme legislação vigente.</span></p><p data-start=\"1170\" data-end=\"1249\"><span style=\"font-size: x-small;\">2.2. Oferecer acompanhamento durante todo o trajeto por profissional designado.</span></p><p data-start=\"1251\" data-end=\"1356\"><span style=\"font-size: x-small;\">2.3. Informar com antecedência qualquer alteração no roteiro, horário de embarque ou estrutura da viagem.</span></p><p></p><hr data-start=\"1358\" data-end=\"1361\"><p></p><h3 data-start=\"1363\" data-end=\"1402\"><span style=\"font-size: small;\">3. RESPONSABILIDADES DO CONTRATANTE</span></h3><p data-start=\"1404\" data-end=\"1477\"><span style=\"font-size: x-small;\">3.1. Cumprir com os horários e orientações estabelecidas pela CONTRATADA.</span></p><p data-start=\"1479\" data-end=\"1592\"><span style=\"font-size: x-small;\">3.2. Apresentar-se no local de embarque munido de documentos pessoais e, se for o caso, comprovante de pagamento.</span></p><p data-start=\"1594\" data-end=\"1693\"><span style=\"font-size: x-small;\">3.3. Zelar pela boa convivência, respeitando os demais participantes e os profissionais envolvidos.</span></p><p></p><hr data-start=\"1695\" data-end=\"1698\"><p></p><h3 data-start=\"1700\" data-end=\"1716\"><span style=\"font-size: small;\">4. PAGAMENTO</span></h3><p data-start=\"1718\" data-end=\"1870\"><span style=\"font-size: x-small;\">O valor acordado de <strong data-start=\"1738\" data-end=\"1758\">R$ 12.000,00</strong> deverá ser pago até a data estabelecida previamente, podendo ser parcelado conforme negociação entre as partes.</span></p><p></p><hr data-start=\"1872\" data-end=\"1875\"><p></p><h3 data-start=\"1877\" data-end=\"1910\"><span style=\"font-size: small;\">5. CANCELAMENTO E DESISTÊNCIA</span></h3><p data-start=\"1912\" data-end=\"2034\"><span style=\"font-size: x-small;\">5.1. Em caso de desistência por parte do CONTRATANTE, será aplicada multa conforme política de cancelamento da CONTRATADA.</span></p><p data-start=\"2036\" data-end=\"2182\"><span style=\"font-size: x-small;\">5.2. Caso a excursão não atinja o número mínimo de participantes, a CONTRATADA poderá cancelar o evento, com devolução integral dos valores pagos.</span></p><p></p><hr data-start=\"2184\" data-end=\"2187\"><p></p><h3 data-start=\"2189\" data-end=\"2214\"><span style=\"font-size: small;\">6. DISPOSIÇÕES GERAIS</span></h3><p data-start=\"2216\" data-end=\"2343\"><span style=\"font-size: x-small;\">6.1. As partes elegem o foro da comarca de <strong data-start=\"2259\" data-end=\"2272\">Belo Horizonte</strong> para dirimir eventuais dúvidas ou litígios decorrentes deste contrato.</span></p><p data-start=\"2345\" data-end=\"2454\"><span style=\"font-size: x-small;\">E por estarem justos e contratados, firmam o presente em duas vias de igual teor, juntamente com testemunhas.</span></p><p></p><hr data-start=\"2456\" data-end=\"2459\"><p></p><h3 data-start=\"2461\" data-end=\"2477\" style=\"text-align: center;\"><strong data-start=\"2465\" data-end=\"2477\"><span style=\"font-size: medium;\">Segunda-Feira, 01 de Setembro de 2025</span></strong></h3><p data-start=\"2489\" data-end=\"2534\" style=\"text-align: center;\"><strong><br></strong></p><p data-start=\"2489\" data-end=\"2534\" style=\"text-align: center;\"><strong><img src=\"http://localhost/agencia/painel/images/assinaturas/1.png\" alt=\"Imagem da Assinatura\"></strong></p><p data-start=\"2489\" data-end=\"2534\" style=\"text-align: center;\"><strong style=\"font-family: Arial, Helvetica, sans-serif;\">______________________________________________________</strong></p><p data-start=\"2489\" data-end=\"2534\" style=\"text-align: center;\"><strong data-start=\"2489\" data-end=\"2501\">Cliente 1</strong><br data-start=\"2501\" data-end=\"2504\">(Contratante)</p><br><p data-start=\"2546\" data-end=\"2581\" style=\"text-align: center;\"><strong data-start=\"2546\" data-end=\"2566\">Empresa 1 Teste</strong><br data-start=\"2566\" data-end=\"2569\">(Contratada)</p><p><br></p>', 1, 'Sim', 1, NULL, NULL, NULL, '21', '', 0),
(7, '<p data-start=\"467\" data-end=\"525\" style=\"text-align: center;\"><strong data-start=\"467\" data-end=\"525\">CONTRATO DE PRESTAÇÃO DE SERVIÇOS DE PASSEIO TURÍSTICO</strong></p><p data-start=\"527\" data-end=\"846\">Pelo presente instrumento particular, de um lado, Empresa 1 Teste, inscrita no CNPJ sob o nº 20.000.000/0000-00, com sede à Rua X Número 150 Bairro Teste X, doravante denominada CONTRATADA, e de outro lado, Cliente 1, , , , nascido(a) em 27/03/1994, inscrito(a) no CPF sob o n.º , sob identidade n.º , filho de  e , residente e domiciliado(a) à , , bairro , município de  – – CEP: , email: cliente1@hotmail.com, telefone: (31) 99534-8118, doravante denominado CONTRATANTE, ajustam entre si o presente contrato de prestação de serviços turísticos.</p><ol data-start=\"848\" data-end=\"857\"><li data-start=\"848\" data-end=\"857\"><p data-start=\"851\" data-end=\"857\"><strong>OBJETO</strong></p></li></ol><p data-start=\"859\" data-end=\"985\">A CONTRATADA compromete-se a fornecer ao CONTRATANTE o passeio denominado \"Quadriciclo Ilha\", com as seguintes características:</p><p data-start=\"859\" data-end=\"985\"><strong></strong></p><li data-start=\"659\" data-end=\"844\"><strong><span style=\"font-size: x-small; font-weight: normal;\">Destino: Morro de São Paulo&nbsp;&nbsp;</span></strong></li><li data-start=\"659\" data-end=\"844\"><strong><span style=\"font-size: x-small; font-weight: normal;\">Data de Início: 22/09/2025&nbsp;&nbsp;</span></strong></li><li data-start=\"659\" data-end=\"844\"><strong><span style=\"font-size: x-small; font-weight: normal;\">Data de Retorno: 22/09/2025&nbsp;&nbsp;</span></strong></li><li data-start=\"659\" data-end=\"844\"><strong><span style=\"font-size: x-small; font-weight: normal;\">Valor Total: R$ 450,00&nbsp;&nbsp;</span></strong></li><li data-start=\"659\" data-end=\"844\"><strong><span style=\"font-size: x-small; font-weight: normal;\">Número de Participantes: 15</span></strong></li><p></p><p data-start=\"1115\" data-end=\"1136\"><strong>&nbsp; &nbsp; &nbsp; &nbsp;</strong>2<strong>. SERVIÇOS INCLUÍDOS</strong></p><p data-start=\"1138\" data-end=\"1362\">2.1. Acompanhamento por profissional responsável durante o passeio.<br data-start=\"1205\" data-end=\"1208\">2.2. Fornecimento dos equipamentos e estrutura necessária para a realização da atividade.<br data-start=\"1297\" data-end=\"1300\">2.3. Explicações prévias sobre o percurso, regras e segurança.</p><ol start=\"3\" data-start=\"1364\" data-end=\"1399\"><li data-start=\"1364\" data-end=\"1399\"><p data-start=\"1367\" data-end=\"1399\"><strong>RESPONSABILIDADES DO CONTRATANTE</strong></p></li></ol><p data-start=\"1401\" data-end=\"1633\">3.1. Comparecer ao local de embarque ou início do passeio no horário agendado.<br data-start=\"1479\" data-end=\"1482\">3.2. Utilizar os equipamentos de forma responsável, conforme instruções.<br data-start=\"1554\" data-end=\"1557\">3.3. Declarar-se em condições físicas adequadas para a atividade contratada.</p><ol start=\"4\" data-start=\"1635\" data-end=\"1647\"><li data-start=\"1635\" data-end=\"1647\"><p data-start=\"1638\" data-end=\"1647\"><strong>PAGAMENTO</strong></p></li></ol><p data-start=\"1649\" data-end=\"1780\">O valor do passeio, conforme item 1, deverá ser quitado antes do início da atividade, podendo ser parcelado mediante acordo prévio.</p><ol start=\"5\" data-start=\"1782\" data-end=\"1797\"><li data-start=\"1782\" data-end=\"1797\"><p data-start=\"1785\" data-end=\"1797\"><strong>CANCELAMENTO</strong></p></li></ol><p data-start=\"1799\" data-end=\"2151\">5.1. Cancelamentos realizados com até 48 horas de antecedência terão devolução integral do valor pago.<br data-start=\"1901\" data-end=\"1904\">5.2. Cancelamentos após esse prazo ou não comparecimento implicam perda do valor pago, salvo acordo diferente com a CONTRATADA.<br data-start=\"2031\" data-end=\"2034\">5.3. Em caso de más condições climáticas ou impedimentos operacionais, o passeio poderá ser remarcado ou reembolsado.</p><ol start=\"6\" data-start=\"2153\" data-end=\"2174\"><li data-start=\"2153\" data-end=\"2174\"><p data-start=\"2156\" data-end=\"2174\"><strong>DISPOSIÇÕES FINAIS</strong></p></li></ol><p data-start=\"2176\" data-end=\"2336\">As partes elegem o foro da comarca de Belo Horizonte para dirimir eventuais dúvidas oriundas deste contrato. As observações específicas sobre o passeio estão abaixo:</p><p data-start=\"2338\" data-end=\"2352\">Aqui são as observações do pacote</p><p data-start=\"2354\" data-end=\"2430\">E por estarem de comum acordo, firmam o presente em duas vias de igual teor.</p><p data-start=\"2432\" data-end=\"2440\" style=\"text-align: center;\">Segunda-Feira, 01 de Setembro de 2025</p><p data-start=\"2442\" data-end=\"2456\" style=\"text-align: center;\"><img src=\"http://localhost/agencia/painel/images/assinaturas/1.png\" alt=\"Imagem da Assinatura\"></p><p data-start=\"2442\" data-end=\"2456\" style=\"text-align: center;\"><span style=\"font-family: Arial, Helvetica, sans-serif;\">__________________________________________</span></p><p></p><hr data-start=\"2458\" data-end=\"2514\" style=\"margin-left: auto; margin-right: auto;\"><p></p><p data-start=\"2515\" data-end=\"2539\" style=\"text-align: center;\">Cliente 1<br data-start=\"2523\" data-end=\"2526\">(Contratante)</p><p data-start=\"2541\" data-end=\"2572\" style=\"text-align: center;\">Empresa 1 Teste<br data-start=\"2557\" data-end=\"2560\">(Contratada)</p><p><br></p>', 1, 'Sim', 1, NULL, NULL, NULL, '22', '', 0);
INSERT INTO `temp_texto` (`id`, `texto`, `empresa`, `cabecalho`, `cliente`, `ip`, `data`, `hora`, `modelo`, `assinatura`, `conta`) VALUES
(8, '<p data-start=\"180\" data-end=\"222\" style=\"text-align: center;\"><span style=\"font-size: small; font-family: Arial, Helvetica, sans-serif;\"><strong>CONTRATO DE VENDA DE PASSEIO TURÍSTICO</strong></span></p>\r\n<p data-start=\"224\" data-end=\"513\"><span style=\"font-size: small; font-family: Arial, Helvetica, sans-serif;\">Pelo presente instrumento particular, de um lado, Empresa 1 Teste, inscrita no CNPJ sob o nº 20.000.000/0000-00, com sede à Rua X Número 150 Bairro Teste X, doravante denominada CONTRATADA, e de outro lado, Cliente 1, , , , nascido(a) em 27/03/1994, inscrito(a) no CPF sob o n.º , sob identidade n.º , filho de  e , residente e domiciliado(a) à , , bairro , município de  – – CEP: , email: cliente1@hotmail.com, telefone: (31) 99534-8118, doravante denominado CONTRATANTE, têm entre si justo e contratado o seguinte:</span></p>\r\n<ol data-start=\"515\" data-end=\"536\"><li data-start=\"515\" data-end=\"536\">\r\n<p data-start=\"518\" data-end=\"536\"><span style=\"font-size: small; font-family: Arial, Helvetica, sans-serif;\"><strong>OBJETO DO CONTRATO</strong></span></p>\r\n</li></ol>\r\n<p data-start=\"538\" data-end=\"657\"><span style=\"font-size: small; font-family: Arial, Helvetica, sans-serif;\">A CONTRATADA prestará ao CONTRATANTE os serviços referentes à venda de passeio turístico, conforme as condições abaixo:</span></p>\r\n<p data-start=\"659\" data-end=\"831\"><span style=\"font-size: small; font-family: Arial, Helvetica, sans-serif;\">Pacote: Caldas Novas<br data-start=\"682\" data-end=\"685\">\r\nDestino: Caldas Novas Goiás<br data-start=\"705\" data-end=\"708\">\r\nData do Passeio: 10/12/2025<br data-start=\"740\" data-end=\"743\">\r\nValor Total: R$ 1.600,00<br data-start=\"772\" data-end=\"775\">\r\nParticipantes: 50<br data-start=\"801\" data-end=\"804\">\r\nObservações: {{OBS_VIAGEM}}</span></p>\r\n<ol start=\"2\" data-start=\"833\" data-end=\"867\"><li data-start=\"833\" data-end=\"867\">\r\n<p data-start=\"836\" data-end=\"867\"><span style=\"font-size: small; font-family: Arial, Helvetica, sans-serif;\"><strong>RESPONSABILIDADES DA CONTRATADA</strong></span></p>\r\n</li></ol>\r\n<p data-start=\"869\" data-end=\"1117\"><span style=\"font-size: small; font-family: Arial, Helvetica, sans-serif;\">2.1. Fornecer transporte (quando incluso) e condução adequada conforme descrito no pacote.<br data-start=\"959\" data-end=\"962\">\r\n2.2. Garantir a realização do passeio na data e horário combinados.<br data-start=\"1029\" data-end=\"1032\">\r\n2.3. Prestar suporte ao CONTRATANTE em caso de necessidade antes e durante o passeio.</span></p>\r\n<ol start=\"3\" data-start=\"1119\" data-end=\"1154\"><li data-start=\"1119\" data-end=\"1154\">\r\n<p data-start=\"1122\" data-end=\"1154\"><span style=\"font-size: small; font-family: Arial, Helvetica, sans-serif;\"><strong>RESPONSABILIDADES DO CONTRATANTE</strong></span></p>\r\n</li></ol>\r\n<p data-start=\"1156\" data-end=\"1412\"><span style=\"font-size: small; font-family: Arial, Helvetica, sans-serif;\">3.1. Comparecer no local de saída no horário determinado, com documento de identificação.<br data-start=\"1245\" data-end=\"1248\">\r\n3.2. Seguir as orientações da equipe responsável durante o passeio.<br data-start=\"1315\" data-end=\"1318\">\r\n3.3. Assumir responsabilidade por condutas impróprias ou que comprometam a segurança do grupo.</span></p>\r\n<ol start=\"4\" data-start=\"1414\" data-end=\"1426\"><li data-start=\"1414\" data-end=\"1426\">\r\n<p data-start=\"1417\" data-end=\"1426\"><span style=\"font-size: small; font-family: Arial, Helvetica, sans-serif;\"><strong>PAGAMENTO</strong></span></p>\r\n</li></ol>\r\n<p data-start=\"1428\" data-end=\"1624\"><span style=\"font-size: small; font-family: Arial, Helvetica, sans-serif;\">O CONTRATANTE se compromete a efetuar o pagamento do valor de R$ 1.600,00 nas condições acordadas no ato da reserva. O não pagamento poderá acarretar no cancelamento da reserva sem reembolso.</span></p>\r\n<ol start=\"5\" data-start=\"1626\" data-end=\"1641\"><li data-start=\"1626\" data-end=\"1641\">\r\n<p data-start=\"1629\" data-end=\"1641\"><span style=\"font-size: small; font-family: Arial, Helvetica, sans-serif;\"><strong>CANCELAMENTO</strong></span></p>\r\n</li></ol>\r\n<p data-start=\"1643\" data-end=\"1857\"><span style=\"font-size: small; font-family: Arial, Helvetica, sans-serif;\">5.1. Cancelamentos com até 48 horas de antecedência terão devolução parcial conforme política interna da CONTRATADA.<br data-start=\"1759\" data-end=\"1762\">\r\n5.2. Cancelamentos após esse prazo ou ausência no dia do passeio não geram direito a reembolso.</span></p>\r\n<ol start=\"6\" data-start=\"1859\" data-end=\"1878\"><li data-start=\"1859\" data-end=\"1878\">\r\n<p data-start=\"1862\" data-end=\"1878\"><span style=\"font-size: small; font-family: Arial, Helvetica, sans-serif;\"><strong>CONDIÇÕES GERAIS</strong></span></p>\r\n</li></ol>\r\n<p data-start=\"1880\" data-end=\"2165\"><span style=\"font-size: small; font-family: Arial, Helvetica, sans-serif;\">6.1. A CONTRATADA não se responsabiliza por atrasos causados por fatores externos como trânsito, clima ou imprevistos.<br data-start=\"1998\" data-end=\"2001\">\r\n6.2. O CONTRATANTE declara estar ciente das informações do passeio, inclusive tempo de duração, regras de segurança e orientações físicas mínimas, quando aplicável.</span></p>\r\n<ol start=\"7\" data-start=\"2167\" data-end=\"2174\"><li data-start=\"2167\" data-end=\"2174\">\r\n<p data-start=\"2170\" data-end=\"2174\"><span style=\"font-size: small; font-family: Arial, Helvetica, sans-serif;\"><strong>FORO</strong></span></p>\r\n</li></ol>\r\n<p data-start=\"2176\" data-end=\"2306\"><span style=\"font-size: small; font-family: Arial, Helvetica, sans-serif;\">Para dirimir quaisquer dúvidas oriundas deste contrato, fica eleito o foro da comarca de Belo Horizonte, com renúncia a qualquer outro.</span></p>\r\n<p data-start=\"2308\" data-end=\"2367\"><span style=\"font-size: small; font-family: Arial, Helvetica, sans-serif;\">E, por estarem de pleno acordo, firmam o presente contrato.</span></p>\r\n<p data-start=\"2369\" data-end=\"2377\" style=\"text-align: center;\"><span style=\"font-size: small; font-family: Arial, Helvetica, sans-serif;\">Segunda-Feira, 01 de Setembro de 2025</span></p>\r\n<p data-start=\"2379\" data-end=\"2393\" style=\"text-align: center;\"><span style=\"font-size: small; font-family: Arial, Helvetica, sans-serif;\"><img src=\"http://localhost/agencia/painel/images/assinaturas/1.png\" alt=\"Imagem da Assinatura\"></span></p><p data-start=\"2379\" data-end=\"2393\" style=\"text-align: center;\"><span style=\"font-size: small; font-family: Arial, Helvetica, sans-serif;\">___________________________________________</span></p>\r\n<p style=\"text-align: center;\"></p><hr data-start=\"2395\" data-end=\"2451\" style=\"margin-left: auto; margin-right: auto;\"><p></p>\r\n<p data-start=\"2452\" data-end=\"2476\" style=\"text-align: center;\"><span style=\"font-size: small; font-family: Arial, Helvetica, sans-serif;\">Cliente 1<br data-start=\"2460\" data-end=\"2463\">\r\n(Contratante)</span></p>\r\n<p data-start=\"2478\" data-end=\"2509\" style=\"text-align: center;\"><span style=\"font-size: small; font-family: Arial, Helvetica, sans-serif;\">Empresa 1 Teste<br data-start=\"2494\" data-end=\"2497\">\r\n(Contratada)</span></p><p><br></p>', 1, 'Sim', 1, NULL, NULL, NULL, '23', '', 0),
(9, '<p data-start=\"224\" data-end=\"273\" style=\"text-align: center;\"><strong data-start=\"224\" data-end=\"273\">CONTRATO DE PRESTAÇÃO DE SERVIÇOS DE EXCURSÃO</strong></p><p data-start=\"275\" data-end=\"637\"><span style=\"font-size: x-small;\">Pelo presente instrumento particular de contrato de prestação de serviços turísticos, de um lado, <strong data-start=\"373\" data-end=\"393\">Empresa 1 Teste</strong>, inscrita no CNPJ sob o nº <strong data-start=\"421\" data-end=\"441\">20.000.000/0000-00</strong>, com sede à <strong data-start=\"454\" data-end=\"478\">Rua X Número 150 Bairro Teste X</strong>, doravante denominada <strong data-start=\"501\" data-end=\"515\">CONTRATADA</strong>, e de outro lado, <strong data-start=\"534\" data-end=\"553\">Cliente 1, , , , nascido(a) em 27/03/1994, inscrito(a) no CPF sob o n.º , sob identidade n.º , filho de  e , residente e domiciliado(a) à , , bairro , município de  – – CEP: , email: cliente1@hotmail.com, telefone: (31) 99534-8118</strong>, doravante denominado <strong data-start=\"576\" data-end=\"591\">CONTRATANTE</strong>, têm entre si, justo e contratado o seguinte:</span></p><h3 data-start=\"644\" data-end=\"657\"><span style=\"font-size: small;\">1. OBJETO</span></h3><p data-start=\"659\" data-end=\"844\"><span style=\"font-size: x-small;\">O presente contrato tem por objeto a prestação de serviços turísticos pela CONTRATADA ao CONTRATANTE, consistindo na organização e execução da excursão com as seguintes características:</span></p><ul><li data-start=\"659\" data-end=\"844\"><span style=\"font-size: x-small;\"><strong>Destino:</strong> Morro de São Paulo&nbsp;&nbsp;</span></li><li data-start=\"659\" data-end=\"844\"><span style=\"font-size: x-small;\"><strong>Data de Início:</strong> 22/09/2025&nbsp;&nbsp;</span></li><li data-start=\"659\" data-end=\"844\"><span style=\"font-size: x-small;\"><strong>Data de Retorno:</strong> 22/09/2025&nbsp;&nbsp;</span></li><li data-start=\"659\" data-end=\"844\"><span style=\"font-size: x-small;\"><strong>Valor Total:</strong> R$ 450,00&nbsp;&nbsp;</span></li><li data-start=\"659\" data-end=\"844\"><span style=\"font-size: x-small;\"><strong>Número de Participantes:</strong> 15</span><span style=\"font-size: x-small;\"><br><br></span></li></ul><h3 data-start=\"1035\" data-end=\"1073\"><span style=\"font-size: small;\">2. RESPONSABILIDADES DA CONTRATADA</span></h3><p data-start=\"1075\" data-end=\"1168\"><span style=\"font-size: x-small;\">2.1. Fornecer transporte adequado e regularizado para o passeio, conforme legislação vigente.</span></p><p data-start=\"1170\" data-end=\"1249\"><span style=\"font-size: x-small;\">2.2. Oferecer acompanhamento durante todo o trajeto por profissional designado.</span></p><p data-start=\"1251\" data-end=\"1356\"><span style=\"font-size: x-small;\">2.3. Informar com antecedência qualquer alteração no roteiro, horário de embarque ou estrutura da viagem.</span></p><p></p><hr data-start=\"1358\" data-end=\"1361\"><p></p><h3 data-start=\"1363\" data-end=\"1402\"><span style=\"font-size: small;\">3. RESPONSABILIDADES DO CONTRATANTE</span></h3><p data-start=\"1404\" data-end=\"1477\"><span style=\"font-size: x-small;\">3.1. Cumprir com os horários e orientações estabelecidas pela CONTRATADA.</span></p><p data-start=\"1479\" data-end=\"1592\"><span style=\"font-size: x-small;\">3.2. Apresentar-se no local de embarque munido de documentos pessoais e, se for o caso, comprovante de pagamento.</span></p><p data-start=\"1594\" data-end=\"1693\"><span style=\"font-size: x-small;\">3.3. Zelar pela boa convivência, respeitando os demais participantes e os profissionais envolvidos.</span></p><p></p><hr data-start=\"1695\" data-end=\"1698\"><p></p><h3 data-start=\"1700\" data-end=\"1716\"><span style=\"font-size: small;\">4. PAGAMENTO</span></h3><p data-start=\"1718\" data-end=\"1870\"><span style=\"font-size: x-small;\">O valor acordado de <strong data-start=\"1738\" data-end=\"1758\">R$ 450,00</strong> deverá ser pago até a data estabelecida previamente, podendo ser parcelado conforme negociação entre as partes.</span></p><p></p><hr data-start=\"1872\" data-end=\"1875\"><p></p><h3 data-start=\"1877\" data-end=\"1910\"><span style=\"font-size: small;\">5. CANCELAMENTO E DESISTÊNCIA</span></h3><p data-start=\"1912\" data-end=\"2034\"><span style=\"font-size: x-small;\">5.1. Em caso de desistência por parte do CONTRATANTE, será aplicada multa conforme política de cancelamento da CONTRATADA.</span></p><p data-start=\"2036\" data-end=\"2182\"><span style=\"font-size: x-small;\">5.2. Caso a excursão não atinja o número mínimo de participantes, a CONTRATADA poderá cancelar o evento, com devolução integral dos valores pagos.</span></p><p></p><hr data-start=\"2184\" data-end=\"2187\"><p></p><h3 data-start=\"2189\" data-end=\"2214\"><span style=\"font-size: small;\">6. DISPOSIÇÕES GERAIS</span></h3><p data-start=\"2216\" data-end=\"2343\"><span style=\"font-size: x-small;\">6.1. As partes elegem o foro da comarca de <strong data-start=\"2259\" data-end=\"2272\">Belo Horizonte</strong> para dirimir eventuais dúvidas ou litígios decorrentes deste contrato.</span></p><p data-start=\"2345\" data-end=\"2454\"><span style=\"font-size: x-small;\">E por estarem justos e contratados, firmam o presente em duas vias de igual teor, juntamente com testemunhas.</span></p><p></p><hr data-start=\"2456\" data-end=\"2459\"><p></p><h3 data-start=\"2461\" data-end=\"2477\" style=\"text-align: center;\"><strong data-start=\"2465\" data-end=\"2477\"><span style=\"font-size: medium;\">Terca-Feira, 02 de Setembro de 2025</span></strong></h3><p data-start=\"2489\" data-end=\"2534\" style=\"text-align: center;\"><strong><br></strong></p><p data-start=\"2489\" data-end=\"2534\" style=\"text-align: center;\"><strong><img src=\"http://localhost/agencia/painel/images/assinaturas/1.png\" alt=\"Imagem da Assinatura\"></strong></p><p data-start=\"2489\" data-end=\"2534\" style=\"text-align: center;\"><strong style=\"font-family: Arial, Helvetica, sans-serif;\">______________________________________________________</strong></p><p data-start=\"2489\" data-end=\"2534\" style=\"text-align: center;\"><strong data-start=\"2489\" data-end=\"2501\">Cliente 1</strong><br data-start=\"2501\" data-end=\"2504\">(Contratante)</p><br><p data-start=\"2546\" data-end=\"2581\" style=\"text-align: center;\"><strong data-start=\"2546\" data-end=\"2566\">Empresa 1 Teste</strong><br data-start=\"2566\" data-end=\"2569\">(Contratada)</p><p><br></p>', 1, 'Sim', 1, NULL, NULL, NULL, '21', '', 0),
(10, '<p data-start=\"180\" data-end=\"222\" style=\"text-align: center;\"><span style=\"font-size: small; font-family: Arial, Helvetica, sans-serif;\"><strong>CONTRATO DE VENDA DE PASSEIO TURÍSTICO</strong></span></p><p data-start=\"224\" data-end=\"513\"><span style=\"font-size: small; font-family: Arial, Helvetica, sans-serif;\">Pelo presente instrumento particular, de um lado, Empresa 1 Teste, inscrita no CNPJ sob o nº 20.000.000/0000-00, com sede à Rua X Número 150 Bairro Teste X, doravante denominada CONTRATADA, e de outro lado, Cliente 1, , , , nascido(a) em 27/03/1994, inscrito(a) no CPF sob o n.º , sob identidade n.º , filho de  e , residente e domiciliado(a) à , , bairro , município de  – – CEP: , email: cliente1@hotmail.com, telefone: (31) 99534-8118, doravante denominado CONTRATANTE, têm entre si justo e contratado o seguinte:</span></p><ol data-start=\"515\" data-end=\"536\"><li data-start=\"515\" data-end=\"536\"><p data-start=\"518\" data-end=\"536\"><span style=\"font-size: small; font-family: Arial, Helvetica, sans-serif;\"><strong>OBJETO DO CONTRATO</strong></span></p></li></ol><p data-start=\"538\" data-end=\"657\"><span style=\"font-size: small; font-family: Arial, Helvetica, sans-serif;\">A CONTRATADA prestará ao CONTRATANTE os serviços referentes à venda de passeio turístico, conforme as condições abaixo:</span></p><p data-start=\"659\" data-end=\"831\"><span style=\"font-size: small; font-family: Arial, Helvetica, sans-serif;\"><strong>Pacote</strong>: 12 Dias no Nordeste<br data-start=\"682\" data-end=\"685\"><strong>Destino</strong>: Nordeste Brasileiro<br data-start=\"705\" data-end=\"708\"><strong>Data do Passeio</strong>: 10/10/2025<br data-start=\"740\" data-end=\"743\"><strong>Valor Total</strong>: R$ 12.000,00<br data-start=\"772\" data-end=\"775\"><strong>Participantes</strong>: 25<br data-start=\"801\" data-end=\"804\"><strong>Observações</strong>: {{OBS_VIAGEM}}</span></p><ol start=\"2\" data-start=\"833\" data-end=\"867\"><li data-start=\"833\" data-end=\"867\"><p data-start=\"836\" data-end=\"867\"><span style=\"font-size: small; font-family: Arial, Helvetica, sans-serif;\"><strong>RESPONSABILIDADES DA CONTRATADA</strong></span></p></li></ol><p data-start=\"869\" data-end=\"1117\"><span style=\"font-size: small; font-family: Arial, Helvetica, sans-serif;\">2.1. Fornecer transporte (quando incluso) e condução adequada conforme descrito no pacote.<br data-start=\"959\" data-end=\"962\">2.2. Garantir a realização do passeio na data e horário combinados.<br data-start=\"1029\" data-end=\"1032\">2.3. Prestar suporte ao CONTRATANTE em caso de necessidade antes e durante o passeio.</span></p><ol start=\"3\" data-start=\"1119\" data-end=\"1154\"><li data-start=\"1119\" data-end=\"1154\"><p data-start=\"1122\" data-end=\"1154\"><span style=\"font-size: small; font-family: Arial, Helvetica, sans-serif;\"><strong>RESPONSABILIDADES DO CONTRATANTE</strong></span></p></li></ol><p data-start=\"1156\" data-end=\"1412\"><span style=\"font-size: small; font-family: Arial, Helvetica, sans-serif;\">3.1. Comparecer no local de saída no horário determinado, com documento de identificação.<br data-start=\"1245\" data-end=\"1248\">3.2. Seguir as orientações da equipe responsável durante o passeio.<br data-start=\"1315\" data-end=\"1318\">3.3. Assumir responsabilidade por condutas impróprias ou que comprometam a segurança do grupo.</span></p><ol start=\"4\" data-start=\"1414\" data-end=\"1426\"><li data-start=\"1414\" data-end=\"1426\"><p data-start=\"1417\" data-end=\"1426\"><span style=\"font-size: small; font-family: Arial, Helvetica, sans-serif;\"><strong>PAGAMENTO</strong></span></p></li></ol><p data-start=\"1428\" data-end=\"1624\"><span style=\"font-size: small; font-family: Arial, Helvetica, sans-serif;\">O CONTRATANTE se compromete a efetuar o pagamento do valor de R$ 12.000,00 nas condições acordadas no ato da reserva. O não pagamento poderá acarretar no cancelamento da reserva sem reembolso.</span></p><ol start=\"5\" data-start=\"1626\" data-end=\"1641\"><li data-start=\"1626\" data-end=\"1641\"><p data-start=\"1629\" data-end=\"1641\"><span style=\"font-size: small; font-family: Arial, Helvetica, sans-serif;\"><strong>CANCELAMENTO</strong></span></p></li></ol><p data-start=\"1643\" data-end=\"1857\"><span style=\"font-size: small; font-family: Arial, Helvetica, sans-serif;\">5.1. Cancelamentos com até 48 horas de antecedência terão devolução parcial conforme política interna da CONTRATADA.<br data-start=\"1759\" data-end=\"1762\">5.2. Cancelamentos após esse prazo ou ausência no dia do passeio não geram direito a reembolso.</span></p><ol start=\"6\" data-start=\"1859\" data-end=\"1878\"><li data-start=\"1859\" data-end=\"1878\"><p data-start=\"1862\" data-end=\"1878\"><span style=\"font-size: small; font-family: Arial, Helvetica, sans-serif;\"><strong>CONDIÇÕES GERAIS</strong></span></p></li></ol><p data-start=\"1880\" data-end=\"2165\"><span style=\"font-size: small; font-family: Arial, Helvetica, sans-serif;\">6.1. A CONTRATADA não se responsabiliza por atrasos causados por fatores externos como trânsito, clima ou imprevistos.<br data-start=\"1998\" data-end=\"2001\">6.2. O CONTRATANTE declara estar ciente das informações do passeio, inclusive tempo de duração, regras de segurança e orientações físicas mínimas, quando aplicável.</span></p><ol start=\"7\" data-start=\"2167\" data-end=\"2174\"><li data-start=\"2167\" data-end=\"2174\"><p data-start=\"2170\" data-end=\"2174\"><span style=\"font-size: small; font-family: Arial, Helvetica, sans-serif;\"><strong>FORO</strong></span></p></li></ol><p data-start=\"2176\" data-end=\"2306\"><span style=\"font-size: small; font-family: Arial, Helvetica, sans-serif;\">Para dirimir quaisquer dúvidas oriundas deste contrato, fica eleito o foro da comarca de Belo Horizonte, com renúncia a qualquer outro.</span></p><p data-start=\"2308\" data-end=\"2367\"><span style=\"font-size: small; font-family: Arial, Helvetica, sans-serif;\">E, por estarem de pleno acordo, firmam o presente contrato.</span></p><p data-start=\"2369\" data-end=\"2377\" style=\"text-align: center;\"><span style=\"font-size: small; font-family: Arial, Helvetica, sans-serif;\">Terca-Feira, 02 de Setembro de 2025</span></p><p data-start=\"2379\" data-end=\"2393\" style=\"text-align: center;\"><span style=\"font-size: small; font-family: Arial, Helvetica, sans-serif;\"><img src=\"http://localhost/agencia/painel/images/assinaturas/1.png\" alt=\"Imagem da Assinatura\"></span></p><p data-start=\"2379\" data-end=\"2393\" style=\"text-align: center;\"><span style=\"font-size: small; font-family: Arial, Helvetica, sans-serif;\">___________________________________________</span></p><p></p><hr data-start=\"2395\" data-end=\"2451\" style=\"margin-left: auto; margin-right: auto;\"><p></p><p data-start=\"2452\" data-end=\"2476\" style=\"text-align: center;\"><span style=\"font-size: small; font-family: Arial, Helvetica, sans-serif;\">Cliente 1<br data-start=\"2460\" data-end=\"2463\">(Contratante)</span></p><p data-start=\"2478\" data-end=\"2509\" style=\"text-align: center;\"><span style=\"font-size: small; font-family: Arial, Helvetica, sans-serif;\">Empresa 1 Teste<br data-start=\"2494\" data-end=\"2497\">(Contratada)</span></p><p><br></p>', 1, 'Não', 1, NULL, NULL, NULL, '23', '', 0),
(11, '<p data-start=\"224\" data-end=\"273\" style=\"text-align: center;\"><strong data-start=\"224\" data-end=\"273\">CONTRATO DE PRESTAÇÃO DE SERVIÇOS DE EXCURSÃO</strong></p><p data-start=\"275\" data-end=\"637\"><span style=\"font-size: x-small;\">Pelo presente instrumento particular de contrato de prestação de serviços turísticos, de um lado, <strong data-start=\"373\" data-end=\"393\">Empresa 1 Teste</strong>, inscrita no CNPJ sob o nº <strong data-start=\"421\" data-end=\"441\">20.000.000/0000-00</strong>, com sede à <strong data-start=\"454\" data-end=\"478\">Rua X Número 150 Bairro Teste X</strong>, doravante denominada <strong data-start=\"501\" data-end=\"515\">CONTRATADA</strong>, e de outro lado, <strong data-start=\"534\" data-end=\"553\">Cliente 1, , , , nascido(a) em 27/03/1994, inscrito(a) no CPF sob o n.º , sob identidade n.º , filho de  e , residente e domiciliado(a) à , , bairro , município de  – – CEP: , email: cliente1@hotmail.com, telefone: (31) 99534-8118</strong>, doravante denominado <strong data-start=\"576\" data-end=\"591\">CONTRATANTE</strong>, têm entre si, justo e contratado o seguinte:</span></p><h3 data-start=\"644\" data-end=\"657\"><span style=\"font-size: small;\">1. OBJETO</span></h3><p data-start=\"659\" data-end=\"844\"><span style=\"font-size: x-small;\">O presente contrato tem por objeto a prestação de serviços turísticos pela CONTRATADA ao CONTRATANTE, consistindo na organização e execução da excursão com as seguintes características:</span></p><ul><li data-start=\"659\" data-end=\"844\"><span style=\"font-size: x-small;\"><strong>Destino:</strong> Nordeste Brasileiro&nbsp;&nbsp;</span></li><li data-start=\"659\" data-end=\"844\"><span style=\"font-size: x-small;\"><strong>Data de Início:</strong> 10/10/2025&nbsp;&nbsp;</span></li><li data-start=\"659\" data-end=\"844\"><span style=\"font-size: x-small;\"><strong>Data de Retorno:</strong> 16/10/2025&nbsp;&nbsp;</span></li><li data-start=\"659\" data-end=\"844\"><span style=\"font-size: x-small;\"><strong>Valor Total:</strong> R$ 12.000,00&nbsp;&nbsp;</span></li><li data-start=\"659\" data-end=\"844\"><span style=\"font-size: x-small;\"><strong>Número de Participantes:</strong> 25</span><span style=\"font-size: x-small;\"><br><br></span></li></ul><h3 data-start=\"1035\" data-end=\"1073\"><span style=\"font-size: small;\">2. RESPONSABILIDADES DA CONTRATADA</span></h3><p data-start=\"1075\" data-end=\"1168\"><span style=\"font-size: x-small;\">2.1. Fornecer transporte adequado e regularizado para o passeio, conforme legislação vigente.</span></p><p data-start=\"1170\" data-end=\"1249\"><span style=\"font-size: x-small;\">2.2. Oferecer acompanhamento durante todo o trajeto por profissional designado.</span></p><p data-start=\"1251\" data-end=\"1356\"><span style=\"font-size: x-small;\">2.3. Informar com antecedência qualquer alteração no roteiro, horário de embarque ou estrutura da viagem.</span></p><p></p><hr data-start=\"1358\" data-end=\"1361\"><p></p><h3 data-start=\"1363\" data-end=\"1402\"><span style=\"font-size: small;\">3. RESPONSABILIDADES DO CONTRATANTE</span></h3><p data-start=\"1404\" data-end=\"1477\"><span style=\"font-size: x-small;\">3.1. Cumprir com os horários e orientações estabelecidas pela CONTRATADA.</span></p><p data-start=\"1479\" data-end=\"1592\"><span style=\"font-size: x-small;\">3.2. Apresentar-se no local de embarque munido de documentos pessoais e, se for o caso, comprovante de pagamento.</span></p><p data-start=\"1594\" data-end=\"1693\"><span style=\"font-size: x-small;\">3.3. Zelar pela boa convivência, respeitando os demais participantes e os profissionais envolvidos.</span></p><p></p><hr data-start=\"1695\" data-end=\"1698\"><p></p><h3 data-start=\"1700\" data-end=\"1716\"><span style=\"font-size: small;\">4. PAGAMENTO</span></h3><p data-start=\"1718\" data-end=\"1870\"><span style=\"font-size: x-small;\">O valor acordado de <strong data-start=\"1738\" data-end=\"1758\">R$ 12.000,00</strong> deverá ser pago até a data estabelecida previamente, podendo ser parcelado conforme negociação entre as partes.</span></p><p></p><hr data-start=\"1872\" data-end=\"1875\"><p></p><h3 data-start=\"1877\" data-end=\"1910\"><span style=\"font-size: small;\">5. CANCELAMENTO E DESISTÊNCIA</span></h3><p data-start=\"1912\" data-end=\"2034\"><span style=\"font-size: x-small;\">5.1. Em caso de desistência por parte do CONTRATANTE, será aplicada multa conforme política de cancelamento da CONTRATADA.</span></p><p data-start=\"2036\" data-end=\"2182\"><span style=\"font-size: x-small;\">5.2. Caso a excursão não atinja o número mínimo de participantes, a CONTRATADA poderá cancelar o evento, com devolução integral dos valores pagos.</span></p><p></p><hr data-start=\"2184\" data-end=\"2187\"><p></p><h3 data-start=\"2189\" data-end=\"2214\"><span style=\"font-size: small;\">6. DISPOSIÇÕES GERAIS</span></h3><p data-start=\"2216\" data-end=\"2343\"><span style=\"font-size: x-small;\">6.1. As partes elegem o foro da comarca de <strong data-start=\"2259\" data-end=\"2272\">Belo Horizonte</strong> para dirimir eventuais dúvidas ou litígios decorrentes deste contrato.</span></p><p data-start=\"2345\" data-end=\"2454\"><span style=\"font-size: x-small;\">E por estarem justos e contratados, firmam o presente em duas vias de igual teor, juntamente com testemunhas.</span></p><p></p><hr data-start=\"2456\" data-end=\"2459\"><p></p><h3 data-start=\"2461\" data-end=\"2477\" style=\"text-align: center;\"><strong data-start=\"2465\" data-end=\"2477\"><span style=\"font-size: medium;\">Terca-Feira, 02 de Setembro de 2025</span></strong></h3><p data-start=\"2489\" data-end=\"2534\" style=\"text-align: center;\"><strong><br></strong></p><p data-start=\"2489\" data-end=\"2534\" style=\"text-align: center;\"><strong><img src=\"http://localhost/agencia/painel/images/assinaturas/1.png\" alt=\"Imagem da Assinatura\"></strong></p><p data-start=\"2489\" data-end=\"2534\" style=\"text-align: center;\"><strong style=\"font-family: Arial, Helvetica, sans-serif;\">______________________________________________________</strong></p><p data-start=\"2489\" data-end=\"2534\" style=\"text-align: center;\"><strong data-start=\"2489\" data-end=\"2501\">Cliente 1</strong><br data-start=\"2501\" data-end=\"2504\">(Contratante)</p><br><p data-start=\"2546\" data-end=\"2581\" style=\"text-align: center;\"><strong data-start=\"2546\" data-end=\"2566\">Empresa 1 Teste</strong><br data-start=\"2566\" data-end=\"2569\">(Contratada)</p><p><br></p>', 1, 'Sim', 1, NULL, NULL, NULL, '21', '', 0);

-- --------------------------------------------------------

--
-- Estrutura da tabela `usuarios_permissoes`
--

CREATE TABLE `usuarios_permissoes` (
  `id` int(11) NOT NULL,
  `usuario` int(11) NOT NULL,
  `permissao` int(11) NOT NULL
) ENGINE=InnoDB DEFAULT CHARSET=utf8 COLLATE=utf8_general_ci;

--
-- Extraindo dados da tabela `usuarios_permissoes`
--

INSERT INTO `usuarios_permissoes` (`id`, `usuario`, `permissao`) VALUES
(45, 36, 1),
(46, 36, 2),
(47, 36, 3),
(48, 36, 4),
(49, 36, 5),
(50, 36, 8),
(51, 36, 9),
(52, 36, 10),
(53, 36, 11),
(54, 36, 12),
(55, 36, 13),
(56, 36, 14),
(57, 36, 15),
(58, 36, 16),
(59, 36, 17),
(60, 36, 18),
(61, 36, 19),
(62, 36, 23),
(63, 36, 24),
(64, 36, 25),
(65, 36, 26),
(66, 36, 27),
(67, 36, 36),
(68, 20, 1),
(69, 20, 25),
(70, 20, 8),
(71, 20, 12),
(72, 21, 1),
(73, 21, 2),
(74, 21, 3),
(75, 21, 4),
(76, 21, 5),
(77, 21, 8),
(78, 21, 9),
(79, 21, 10),
(80, 21, 11),
(81, 21, 12),
(82, 21, 13),
(83, 21, 14),
(84, 21, 15),
(85, 21, 16),
(86, 21, 17),
(87, 21, 18),
(88, 21, 19),
(89, 21, 23),
(90, 21, 24),
(91, 21, 25),
(92, 21, 26),
(93, 21, 27),
(94, 21, 37),
(95, 21, 38),
(97, 29, 1),
(98, 29, 2),
(99, 29, 3),
(100, 29, 4),
(101, 29, 5),
(102, 29, 8),
(103, 29, 9),
(104, 29, 10),
(105, 29, 11),
(106, 29, 12),
(107, 29, 13),
(108, 29, 14),
(109, 29, 15),
(110, 29, 16),
(111, 29, 17),
(112, 29, 18),
(113, 29, 19),
(114, 29, 23),
(115, 29, 24),
(116, 29, 25),
(117, 29, 26),
(118, 29, 27),
(119, 29, 37),
(120, 29, 38),
(121, 29, 39),
(122, 29, 40),
(123, 29, 41),
(124, 29, 42),
(125, 29, 43),
(126, 29, 44),
(127, 29, 45),
(128, 29, 46),
(129, 29, 47),
(130, 29, 48),
(131, 29, 49),
(132, 29, 50),
(133, 29, 51),
(134, 29, 52),
(135, 29, 53),
(136, 29, 54),
(137, 29, 55),
(138, 29, 56),
(139, 29, 57),
(140, 29, 58),
(141, 29, 59),
(142, 29, 60),
(143, 29, 61),
(144, 29, 62),
(145, 41, 39),
(146, 41, 60),
(147, 41, 63);

-- --------------------------------------------------------

--
-- Estrutura da tabela `usuarios_permissoes_sas`
--

CREATE TABLE `usuarios_permissoes_sas` (
  `id` int(11) NOT NULL,
  `usuario` int(11) NOT NULL,
  `permissao` int(11) NOT NULL
) ENGINE=InnoDB DEFAULT CHARSET=utf8 COLLATE=utf8_general_ci;

--
-- Extraindo dados da tabela `usuarios_permissoes_sas`
--

INSERT INTO `usuarios_permissoes_sas` (`id`, `usuario`, `permissao`) VALUES
(1, 7, 1),
(2, 7, 2),
(3, 7, 3),
(4, 7, 4),
(5, 7, 5),
(6, 7, 9),
(7, 7, 10),
(8, 7, 11),
(9, 7, 12),
(10, 7, 13),
(11, 7, 14),
(12, 7, 15),
(13, 7, 16),
(14, 7, 17),
(15, 7, 18),
(16, 7, 19),
(17, 7, 23),
(18, 7, 24),
(19, 7, 25),
(20, 7, 26),
(21, 7, 27);

-- --------------------------------------------------------

--
-- Estrutura da tabela `viagens`
--

CREATE TABLE `viagens` (
  `id` int(11) NOT NULL,
  `pacote` int(11) DEFAULT NULL,
  `titulo` varchar(255) DEFAULT NULL,
  `data_inicio` date DEFAULT NULL,
  `data_fim` date DEFAULT NULL,
  `pessoas` int(11) DEFAULT NULL,
  `valor` decimal(10,2) DEFAULT NULL,
  `obs` varchar(255) DEFAULT NULL,
  `status` varchar(50) DEFAULT NULL,
  `empresa` int(11) DEFAULT NULL,
  `guia` varchar(100) DEFAULT NULL,
  `hora_saida` time DEFAULT NULL,
  `hora_retorno` time DEFAULT NULL,
  `ponto_encontro` varchar(255) DEFAULT NULL,
  `usuario` int(11) DEFAULT NULL
) ENGINE=InnoDB DEFAULT CHARSET=utf8 COLLATE=utf8_general_ci;

--
-- Extraindo dados da tabela `viagens`
--

INSERT INTO `viagens` (`id`, `pacote`, `titulo`, `data_inicio`, `data_fim`, `pessoas`, `valor`, `obs`, `status`, `empresa`, `guia`, `hora_saida`, `hora_retorno`, `ponto_encontro`, `usuario`) VALUES
(1, 3, 'Caldas Novas Setembro', '2025-09-09', '2025-09-18', 50, 1700.00, 'Aqui são as observações do pacote', 'Concluída', 1, 'Hugo Freitas', '21:00:00', '12:00:00', 'Av Testes', NULL),
(2, 1, 'Tour pelo Nordeste', '2025-10-10', '2025-10-16', 25, 12000.00, '', 'Pendente', 1, '', '00:00:00', '00:00:00', '', NULL),
(4, 3, 'Dezembro 2026', '2025-12-10', '2025-12-16', 50, 1600.00, '', 'Pendente', 1, 'Hugo e Pedro', '21:00:00', '12:00:00', '', 1),
(5, 4, 'Quadri Quinta Feira 22', '2025-09-22', '2025-09-22', 15, 450.00, 'Aqui são as observações do pacote', 'Pendente', 1, 'Marcos', '09:00:00', '15:00:00', 'Terceira Praia', 1);

-- --------------------------------------------------------

--
-- Estrutura da tabela `viagens_clientes`
--

CREATE TABLE `viagens_clientes` (
  `id` int(11) NOT NULL,
  `empresa` int(11) DEFAULT NULL,
  `viagem` int(11) DEFAULT NULL,
  `cliente` int(11) DEFAULT NULL,
  `data` date DEFAULT NULL,
  `valor` decimal(10,2) DEFAULT NULL,
  `principal` varchar(5) DEFAULT NULL,
  `pago` varchar(5) DEFAULT NULL,
  `obs` varchar(255) DEFAULT NULL,
  `assento` varchar(25) DEFAULT NULL,
  `reserva_voo` varchar(50) DEFAULT NULL,
  `reserva_hotel` varchar(50) DEFAULT NULL
) ENGINE=InnoDB DEFAULT CHARSET=utf8 COLLATE=utf8_general_ci;

--
-- Extraindo dados da tabela `viagens_clientes`
--

INSERT INTO `viagens_clientes` (`id`, `empresa`, `viagem`, `cliente`, `data`, `valor`, `principal`, `pago`, `obs`, `assento`, `reserva_voo`, `reserva_hotel`) VALUES
(2, 1, 1, 2, '2025-08-27', 1700.00, 'Sim', 'Sim', '', '', '', ''),
(3, 1, 1, 3, '2025-08-27', 1700.00, 'Sim', 'Sim', '', '', '', ''),
(5, 1, 1, 1, '2025-08-27', 2900.00, 'Sim', 'Não', '', '', '', ''),
(6, 1, 4, 1, '2025-08-27', 8500.00, 'Sim', 'Não', '', '1', '', ''),
(8, 1, 4, 2, '2025-08-27', 830.00, 'Não', 'Sim', '', '', '', ''),
(17, 1, 5, 1, '2025-09-01', 450.00, 'Sim', 'Não', '', '', '', ''),
(18, 1, 5, 2, '2025-09-01', 450.00, 'Sim', 'Não', '', '', '', ''),
(19, 1, 5, 3, '2025-09-01', 450.00, 'Sim', 'Não', '', '', '', '');

-- --------------------------------------------------------

--
-- Estrutura da tabela `viagens_personalizadas`
--

CREATE TABLE `viagens_personalizadas` (
  `id` int(11) NOT NULL,
  `titulo` varchar(100) DEFAULT NULL,
  `data_inicio` date DEFAULT NULL,
  `data_fim` date DEFAULT NULL,
  `valor_total` decimal(10,2) DEFAULT NULL,
  `quantidade_pessoas` int(11) DEFAULT NULL,
  `cliente` int(11) DEFAULT NULL,
  `obs` text DEFAULT NULL,
  `cia_aerea` varchar(100) DEFAULT NULL,
  `cia_onibus` varchar(100) DEFAULT NULL,
  `forma_pagamento` varchar(50) DEFAULT NULL,
  `descricao_pagamento` text DEFAULT NULL,
  `valor_sinal` decimal(10,2) DEFAULT NULL,
  `valor_restante` decimal(10,2) DEFAULT NULL,
  `parcelas` int(11) DEFAULT NULL,
  `pago` varchar(5) DEFAULT NULL,
  `vendedor_responsavel` int(11) DEFAULT NULL,
  `data_aprovacao` date DEFAULT NULL,
  `data_venda` date DEFAULT NULL,
  `data_cancelamento` date DEFAULT NULL,
  `numero_voo_ida` varchar(50) DEFAULT NULL,
  `data_voo_ida` date DEFAULT NULL,
  `hora_voo_ida` time DEFAULT NULL,
  `local_embarque` varchar(100) DEFAULT NULL,
  `local_desembarque` varchar(100) DEFAULT NULL,
  `codigo_reserva_voo_ida` varchar(100) DEFAULT NULL,
  `bagagem_inclusa_ida` varchar(5) DEFAULT NULL,
  `numero_voo_volta` varchar(50) DEFAULT NULL,
  `data_voo_volta` date DEFAULT NULL,
  `hora_voo_volta` time DEFAULT NULL,
  `codigo_reserva_voo_volta` varchar(100) DEFAULT NULL,
  `bagagem_inclusa_volta` varchar(5) DEFAULT NULL,
  `nome_hotel` varchar(100) DEFAULT NULL,
  `checkin` date DEFAULT NULL,
  `checkout` date DEFAULT NULL,
  `tipo_quarto` varchar(100) DEFAULT NULL,
  `quantidade_noites` int(11) DEFAULT NULL,
  `codigo_reserva_hotel` varchar(100) DEFAULT NULL,
  `cafe_incluso` varchar(5) DEFAULT NULL,
  `observacoes_hotel` text DEFAULT NULL,
  `empresa` int(11) NOT NULL,
  `data_cad` timestamp NOT NULL DEFAULT current_timestamp(),
  `orcamento` int(11) DEFAULT NULL
) ENGINE=InnoDB DEFAULT CHARSET=utf8 COLLATE=utf8_general_ci;

--
-- Extraindo dados da tabela `viagens_personalizadas`
--

INSERT INTO `viagens_personalizadas` (`id`, `titulo`, `data_inicio`, `data_fim`, `valor_total`, `quantidade_pessoas`, `cliente`, `obs`, `cia_aerea`, `cia_onibus`, `forma_pagamento`, `descricao_pagamento`, `valor_sinal`, `valor_restante`, `parcelas`, `pago`, `vendedor_responsavel`, `data_aprovacao`, `data_venda`, `data_cancelamento`, `numero_voo_ida`, `data_voo_ida`, `hora_voo_ida`, `local_embarque`, `local_desembarque`, `codigo_reserva_voo_ida`, `bagagem_inclusa_ida`, `numero_voo_volta`, `data_voo_volta`, `hora_voo_volta`, `codigo_reserva_voo_volta`, `bagagem_inclusa_volta`, `nome_hotel`, `checkin`, `checkout`, `tipo_quarto`, `quantidade_noites`, `codigo_reserva_hotel`, `cafe_incluso`, `observacoes_hotel`, `empresa`, `data_cad`, `orcamento`) VALUES
(1, 'Viagem para Amazônia', '2025-09-02', '2025-09-10', 8500.00, 5, 1, 'Muito cuidado nas conexões dos voos!!', '', '', '', '', 0.00, 0.00, 0, 'Não', 72, '2025-09-02', '2025-09-02', NULL, '', '0000-00-00', '00:00:00', '', '', '', '', '', '0000-00-00', '00:00:00', '', '', '', '0000-00-00', '0000-00-00', '', 0, '', '', '', 1, '2025-09-02 03:00:00', 1),
(2, 'Viagem teste', '2025-11-13', '2025-11-20', 7000.00, 3, 3, '', 'Azul', '', '34', '12 Parcelas no Cartão de Crédito', 0.00, 0.00, 12, NULL, NULL, NULL, NULL, NULL, '0123456', '2025-11-13', '09:00:00', 'Confins', 'Recife', '#0020000', 'Sim', '0356895', '2025-11-20', '20:00:00', '#0020000', 'Sim', 'Hotel Marize Club', '2025-11-13', '2025-11-20', 'Standard', 7, '#06565265', 'Sim', 'Café da manhã e Jantar, Meia Pensão', 1, '2025-09-02 03:00:00', NULL),
(3, 'AAAAA', '0000-00-00', '0000-00-00', 500.00, 0, 1, '', '', '', '34', '', 0.00, 0.00, 0, 'Não', 1, NULL, '2025-09-02', NULL, '', '0000-00-00', '00:00:00', '', '', '', '', '', '0000-00-00', '00:00:00', '', '', '', '0000-00-00', '0000-00-00', '', 0, '', '', '', 1, '2025-09-02 03:00:00', NULL),
(4, 'aaaaaaaaaaa', '2025-09-17', '2025-09-30', 8000.00, 0, 3, '', '', '', '34', '', 0.00, 0.00, 0, 'Sim', 72, NULL, '2025-09-02', NULL, '', '0000-00-00', '00:00:00', '', '', '', '', '', '0000-00-00', '00:00:00', '', '', '', '0000-00-00', '0000-00-00', '', 0, '', '', '', 1, '2025-09-02 03:00:00', NULL),
(6, 'dsfasfafdafa', '2025-08-05', '2025-08-14', 2000.00, 0, 2, '', '', '', '34', '', 0.00, 0.00, 0, 'Não', 1, NULL, '2025-09-02', NULL, '', '0000-00-00', '00:00:00', '', '', '', '', '', '0000-00-00', '00:00:00', '', '', '', '0000-00-00', '0000-00-00', '', 0, '', '', '', 1, '2025-09-02 03:00:00', NULL),
(8, 'Viagem Aprovada Orçamento 3', '2025-09-02', '2025-09-11', 2000.00, 0, 4, '', '', '', '', '', 0.00, 0.00, 0, 'Sim', 1, '2025-09-02', '2025-09-02', NULL, '', '0000-00-00', '00:00:00', '', '', '', '', '', '0000-00-00', '00:00:00', '', '', '', '0000-00-00', '0000-00-00', '', 0, '', '', '', 1, '2025-09-02 03:00:00', 3),
(9, 'Viagem Aprovada Orçamento 4', '2025-09-02', NULL, 5082.50, NULL, 2, NULL, NULL, NULL, NULL, NULL, NULL, NULL, NULL, 'Não', 1, '2025-09-02', '2025-09-02', NULL, NULL, NULL, NULL, NULL, NULL, NULL, NULL, NULL, NULL, NULL, NULL, NULL, NULL, NULL, NULL, NULL, NULL, NULL, NULL, NULL, 1, '2025-09-02 03:00:00', 4);

-- --------------------------------------------------------

--
-- Estrutura da tabela `videos`
--

CREATE TABLE `videos` (
  `id` int(11) NOT NULL,
  `titulo` varchar(255) DEFAULT NULL,
  `link` varchar(255) DEFAULT NULL,
  `ordem` int(11) DEFAULT NULL
) ENGINE=InnoDB DEFAULT CHARSET=utf8 COLLATE=utf8_general_ci;

--
-- Extraindo dados da tabela `videos`
--

INSERT INTO `videos` (`id`, `titulo`, `link`, `ordem`) VALUES
(1, 'Como Trabalhar com a campanha de Marketing', 'https://www.youtube.com/watch?v=8KYf5fHvPsI', 1),
(3, 'Como utilizar o sistema', 'https://www.youtube.com/watch?v=8KYf5fHvPsI', 2),
(4, 'Vídeo do drive incorporado', 'https://drive.google.com/file/d/1hh5pHrAaiVYFRMnqVX_kzCwilzzMJRZ1/preview?usp=sharing', 3),
(5, 'tetf', 'fsgsdgsg', 4);

--
-- Índices para tabelas despejadas
--

--
-- Índices para tabela `acessos`
--
ALTER TABLE `acessos`
  ADD PRIMARY KEY (`id`);

--
-- Índices para tabela `acessos_sas`
--
ALTER TABLE `acessos_sas`
  ADD PRIMARY KEY (`id`);

--
-- Índices para tabela `anotacoes`
--
ALTER TABLE `anotacoes`
  ADD PRIMARY KEY (`id`);

--
-- Índices para tabela `arquivos`
--
ALTER TABLE `arquivos`
  ADD PRIMARY KEY (`id`);

--
-- Índices para tabela `caixas`
--
ALTER TABLE `caixas`
  ADD PRIMARY KEY (`id`);

--
-- Índices para tabela `cargos`
--
ALTER TABLE `cargos`
  ADD PRIMARY KEY (`id`);

--
-- Índices para tabela `chamados`
--
ALTER TABLE `chamados`
  ADD PRIMARY KEY (`id`);

--
-- Índices para tabela `chamados_respostas`
--
ALTER TABLE `chamados_respostas`
  ADD PRIMARY KEY (`id`);

--
-- Índices para tabela `clientes_recursos`
--
ALTER TABLE `clientes_recursos`
  ADD PRIMARY KEY (`id`);

--
-- Índices para tabela `cobrancas`
--
ALTER TABLE `cobrancas`
  ADD PRIMARY KEY (`id`);

--
-- Índices para tabela `contratos`
--
ALTER TABLE `contratos`
  ADD PRIMARY KEY (`id`);

--
-- Índices para tabela `disparos`
--
ALTER TABLE `disparos`
  ADD PRIMARY KEY (`id`);

--
-- Índices para tabela `empresas`
--
ALTER TABLE `empresas`
  ADD PRIMARY KEY (`id`);

--
-- Índices para tabela `formas_pgto`
--
ALTER TABLE `formas_pgto`
  ADD PRIMARY KEY (`id`);

--
-- Índices para tabela `fornecedores`
--
ALTER TABLE `fornecedores`
  ADD PRIMARY KEY (`id`);

--
-- Índices para tabela `frequencias`
--
ALTER TABLE `frequencias`
  ADD PRIMARY KEY (`id`);

--
-- Índices para tabela `grupos_clientes`
--
ALTER TABLE `grupos_clientes`
  ADD PRIMARY KEY (`id`);

--
-- Índices para tabela `grupos_disparos`
--
ALTER TABLE `grupos_disparos`
  ADD PRIMARY KEY (`id`);

--
-- Índices para tabela `grupo_acessos`
--
ALTER TABLE `grupo_acessos`
  ADD PRIMARY KEY (`id`);

--
-- Índices para tabela `grupo_acessos_sas`
--
ALTER TABLE `grupo_acessos_sas`
  ADD PRIMARY KEY (`id`);

--
-- Índices para tabela `jornada`
--
ALTER TABLE `jornada`
  ADD PRIMARY KEY (`id`);

--
-- Índices para tabela `marketing`
--
ALTER TABLE `marketing`
  ADD PRIMARY KEY (`id`);

--
-- Índices para tabela `pacotes`
--
ALTER TABLE `pacotes`
  ADD PRIMARY KEY (`id`);

--
-- Índices para tabela `perguntas_site`
--
ALTER TABLE `perguntas_site`
  ADD PRIMARY KEY (`id`);

--
-- Índices para tabela `planos`
--
ALTER TABLE `planos`
  ADD PRIMARY KEY (`id`);

--
-- Índices para tabela `planos_itens`
--
ALTER TABLE `planos_itens`
  ADD PRIMARY KEY (`id`);

--
-- Índices para tabela `planos_recursos`
--
ALTER TABLE `planos_recursos`
  ADD PRIMARY KEY (`id`);

--
-- Índices para tabela `plano_contas`
--
ALTER TABLE `plano_contas`
  ADD PRIMARY KEY (`id`);

--
-- Índices para tabela `prelista`
--
ALTER TABLE `prelista`
  ADD PRIMARY KEY (`id`);

--
-- Índices para tabela `produtos_orc`
--
ALTER TABLE `produtos_orc`
  ADD PRIMARY KEY (`id`);

--
-- Índices para tabela `recursos`
--
ALTER TABLE `recursos`
  ADD PRIMARY KEY (`id`);

--
-- Índices para tabela `recursos_site`
--
ALTER TABLE `recursos_site`
  ADD PRIMARY KEY (`id`);

--
-- Índices para tabela `sangrias`
--
ALTER TABLE `sangrias`
  ADD PRIMARY KEY (`id`);

--
-- Índices para tabela `servicos`
--
ALTER TABLE `servicos`
  ADD PRIMARY KEY (`id`);

--
-- Índices para tabela `servicos_orc`
--
ALTER TABLE `servicos_orc`
  ADD PRIMARY KEY (`id`);

--
-- Índices para tabela `servicos_viagens`
--
ALTER TABLE `servicos_viagens`
  ADD PRIMARY KEY (`id`);

--
-- Índices para tabela `site`
--
ALTER TABLE `site`
  ADD PRIMARY KEY (`id`);

--
-- Índices para tabela `temp_texto`
--
ALTER TABLE `temp_texto`
  ADD PRIMARY KEY (`id`);

--
-- Índices para tabela `usuarios_permissoes`
--
ALTER TABLE `usuarios_permissoes`
  ADD PRIMARY KEY (`id`);

--
-- Índices para tabela `usuarios_permissoes_sas`
--
ALTER TABLE `usuarios_permissoes_sas`
  ADD PRIMARY KEY (`id`);

--
-- Índices para tabela `viagens`
--
ALTER TABLE `viagens`
  ADD PRIMARY KEY (`id`);

--
-- Índices para tabela `viagens_clientes`
--
ALTER TABLE `viagens_clientes`
  ADD PRIMARY KEY (`id`);

--
-- Índices para tabela `viagens_personalizadas`
--
ALTER TABLE `viagens_personalizadas`
  ADD PRIMARY KEY (`id`);

--
-- Índices para tabela `videos`
--
ALTER TABLE `videos`
  ADD PRIMARY KEY (`id`);

--
-- AUTO_INCREMENT de tabelas despejadas
--

--
-- AUTO_INCREMENT de tabela `acessos`
--
ALTER TABLE `acessos`
  MODIFY `id` int(11) NOT NULL AUTO_INCREMENT, AUTO_INCREMENT=84;

--
-- AUTO_INCREMENT de tabela `acessos_sas`
--
ALTER TABLE `acessos_sas`
  MODIFY `id` int(11) NOT NULL AUTO_INCREMENT, AUTO_INCREMENT=42;

--
-- AUTO_INCREMENT de tabela `anotacoes`
--
ALTER TABLE `anotacoes`
  MODIFY `id` int(11) NOT NULL AUTO_INCREMENT, AUTO_INCREMENT=2;

--
-- AUTO_INCREMENT de tabela `arquivos`
--
ALTER TABLE `arquivos`
  MODIFY `id` int(11) NOT NULL AUTO_INCREMENT, AUTO_INCREMENT=12;

--
-- AUTO_INCREMENT de tabela `caixas`
--
ALTER TABLE `caixas`
  MODIFY `id` int(11) NOT NULL AUTO_INCREMENT;

--
-- AUTO_INCREMENT de tabela `cargos`
--
ALTER TABLE `cargos`
  MODIFY `id` int(11) NOT NULL AUTO_INCREMENT, AUTO_INCREMENT=77;

--
-- AUTO_INCREMENT de tabela `chamados`
--
ALTER TABLE `chamados`
  MODIFY `id` int(11) NOT NULL AUTO_INCREMENT;

--
-- AUTO_INCREMENT de tabela `chamados_respostas`
--
ALTER TABLE `chamados_respostas`
  MODIFY `id` int(11) NOT NULL AUTO_INCREMENT;

--
-- AUTO_INCREMENT de tabela `clientes_recursos`
--
ALTER TABLE `clientes_recursos`
  MODIFY `id` int(11) NOT NULL AUTO_INCREMENT, AUTO_INCREMENT=126;

--
-- AUTO_INCREMENT de tabela `cobrancas`
--
ALTER TABLE `cobrancas`
  MODIFY `id` int(11) NOT NULL AUTO_INCREMENT;

--
-- AUTO_INCREMENT de tabela `contratos`
--
ALTER TABLE `contratos`
  MODIFY `id` int(11) NOT NULL AUTO_INCREMENT, AUTO_INCREMENT=24;

--
-- AUTO_INCREMENT de tabela `disparos`
--
ALTER TABLE `disparos`
  MODIFY `id` int(11) NOT NULL AUTO_INCREMENT, AUTO_INCREMENT=15;

--
-- AUTO_INCREMENT de tabela `empresas`
--
ALTER TABLE `empresas`
  MODIFY `id` int(11) NOT NULL AUTO_INCREMENT, AUTO_INCREMENT=46;

--
-- AUTO_INCREMENT de tabela `formas_pgto`
--
ALTER TABLE `formas_pgto`
  MODIFY `id` int(11) NOT NULL AUTO_INCREMENT, AUTO_INCREMENT=83;

--
-- AUTO_INCREMENT de tabela `fornecedores`
--
ALTER TABLE `fornecedores`
  MODIFY `id` int(11) NOT NULL AUTO_INCREMENT, AUTO_INCREMENT=2;

--
-- AUTO_INCREMENT de tabela `frequencias`
--
ALTER TABLE `frequencias`
  MODIFY `id` int(11) NOT NULL AUTO_INCREMENT, AUTO_INCREMENT=36;

--
-- AUTO_INCREMENT de tabela `grupos_clientes`
--
ALTER TABLE `grupos_clientes`
  MODIFY `id` int(11) NOT NULL AUTO_INCREMENT, AUTO_INCREMENT=3;

--
-- AUTO_INCREMENT de tabela `grupos_disparos`
--
ALTER TABLE `grupos_disparos`
  MODIFY `id` int(11) NOT NULL AUTO_INCREMENT, AUTO_INCREMENT=2;

--
-- AUTO_INCREMENT de tabela `grupo_acessos`
--
ALTER TABLE `grupo_acessos`
  MODIFY `id` int(11) NOT NULL AUTO_INCREMENT, AUTO_INCREMENT=35;

--
-- AUTO_INCREMENT de tabela `grupo_acessos_sas`
--
ALTER TABLE `grupo_acessos_sas`
  MODIFY `id` int(11) NOT NULL AUTO_INCREMENT, AUTO_INCREMENT=29;

--
-- AUTO_INCREMENT de tabela `jornada`
--
ALTER TABLE `jornada`
  MODIFY `id` int(11) NOT NULL AUTO_INCREMENT;

--
-- AUTO_INCREMENT de tabela `marketing`
--
ALTER TABLE `marketing`
  MODIFY `id` int(11) NOT NULL AUTO_INCREMENT, AUTO_INCREMENT=18;

--
-- AUTO_INCREMENT de tabela `pacotes`
--
ALTER TABLE `pacotes`
  MODIFY `id` int(11) NOT NULL AUTO_INCREMENT, AUTO_INCREMENT=5;

--
-- AUTO_INCREMENT de tabela `perguntas_site`
--
ALTER TABLE `perguntas_site`
  MODIFY `id` int(11) NOT NULL AUTO_INCREMENT, AUTO_INCREMENT=14;

--
-- AUTO_INCREMENT de tabela `planos`
--
ALTER TABLE `planos`
  MODIFY `id` int(11) NOT NULL AUTO_INCREMENT, AUTO_INCREMENT=9;

--
-- AUTO_INCREMENT de tabela `planos_itens`
--
ALTER TABLE `planos_itens`
  MODIFY `id` int(11) NOT NULL AUTO_INCREMENT, AUTO_INCREMENT=92;

--
-- AUTO_INCREMENT de tabela `planos_recursos`
--
ALTER TABLE `planos_recursos`
  MODIFY `id` int(11) NOT NULL AUTO_INCREMENT, AUTO_INCREMENT=16;

--
-- AUTO_INCREMENT de tabela `plano_contas`
--
ALTER TABLE `plano_contas`
  MODIFY `id` int(11) NOT NULL AUTO_INCREMENT, AUTO_INCREMENT=5;

--
-- AUTO_INCREMENT de tabela `prelista`
--
ALTER TABLE `prelista`
  MODIFY `id` int(11) NOT NULL AUTO_INCREMENT, AUTO_INCREMENT=9;

--
-- AUTO_INCREMENT de tabela `produtos_orc`
--
ALTER TABLE `produtos_orc`
  MODIFY `id` int(11) NOT NULL AUTO_INCREMENT;

--
-- AUTO_INCREMENT de tabela `recursos`
--
ALTER TABLE `recursos`
  MODIFY `id` int(11) NOT NULL AUTO_INCREMENT, AUTO_INCREMENT=8;

--
-- AUTO_INCREMENT de tabela `recursos_site`
--
ALTER TABLE `recursos_site`
  MODIFY `id` int(11) NOT NULL AUTO_INCREMENT, AUTO_INCREMENT=18;

--
-- AUTO_INCREMENT de tabela `sangrias`
--
ALTER TABLE `sangrias`
  MODIFY `id` int(11) NOT NULL AUTO_INCREMENT;

--
-- AUTO_INCREMENT de tabela `servicos`
--
ALTER TABLE `servicos`
  MODIFY `id` int(11) NOT NULL AUTO_INCREMENT, AUTO_INCREMENT=6;

--
-- AUTO_INCREMENT de tabela `servicos_orc`
--
ALTER TABLE `servicos_orc`
  MODIFY `id` int(11) NOT NULL AUTO_INCREMENT, AUTO_INCREMENT=13;

--
-- AUTO_INCREMENT de tabela `servicos_viagens`
--
ALTER TABLE `servicos_viagens`
  MODIFY `id` int(11) NOT NULL AUTO_INCREMENT, AUTO_INCREMENT=18;

--
-- AUTO_INCREMENT de tabela `site`
--
ALTER TABLE `site`
  MODIFY `id` int(11) NOT NULL AUTO_INCREMENT, AUTO_INCREMENT=5;

--
-- AUTO_INCREMENT de tabela `temp_texto`
--
ALTER TABLE `temp_texto`
  MODIFY `id` int(11) NOT NULL AUTO_INCREMENT, AUTO_INCREMENT=12;

--
-- AUTO_INCREMENT de tabela `usuarios_permissoes`
--
ALTER TABLE `usuarios_permissoes`
  MODIFY `id` int(11) NOT NULL AUTO_INCREMENT, AUTO_INCREMENT=148;

--
-- AUTO_INCREMENT de tabela `usuarios_permissoes_sas`
--
ALTER TABLE `usuarios_permissoes_sas`
  MODIFY `id` int(11) NOT NULL AUTO_INCREMENT, AUTO_INCREMENT=22;

--
-- AUTO_INCREMENT de tabela `viagens`
--
ALTER TABLE `viagens`
  MODIFY `id` int(11) NOT NULL AUTO_INCREMENT, AUTO_INCREMENT=6;

--
-- AUTO_INCREMENT de tabela `viagens_clientes`
--
ALTER TABLE `viagens_clientes`
  MODIFY `id` int(11) NOT NULL AUTO_INCREMENT, AUTO_INCREMENT=20;

--
-- AUTO_INCREMENT de tabela `viagens_personalizadas`
--
ALTER TABLE `viagens_personalizadas`
  MODIFY `id` int(11) NOT NULL AUTO_INCREMENT, AUTO_INCREMENT=10;

--
-- AUTO_INCREMENT de tabela `videos`
--
ALTER TABLE `videos`
  MODIFY `id` int(11) NOT NULL AUTO_INCREMENT, AUTO_INCREMENT=6;
COMMIT;

